{"id":6207,"date":"2024-01-10T03:03:10","date_gmt":"2024-01-10T03:03:10","guid":{"rendered":"https:\/\/tecnomerch.com\/?post_type=product&#038;p=6207"},"modified":"2024-01-10T03:12:40","modified_gmt":"2024-01-10T03:12:40","slug":"auricular-profesional-evolve-20","status":"publish","type":"product","link":"https:\/\/tecnomerch.com\/index.php\/product\/auricular-profesional-evolve-20\/","title":{"rendered":"Auricular profesional Evolve 20"},"content":{"rendered":"<p>&nbsp;<\/p>\n<p>Mejore su productividad<\/p>\n<p>Facilidad en la gesti\u00f3n de llamadas<\/p>\n<p>Acceda f\u00e1cilmente a las funciones m\u00e1s usadas, como el volumen y la funci\u00f3n de silencio. Tambi\u00e9n puede responder y finalizar llamadas directamente desde la unidad de control.<\/p>\n<p>&nbsp;<\/p>\n<p>Cancelaci\u00f3n de ruido pasiva<\/p>\n<p>Eliminan los ruidos de alta frecuencia, como las voces humanas, gracias a sus almohadillas de dise\u00f1o especial. Es lo que llamamos \u00abcancelaci\u00f3n pasiva de rui<span style=\"font-size: 16px;\">do\u00bb.<\/span><\/p>\n<p>Contactar con Ventas<\/p>\n<p>&nbsp;<\/p>\n<p>Comprar<\/p>\n<p>Evolve 20<\/p>\n<p>Auricular profesional con gesti\u00f3n de llamadas f\u00e1cil y gran calidad de sonido para llamadas y m\u00fasica<\/p>\n<p>&nbsp;<\/p>\n<p>&nbsp;<\/p>\n<p>Comprar ahora Contactar con Ventas<\/p>\n<p>&nbsp;<\/p>\n<p>Mejore su productividad<\/p>\n<p>Facilidad en la gesti\u00f3n de llamadas<\/p>\n<p>Acceda f\u00e1cilmente a las funciones m\u00e1s usadas, como el volumen y la funci\u00f3n de silencio. Tambi\u00e9n puede responder y finalizar llamadas directamente desde la unidad de control.<\/p>\n<p>&nbsp;<\/p>\n<p>Cancelaci\u00f3n de ruido pasiva<\/p>\n<p>Eliminan los ruidos de alta frecuencia, como las voces humanas, gracias a sus almohadillas de dise\u00f1o especial. Es lo que llamamos \u00abcancelaci\u00f3n pasiva de ruido\u00bb.<\/p>\n<p>&nbsp;<\/p>\n<p>Conceptos b\u00e1sicos<\/p>\n<p>Micr\u00f3fono con la mejor cancelaci\u00f3n de ruido<\/p>\n<p>Cancelaci\u00f3n de ruido de \u00faltima generaci\u00f3n en el micr\u00f3fono que elimina el ruido de fondo. Las almohadillas est\u00e1n dise\u00f1adas para reducir los sonidos de alta frecuencia. Usted y su interlocutor se escuchar\u00e1n con total facilidad.<\/p>\n<p>&nbsp;<\/p>\n<p>Configuraci\u00f3n Plug and Play<\/p>\n<p>El auricular funciona con los principales sistemas sin necesidad de configuraciones adicionales. Para realizar la instalaci\u00f3n basta con enchufarlo.<\/p>\n<p>&nbsp;<\/p>\n<p>Fusionados con el universo (de tel\u00e9fonos y plataformas)<\/p>\n<p>Nuestros auriculares y altavoces funcionan sin necesidad de configuraci\u00f3n adicional con m\u00e1s de 10.000 tel\u00e9fonos de sobremesa tradicionales. Est\u00e1n preparados para el futuro y son compatibles con todos los softphones y clientes web, desde Microsoft Teams hasta Mitel.<\/p>\n<p>&nbsp;<\/p>\n<p>Proporcionar a su personal dispositivos optimizados y fiables que funcionen a la perfecci\u00f3n con su plataforma UC es clave para mejorar la productividad y la calidad del audio y tener menos problemas de TI. Jabra ha probado dispositivos con numerosas plataformas y ofrece modelos certificados para Microsoft Teams de una amplia gama de auriculares y altavoces.<\/p>\n","protected":false},"excerpt":{"rendered":"<ol>\n<li>Auricular profesional con gesti\u00f3n de llamadas f\u00e1cil y gran calidad de sonido para llamadas y m\u00fasica<\/li>\n<\/ol>\n","protected":false},"featured_media":6208,"comment_status":"open","ping_status":"closed","template":"","meta":{"om_disable_all_campaigns":false,"_mi_skip_tracking":false,"site-sidebar-layout":"default","site-content-layout":"default","ast-global-header-display":"","ast-main-header-display":"","ast-hfb-above-header-display":"","ast-hfb-below-header-display":"","ast-hfb-mobile-header-display":"","site-post-title":"","ast-breadcrumbs-content":"","ast-featured-img":"","footer-sml-layout":"","theme-transparent-header-meta":"default","adv-header-id-meta":"","stick-header-meta":"","header-above-stick-meta":"","header-main-stick-meta":"","header-below-stick-meta":""},"product_cat":[69],"product_tag":[],"class_list":["post-6207","product","type-product","status-publish","has-post-thumbnail","hentry","product_cat-audifonos-headsets","desktop-align-left","tablet-align-left","mobile-align-left"],"aioseo_notices":[],"_links":{"self":[{"href":"https:\/\/tecnomerch.com\/index.php\/wp-json\/wp\/v2\/product\/6207","targetHints":{"allow":["GET"]}}],"collection":[{"href":"https:\/\/tecnomerch.com\/index.php\/wp-json\/wp\/v2\/product"}],"about":[{"href":"https:\/\/tecnomerch.com\/index.php\/wp-json\/wp\/v2\/types\/product"}],"replies":[{"embeddable":true,"href":"https:\/\/tecnomerch.com\/index.php\/wp-json\/wp\/v2\/comments?post=6207"}],"version-history":[{"count":4,"href":"https:\/\/tecnomerch.com\/index.php\/wp-json\/wp\/v2\/product\/6207\/revisions"}],"predecessor-version":[{"id":6217,"href":"https:\/\/tecnomerch.com\/index.php\/wp-json\/wp\/v2\/product\/6207\/revisions\/6217"}],"wp:featuredmedia":[{"embeddable":true,"href":"https:\/\/tecnomerch.com\/index.php\/wp-json\/wp\/v2\/media\/6208"}],"wp:attachment":[{"href":"https:\/\/tecnomerch.com\/index.php\/wp-json\/wp\/v2\/media?parent=6207"}],"wp:term":[{"taxonomy":"product_cat","embeddable":true,"href":"https:\/\/tecnomerch.com\/index.php\/wp-json\/wp\/v2\/product_cat?post=6207"},{"taxonomy":"product_tag","embeddable":true,"href":"https:\/\/tecnomerch.com\/index.php\/wp-json\/wp\/v2\/product_tag?post=6207"}],"curies":[{"name":"wp","href":"https:\/\/api.w.org\/{rel}","templated":true}]}}