{"id":6147,"date":"2023-12-22T20:43:23","date_gmt":"2023-12-22T20:43:23","guid":{"rendered":"https:\/\/tecnomerch.com\/?post_type=product&#038;p=6147"},"modified":"2023-12-22T20:43:23","modified_gmt":"2023-12-22T20:43:23","slug":"audifonos-tipo-headset-klip-xtreme-style-bluetooth-con-microfono-negro","status":"publish","type":"product","link":"https:\/\/tecnomerch.com\/index.php\/product\/audifonos-tipo-headset-klip-xtreme-style-bluetooth-con-microfono-negro\/","title":{"rendered":"Aud\u00edfonos tipo Headset Klip Xtreme Style Bluetooth con Micr\u00f3fono Negro"},"content":{"rendered":"<p>Compatible con Bluetooth V5.0<\/p>\n<p>Compatible con el asistente de voz Siri y Google<\/p>\n<p>Supraaurales<\/p>\n<p>Gesti\u00f3n de m\u00fasica y llamadas con manos libres<\/p>\n<p>Ultraliviano<\/p>\n<p>Potentes microparlantes de 40mm<\/p>\n<h2>Especificaciones<\/h2>\n<p style=\"font-weight: 300;\">Los aud\u00edfonos Style de Klip Xtreme tienen un dise\u00f1o ultraliviano y estilizado que ofrecen un potente sonido de gama completa gracias a los microparlantes de 40 mm. Con la tecnolog\u00eda Bluetooth\u00ae V5.0, pueden transmitir audio de forma inal\u00e1mbrica hasta 20 metros de distancia de la fuente de audio. Los controles integrados permiten regular el volumen, seleccionar pistas y recibir llamadas. La bater\u00eda ofrece hasta 40 horas de reproducci\u00f3n continua y 500 horas en modo de pausa. Adem\u00e1s, son compatibles con Siri y Google Assistant y tienen una diadema ultraliviana y ajustable para mayor comodidad.<\/p>\n<p><b>Audifon<\/b><\/p>\n<p>&nbsp;<\/p>\n<ul>\n<li aria-level=\"1\"><b>Tipo:<\/b> Supraaural<\/li>\n<li aria-level=\"1\"><b>Unidad del parlante:<\/b> \u03a640mm<\/li>\n<li aria-level=\"1\"><b>M\u00e1xima potencia de salida:<\/b> 20mW<br \/>\nmicroparlante<\/li>\n<li aria-level=\"1\"><b>Relaci\u00f3n de se\u00f1al a ruido<\/b>: 80dB<\/li>\n<li aria-level=\"1\"><b>Frecuencia:<\/b> 100Hz-20.000Hz<\/li>\n<li aria-level=\"1\"><b>Impedancia:<\/b> 32\u03a9 \u00b1 15%<\/li>\n<li aria-level=\"1\"><b>Sensibilidad:<\/b> 105 \u00b1 3dB\/mW (N.P.S a 1kHz)<\/li>\n<\/ul>\n<p><b>Conectividad<\/b><\/p>\n<p>&nbsp;<\/p>\n<ul>\n<li aria-level=\"1\"><b>Tipo de conexi\u00f3n:<\/b> Compatible con <i>Bluetooth\u00aeV5.0<\/i><\/li>\n<li aria-level=\"1\"><b>Radiofrecuencia inal\u00e1mbrica:<\/b> 2.402-2.480GHz<\/li>\n<li aria-level=\"1\"><b>Alcance inal\u00e1mbrico:<\/b> 20m<\/li>\n<\/ul>\n<p><b>Informaci\u00f3n adicional<\/b><\/p>\n<p>&nbsp;<\/p>\n<ul>\n<li aria-level=\"1\"><b>Dimensiones:<\/b> 18,5&#215;17,5&#215;7,5cm<\/li>\n<li aria-level=\"1\"><b>Peso:<\/b> 360g<\/li>\n<li aria-level=\"1\"><b>Longitud del cable:<\/b> 1,2m<\/li>\n<li aria-level=\"1\"><b>Garant\u00eda:<\/b> Un a\u00f1o<\/li>\n<\/ul>\n<p>&nbsp;<\/p>\n<p><b>Micr\u00f3fono<\/b><\/p>\n<p>&nbsp;<\/p>\n<ul>\n<li aria-level=\"1\"><b>Tipo:<\/b> Integrado<\/li>\n<li aria-level=\"1\"><b>Directividad:<\/b> Omnidireccional<\/li>\n<li aria-level=\"1\"><b>Frecuencia:<\/b> 100Hz-18.000Hz<\/li>\n<li aria-level=\"1\"><b>Impedancia:<\/b> 680\u03a9<\/li>\n<li aria-level=\"1\"><b>Sensibilidad:<\/b> -42dB a 1kHz<\/li>\n<\/ul>\n<p><b>Bater\u00eda<\/b><\/p>\n<p>&nbsp;<\/p>\n<ul>\n<li aria-level=\"1\"><b>Tipo de bater\u00eda:<\/b> Bater\u00eda de litio recargable de 800mAh<\/li>\n<li aria-level=\"1\"><b>Tiempo de carga:<\/b> 3 horas<\/li>\n<li aria-level=\"1\"><b>Tiempo de funcionamiento:<\/b> Hasta 40 horas con el volumen al 50% de su capacidad 3 . Hasta 20 horas con el volumen al 100% de su capacidad<\/li>\n<li aria-level=\"1\"><b>Tiempo en modo de pausa:<\/b> Hasta 500 horas<\/li>\n<\/ul>\n","protected":false},"excerpt":{"rendered":"<p>&#8211; Manos libres<br \/>\n&#8211; Hasta 40 horas de reproducci\u00f3n<br \/>\n&#8211; Alcance inal\u00e1mbrico hasta 20m<br \/>\n&#8211; Micr\u00f3fono integrado<br \/>\n&#8211; Botones de control integrados<br \/>\n&#8211; Supraaurales<br \/>\n&#8211; Compatibilidad con Siri o el asistente de Google<br \/>\n&#8211; M\u00e1xima potencia de salida 20mW<br \/>\n&#8211; Tiempo de carga 3 horas<br \/>\n&#8211; Bluetooth\u00ae V5.0<br \/>\n&#8211; Entrada auxiliar de 3,5mm<br \/>\n&#8211; Puerto USB-C para recargar la bater\u00eda<br \/>\n&#8211; Bater\u00eda de litio 800mAh<br \/>\n&#8211; Largo del cable 1.2m<\/p>\n","protected":false},"featured_media":6148,"comment_status":"open","ping_status":"closed","template":"","meta":{"om_disable_all_campaigns":false,"_mi_skip_tracking":false,"site-sidebar-layout":"default","site-content-layout":"default","ast-global-header-display":"","ast-main-header-display":"","ast-hfb-above-header-display":"","ast-hfb-below-header-display":"","ast-hfb-mobile-header-display":"","site-post-title":"","ast-breadcrumbs-content":"","ast-featured-img":"","footer-sml-layout":"","theme-transparent-header-meta":"default","adv-header-id-meta":"","stick-header-meta":"","header-above-stick-meta":"","header-main-stick-meta":"","header-below-stick-meta":""},"product_cat":[69],"product_tag":[],"class_list":["post-6147","product","type-product","status-publish","has-post-thumbnail","hentry","product_cat-audifonos-headsets","desktop-align-left","tablet-align-left","mobile-align-left"],"aioseo_notices":[],"_links":{"self":[{"href":"https:\/\/tecnomerch.com\/index.php\/wp-json\/wp\/v2\/product\/6147","targetHints":{"allow":["GET"]}}],"collection":[{"href":"https:\/\/tecnomerch.com\/index.php\/wp-json\/wp\/v2\/product"}],"about":[{"href":"https:\/\/tecnomerch.com\/index.php\/wp-json\/wp\/v2\/types\/product"}],"replies":[{"embeddable":true,"href":"https:\/\/tecnomerch.com\/index.php\/wp-json\/wp\/v2\/comments?post=6147"}],"version-history":[{"count":1,"href":"https:\/\/tecnomerch.com\/index.php\/wp-json\/wp\/v2\/product\/6147\/revisions"}],"predecessor-version":[{"id":6149,"href":"https:\/\/tecnomerch.com\/index.php\/wp-json\/wp\/v2\/product\/6147\/revisions\/6149"}],"wp:featuredmedia":[{"embeddable":true,"href":"https:\/\/tecnomerch.com\/index.php\/wp-json\/wp\/v2\/media\/6148"}],"wp:attachment":[{"href":"https:\/\/tecnomerch.com\/index.php\/wp-json\/wp\/v2\/media?parent=6147"}],"wp:term":[{"taxonomy":"product_cat","embeddable":true,"href":"https:\/\/tecnomerch.com\/index.php\/wp-json\/wp\/v2\/product_cat?post=6147"},{"taxonomy":"product_tag","embeddable":true,"href":"https:\/\/tecnomerch.com\/index.php\/wp-json\/wp\/v2\/product_tag?post=6147"}],"curies":[{"name":"wp","href":"https:\/\/api.w.org\/{rel}","templated":true}]}}