{"id":6120,"date":"2023-12-22T20:22:47","date_gmt":"2023-12-22T20:22:47","guid":{"rendered":"https:\/\/tecnomerch.com\/?post_type=product&#038;p=6120"},"modified":"2025-11-02T23:11:04","modified_gmt":"2025-11-02T23:11:04","slug":"audifonos-tipo-headset-logitech-h390-usb-con-microfono-negro","status":"publish","type":"product","link":"https:\/\/tecnomerch.com\/index.php\/product\/audifonos-tipo-headset-logitech-h390-usb-con-microfono-negro\/","title":{"rendered":"Audifonos tipo Headset Logitech H390 USB con Micr\u00f3fono Negro"},"content":{"rendered":"<div class=\"specs-block\">\n<div>\n<div id=\"myCarousel1627581608255\" class=\"s_carousel s_carousel_default carousel slide\" data-interval=\"10000\">\n<div class=\"carousel-inner\">\n<div class=\"carousel-item active\"><img decoding=\"async\" class=\"img img-responsive img-fluid d-block mx-auto\" src=\"https:\/\/www.mytec.com.gt\/web\/image\/989297\/45.JPG?access_token=4496a4aa-8583-48e5-afea-cbe4a5396451\" alt=\"Clarico-Slider Style 3\" \/><\/div>\n<\/div>\n<\/div>\n<section class=\"s_picture pb24 pt40\">\n<div class=\"container\">\n<div class=\"row s_nb_column_fixed\">\n<div class=\"col-lg-12\">\n<h2 class=\"te_text_small_title\"><b><span>Audio N\u00edtido y Pr\u00e1cticos<\/span><br \/>\n<span>Controles Integrados en el Cable<\/span><\/b><\/h2>\n<\/div>\n<div class=\"col-lg-12 pt16 pb16\">\n<p><span>Para llamadas por Internet n\u00edtidas con una simple conexi\u00f3n USB-A Plug and Play y un micr\u00f3fono con supresi\u00f3n de ruido. Los controles integrados en el cable permiten controlar el volumen o silenciarlo sin interrumpir la llamada. Los transductores optimizados por l\u00e1ser ofrecen audio digital mejorado con la m\u00fasica y los juegos favoritos.<\/span><\/p>\n<p><span><br \/>\n<\/span><\/p>\n<\/div>\n<\/div>\n<\/div>\n<\/section>\n<div id=\"myCarousel1627581945201\" class=\"s_carousel s_carousel_default carousel slide\" data-interval=\"10000\">\n<div class=\"carousel-inner\">\n<div class=\"carousel-item active\"><img decoding=\"async\" class=\"img img-responsive img-fluid d-block mx-auto\" src=\"https:\/\/www.mytec.com.gt\/web\/image\/989311\/4.JPG?access_token=44015336-3817-46ed-aaba-5fbcccc1555e\" alt=\"Clarico-Slider Style 3\" \/><\/div>\n<\/div>\n<\/div>\n<section class=\"s_picture pb24 pt40\">\n<div class=\"container\">\n<div class=\"row s_nb_column_fixed\">\n<div class=\"col-lg-12\">\n<h2 class=\" body-copy-title font-brown-bold font-title-m\"><span><b>SONIDO EST\u00c9REO DIGITAL<\/b><\/span><\/h2>\n<\/div>\n<div class=\"col-lg-12 pt16 pb16\">\n<p><span>Los transductores optimizados por l\u00e1ser proporcionan un audio digital mejorado para m\u00fasica, juegos y llamadas. Estos auriculares Plug and Play se pueden usar con cualquier ordenador PC o Mac con un puerto o adaptador USB-A sin necesidad de instalar software.<\/span><\/p>\n<p><img decoding=\"async\" class=\"img-fluid o_we_custom_image\" src=\"https:\/\/www.mytec.com.gt\/web\/image\/989314\/5.JPG?access_token=9ca9ce69-8257-46ce-be37-6e983174c381\" \/><span><br \/>\n<\/span><\/p>\n<\/div>\n<\/div>\n<\/div>\n<\/section>\n<section class=\"s_text_image\">\n<div class=\"container\">\n<div class=\"row align-items-center\">\n<div class=\"col-lg-6\">\n<div class=\"t_img_hover_1\"><img decoding=\"async\" class=\"img img-fluid mx-auto\" title=\"\" src=\"https:\/\/www.mytec.com.gt\/web\/image\/989336\/1.JPG?access_token=492ac254-9187-4a9a-a8cd-0b7eb55795cf\" alt=\"Clarico-Image-Text\" data-original-title=\"\" aria-describedby=\"tooltip674720\" \/><\/div>\n<\/div>\n<div class=\"col-lg-6 pt16 pb16\">\n<h2 class=\"h3\"><b>MICR\u00d3FONO CON<br \/>\nSUPRESI\u00d3N DE RUIDO<\/b><\/h2>\n<div class=\"s_hr text-left pb32 pt8\">\n<hr class=\"border-600 aos-init s_hr_solid w-25 mr-auto s_hr_4px border-alpha\" data-aos=\"s_hr_4px\" \/>\n<\/div>\n<p class=\"mb16\"><span>Minimiza el ruido de fondo no deseado para permitir conversaciones claras. La colocaci\u00f3n del micr\u00f3fono r\u00edgido en el lado izquierdo se puede ajustar para mejorar la captura de voz. La varilla movible se puede guardar, para que no estorbe cuando no se use.<\/span><\/p>\n<\/div>\n<\/div>\n<\/div>\n<\/section>\n<section class=\"py-3 py-sm-5 te_space_style pt0 pb24\"><\/section>\n<section class=\"s_text_image\">\n<div class=\"container\">\n<div class=\"row align-items-center\">\n<div class=\"col-lg-6 pt16 pb16\">\n<h2 class=\"h3\"><b>CONTROLES INTEGRADOS<br \/>\nEN EL CABLE<\/b><\/h2>\n<div class=\"s_hr text-left pb32 pt8\">\n<hr class=\"border-600 s_hr_solid w-25 mr-auto s_hr_4px border-alpha\" \/>\n<\/div>\n<p class=\"mb16\"><span>Los sencillos controles integrados en el cable de los auriculares permiten ajustar el volumen o silenciar llamadas sin interrumpir el uso.<\/span><\/p>\n<\/div>\n<div class=\"col-lg-6 pt16 pb16\">\n<div class=\"t_img_hover_1\"><img decoding=\"async\" class=\"img img-fluid mx-auto\" src=\"https:\/\/www.mytec.com.gt\/web\/image\/989338\/2.JPG?access_token=5d8d798c-440b-4538-a690-75ac739c4163\" alt=\"Clarico-Text-Image\" \/><\/div>\n<\/div>\n<\/div>\n<\/div>\n<\/section>\n<section class=\"py-3 py-sm-5 te_space_style pt16 pb8\"><\/section>\n<section class=\"s_text_image\">\n<div class=\"container\">\n<div class=\"row align-items-center\">\n<div class=\"col-lg-6\">\n<div class=\"t_img_hover_1\"><img decoding=\"async\" class=\"img img-fluid mx-auto\" title=\"\" src=\"https:\/\/www.mytec.com.gt\/web\/image\/989340\/3.JPG?access_token=e907a52a-7ef2-4e7e-96d4-63130e40d8ef\" alt=\"Clarico-Image-Text\" data-original-title=\"\" aria-describedby=\"tooltip162802\" \/><\/div>\n<\/div>\n<div class=\"col-lg-6 pt16 pb16\">\n<h2 class=\"h3\"><b>DIADEMA Y COPAS<br \/>\nACOLCHADAS<\/b><\/h2>\n<div class=\"s_hr text-left pb32 pt8\">\n<hr class=\"border-600 aos-init s_hr_solid w-25 mr-auto s_hr_4px border-alpha\" data-aos=\"s_hr_4px\" \/>\n<\/div>\n<p class=\"mb16\"><span>La diadema ajustable tiene almohadillas de cuero sint\u00e9tico giratorias para un uso c\u00f3modo durante horas. Adem\u00e1s son f\u00e1ciles de limpiar.<\/span><\/p>\n<\/div>\n<\/div>\n<\/div>\n<\/section>\n<section class=\"py-3 py-sm-5 te_space_style pt16 pb8\"><\/section>\n<section class=\"s_text_image oe_img_bg oe_custom_bg\">\n<div class=\"container\">\n<div class=\"row align-items-center aos-init\" data-aos=\"align-items-center\">\n<div class=\"col-lg-6\">\n<div class=\"t_img_hover_1\"><\/div>\n<\/div>\n<div class=\"col-lg-5 offset-lg-1 pb72 pt72\">\n<p class=\"mb16\"><b><span>CONEXI\u00d3N USB-A<\/span><\/b><\/p>\n<p class=\"mb16\"><span>La conexi\u00f3n USB permite el uso Plug and Play. En cuanto se conecta el conector USB-A al ordenador, es posible empezar a hablar, escuchar m\u00fasica o jugar.<\/span><\/p>\n<\/div>\n<\/div>\n<\/div>\n<\/section>\n<section class=\"s_text_block oe_img_bg oe_custom_bg\">\n<div class=\"container\">\n<div class=\"row\">\n<div class=\"pt32 offset-lg-2 col-lg-8 pb256\">\n<p class=\"lead\"><b><span>HERRAMIENTAS ESSENTIAL.MEJORA DELTRABAJO.<\/span><\/b><\/p>\n<p class=\"lead\"><span>Herramientas simples y potentes que dan excelentes resultados en el trabajo, incluso en casa. Completa tu entorno con el teclado, rat\u00f3n, auriculares y c\u00e1mara web adecuados para una escritura y navegaci\u00f3n mejoradas, adem\u00e1s de audio y v\u00eddeo superiores. As\u00ed podr\u00e1s lograr el \u00e9xito en todas tus tareas desde casa.<\/span><\/p>\n<p>&nbsp;<\/p>\n<\/div>\n<\/div>\n<\/div>\n<\/section>\n<\/div>\n<div><\/div>\n<div class=\"specs-description\"><span>Especificaciones<br \/>\nTipo de micr\u00f3fono: Bidireccional<\/span><\/div>\n<\/div>\n<div class=\"specs-block\">\n<div class=\"specs-description\"><span>Impedancia de entrada: 32 Ohm<\/span><\/div>\n<\/div>\n<div class=\"specs-block\">\n<div class=\"specs-description\"><span>Sensibilidad (auricular): 94\u00a0dBV\/Pa +\/-3 dB<\/span><\/div>\n<\/div>\n<div class=\"specs-block\">\n<div class=\"specs-description\"><span>Sensibilidad (micr\u00f3fono): -17\u00a0dBV\/Pa +\/-4 dB<\/span><\/div>\n<\/div>\n<div class=\"specs-block\">\n<div class=\"specs-description\"><span>Respuesta de frecuencia (auriculares): 20 Hz &#8211; 20 KHz<\/span><\/div>\n<\/div>\n<div class=\"specs-block\">\n<div class=\"specs-description\"><span>Respuesta de frecuencia (micr\u00f3fono): 100 Hz &#8211; 10 KHz<\/span><\/div>\n<\/div>\n","protected":false},"excerpt":{"rendered":"<p>&#8211; Sonido Est\u00e9reo<br \/>\n&#8211; Conexi\u00f3n USB-A 2.0<br \/>\n&#8211; Micr\u00f3fono bidireccional<br \/>\n&#8211; Cancelaci\u00f3n de Ruido<br \/>\n&#8211; Control de volumen y Micr\u00f3fono<\/p>\n","protected":false},"featured_media":6121,"comment_status":"open","ping_status":"closed","template":"","meta":{"om_disable_all_campaigns":false,"_mi_skip_tracking":false,"site-sidebar-layout":"default","site-content-layout":"default","ast-global-header-display":"","ast-main-header-display":"","ast-hfb-above-header-display":"","ast-hfb-below-header-display":"","ast-hfb-mobile-header-display":"","site-post-title":"","ast-breadcrumbs-content":"","ast-featured-img":"","footer-sml-layout":"","theme-transparent-header-meta":"default","adv-header-id-meta":"","stick-header-meta":"","header-above-stick-meta":"","header-main-stick-meta":"","header-below-stick-meta":""},"product_cat":[69],"product_tag":[],"class_list":["post-6120","product","type-product","status-publish","has-post-thumbnail","hentry","product_cat-audifonos-headsets","desktop-align-left","tablet-align-left","mobile-align-left"],"aioseo_notices":[],"_links":{"self":[{"href":"https:\/\/tecnomerch.com\/index.php\/wp-json\/wp\/v2\/product\/6120","targetHints":{"allow":["GET"]}}],"collection":[{"href":"https:\/\/tecnomerch.com\/index.php\/wp-json\/wp\/v2\/product"}],"about":[{"href":"https:\/\/tecnomerch.com\/index.php\/wp-json\/wp\/v2\/types\/product"}],"replies":[{"embeddable":true,"href":"https:\/\/tecnomerch.com\/index.php\/wp-json\/wp\/v2\/comments?post=6120"}],"version-history":[{"count":1,"href":"https:\/\/tecnomerch.com\/index.php\/wp-json\/wp\/v2\/product\/6120\/revisions"}],"predecessor-version":[{"id":6122,"href":"https:\/\/tecnomerch.com\/index.php\/wp-json\/wp\/v2\/product\/6120\/revisions\/6122"}],"wp:featuredmedia":[{"embeddable":true,"href":"https:\/\/tecnomerch.com\/index.php\/wp-json\/wp\/v2\/media\/6121"}],"wp:attachment":[{"href":"https:\/\/tecnomerch.com\/index.php\/wp-json\/wp\/v2\/media?parent=6120"}],"wp:term":[{"taxonomy":"product_cat","embeddable":true,"href":"https:\/\/tecnomerch.com\/index.php\/wp-json\/wp\/v2\/product_cat?post=6120"},{"taxonomy":"product_tag","embeddable":true,"href":"https:\/\/tecnomerch.com\/index.php\/wp-json\/wp\/v2\/product_tag?post=6120"}],"curies":[{"name":"wp","href":"https:\/\/api.w.org\/{rel}","templated":true}]}}