{"id":6108,"date":"2023-12-22T20:17:30","date_gmt":"2023-12-22T20:17:30","guid":{"rendered":"https:\/\/tecnomerch.com\/?post_type=product&#038;p=6108"},"modified":"2023-12-22T20:17:30","modified_gmt":"2023-12-22T20:17:30","slug":"audifonos-argom-usb-tipo-headset-metro78-con-microfono-negro","status":"publish","type":"product","link":"https:\/\/tecnomerch.com\/index.php\/product\/audifonos-argom-usb-tipo-headset-metro78-con-microfono-negro\/","title":{"rendered":"Audifonos Argom USB tipo Headset METRO78 con Micr\u00f3fono Negro"},"content":{"rendered":"<section class=\"s_text_image\">\n<div class=\"container\">\n<div class=\"row align-items-center\">\n<div class=\"col-lg-6 pt16 pb16\">\n<h2 class=\"text-uppercase te_s_it_heading\">DESCRIPCI\u00d3N<\/h2>\n<div class=\"s_hr text-left pb32 pt8\">\n<hr class=\"border-600 s_hr_solid w-25 mr-auto s_hr_4px border-alpha\" \/>\n<\/div>\n<p class=\"mb16\"><span>Utilizando algunas de las tecnolog\u00edas de auriculares m\u00e1s avanzadas, los auriculares Metro 78 mantienen su m\u00fasica con un sonido limpio y n\u00edtido.\u00a0<\/span><span>Dise\u00f1ado ergon\u00f3micamente para un ajuste c\u00f3modo.<\/span><span>\u00a0<\/span><span>El acolchado suave hace que estos auriculares sean perfectos para una sesi\u00f3n de escucha prolongada y tranquila.<\/span><span>\u00a0<\/span><span>La calidad del sonido es profunda y hermosa, proporcionando al oyente una experiencia de audio de extraordinaria calidad.<\/span><span>\u00a0<\/span><span>Equipado con una conexi\u00f3n USB para uso universal en todas las plataformas.<\/span><\/p>\n<\/div>\n<div class=\"col-lg-6 pt16 pb16\">\n<div class=\"t_img_hover_1\"><img decoding=\"async\" class=\"img img-fluid mx-auto\" title=\"\" src=\"https:\/\/www.mytec.com.gt\/web\/image\/931822\/image%20(1).png?access_token=8f7957c0-fcc2-4570-b938-6c787fceec3d\" alt=\"Clarico-Text-Image\" data-original-title=\"\" aria-describedby=\"tooltip706571\" \/><\/div>\n<\/div>\n<\/div>\n<\/div>\n<\/section>\n<section class=\"s_text_image\">\n<div class=\"container\">\n<div class=\"row align-items-center\">\n<div class=\"col-lg-6\">\n<div class=\"t_img_hover_1\"><img decoding=\"async\" class=\"img img-fluid mx-auto\" title=\"\" src=\"https:\/\/www.mytec.com.gt\/web\/image\/931824\/image.jpg?access_token=996ed9a9-a0d5-428a-b4d0-555de9672254\" alt=\"Clarico-Image-Text\" data-original-title=\"\" aria-describedby=\"tooltip802482\" \/><\/div>\n<\/div>\n<div class=\"col-lg-6 pt16 pb16\">\n<h2 class=\"text-uppercase te_s_it_heading\">ESPECIFICACIONES<\/h2>\n<div class=\"s_hr text-left pb32 pt8\">\n<hr class=\"border-600 aos-init s_hr_solid w-25 mr-auto s_hr_4px border-alpha\" data-aos=\"s_hr_4px\" \/>\n<\/div>\n<p class=\"mb16\"><span>&#8211; Auriculares est\u00e9reo USB Metro 78 con control de volumen<\/span><br \/>\n<span>&#8211; Longitud del cable: 2,2 m (7,2 pies)<\/span><br \/>\n<span>&#8211; Tipo de enchufe:<\/span><span>Pista de auriculares ajustable<\/span><span>\u00a0<\/span><span>USB 2.0<\/span><span>\u00a0<\/span><span>y micr\u00f3fono omnidireccional<\/span><br \/>\n<span>&#8211; Membrana: 40 mm de di\u00e1metro (auriculares) \/ 6 \u00d7 5 mm de di\u00e1metro (micr\u00f3fono)<\/span><br \/>\n<span>&#8211; Impedancia: 32 ohmios ( Auriculares) \/ 1,6 kOhmios (micr\u00f3fono)<\/span><br \/>\n<span>&#8211; Respuesta de frecuencia: 20Hz-20,000Hz (auriculares) \/ 30Hz-16,000Hz (micr\u00f3fono)<\/span><\/p>\n<\/div>\n<\/div>\n<\/div>\n<\/section>\n","protected":false},"excerpt":{"rendered":"<p>&#8211; Sonido Est\u00e9reo<br \/>\n&#8211; Conexi\u00f3n USB 2.0<br \/>\n&#8211; Micr\u00f3fono incorporado pegable<br \/>\n&#8211; Cable de 2.2m largo (7ft)<\/p>\n","protected":false},"featured_media":6109,"comment_status":"open","ping_status":"closed","template":"","meta":{"om_disable_all_campaigns":false,"_mi_skip_tracking":false,"site-sidebar-layout":"default","site-content-layout":"default","ast-global-header-display":"","ast-main-header-display":"","ast-hfb-above-header-display":"","ast-hfb-below-header-display":"","ast-hfb-mobile-header-display":"","site-post-title":"","ast-breadcrumbs-content":"","ast-featured-img":"","footer-sml-layout":"","theme-transparent-header-meta":"default","adv-header-id-meta":"","stick-header-meta":"","header-above-stick-meta":"","header-main-stick-meta":"","header-below-stick-meta":""},"product_cat":[15],"product_tag":[],"class_list":["post-6108","product","type-product","status-publish","has-post-thumbnail","hentry","product_cat-uncategorized","desktop-align-left","tablet-align-left","mobile-align-left"],"aioseo_notices":[],"_links":{"self":[{"href":"https:\/\/tecnomerch.com\/index.php\/wp-json\/wp\/v2\/product\/6108","targetHints":{"allow":["GET"]}}],"collection":[{"href":"https:\/\/tecnomerch.com\/index.php\/wp-json\/wp\/v2\/product"}],"about":[{"href":"https:\/\/tecnomerch.com\/index.php\/wp-json\/wp\/v2\/types\/product"}],"replies":[{"embeddable":true,"href":"https:\/\/tecnomerch.com\/index.php\/wp-json\/wp\/v2\/comments?post=6108"}],"version-history":[{"count":1,"href":"https:\/\/tecnomerch.com\/index.php\/wp-json\/wp\/v2\/product\/6108\/revisions"}],"predecessor-version":[{"id":6110,"href":"https:\/\/tecnomerch.com\/index.php\/wp-json\/wp\/v2\/product\/6108\/revisions\/6110"}],"wp:featuredmedia":[{"embeddable":true,"href":"https:\/\/tecnomerch.com\/index.php\/wp-json\/wp\/v2\/media\/6109"}],"wp:attachment":[{"href":"https:\/\/tecnomerch.com\/index.php\/wp-json\/wp\/v2\/media?parent=6108"}],"wp:term":[{"taxonomy":"product_cat","embeddable":true,"href":"https:\/\/tecnomerch.com\/index.php\/wp-json\/wp\/v2\/product_cat?post=6108"},{"taxonomy":"product_tag","embeddable":true,"href":"https:\/\/tecnomerch.com\/index.php\/wp-json\/wp\/v2\/product_tag?post=6108"}],"curies":[{"name":"wp","href":"https:\/\/api.w.org\/{rel}","templated":true}]}}