{"id":6075,"date":"2023-12-22T19:42:02","date_gmt":"2023-12-22T19:42:02","guid":{"rendered":"https:\/\/tecnomerch.com\/?post_type=product&#038;p=6075"},"modified":"2023-12-22T19:42:02","modified_gmt":"2023-12-22T19:42:02","slug":"disco-duro-externo-5tb-seagate-expansion-2-5-usb-3-0","status":"publish","type":"product","link":"https:\/\/tecnomerch.com\/index.php\/product\/disco-duro-externo-5tb-seagate-expansion-2-5-usb-3-0\/","title":{"rendered":"Disco Duro Externo 5TB Seagate Expansion 2.5&#8243; USB 3.0"},"content":{"rendered":"<section class=\"s_text_image pt32 pb24\">\n<div class=\"container\">\n<div class=\"row align-items-center\">\n<div class=\"col-lg-6 pt16 pb16\">\n<p class=\"mb16\"><b><span>Almacenamiento de conexi\u00f3n instant\u00e1nea<\/span><\/b><\/p>\n<p class=\"mb16\"><span>Agregue almacenamiento extra en segundos con las unidades Seagate Expansion.<\/span><\/p>\n<p class=\"mb16\"><span>Hay una unidad Expansion para usted gracias a las opciones de sobremesa de alta capacidad, las unidades de disco duro port\u00e1tiles que caben en su bolsillo.<\/span><\/p>\n<ul>\n<li>\n<p class=\"mb16\"><span>Almacenamiento de archivos mediante la t\u00e9cnica de arrastrar y soltar listo para usarse<\/span><\/p>\n<\/li>\n<\/ul>\n<ul>\n<li>\n<p class=\"mb16\"><span>R\u00e1pida transferencia de datos con conectividad USB 3.0<\/span><\/p>\n<\/li>\n<\/ul>\n<ul>\n<li>\n<p class=\"mb16\"><span>Compatible con Windows\u00ae y Mac\u00ae<\/span><\/p>\n<\/li>\n<\/ul>\n<\/div>\n<div class=\"col-lg-6 pt16 pb16\">\n<div class=\"t_img_hover_1\"><img decoding=\"async\" class=\"img img-fluid mx-auto\" title=\"\" src=\"https:\/\/www.mytec.com.gt\/web\/image\/1126657\/7.1-min.jpg?access_token=a48c28a6-6558-4c14-bb6c-28d0220184d6\" alt=\"Clarico-Text-Image\" data-original-title=\"\" aria-describedby=\"tooltip721496\" \/><\/div>\n<\/div>\n<\/div>\n<\/div>\n<\/section>\n<section class=\"s_text_image pt16 pb16\">\n<div class=\"container\">\n<div class=\"row align-items-center\">\n<div class=\"col-lg-6\">\n<div class=\"t_img_hover_1\"><img decoding=\"async\" class=\"img img-fluid mx-auto\" title=\"\" src=\"https:\/\/www.mytec.com.gt\/web\/image\/1126663\/8.jpg?access_token=26e6fcdd-6cc5-4225-afcc-90432d541fdd\" alt=\"Clarico-Image-Text\" data-original-title=\"\" aria-describedby=\"tooltip134842\" \/><\/div>\n<\/div>\n<div class=\"col-lg-6 pt16 pb16\">\n<p class=\"mb16\"><b><span>La soluci\u00f3n de almacenamiento que es f\u00e1cil de usar<\/span><\/b><\/p>\n<p class=\"mb16\"><span>Comience a guardar f\u00e1cilmente sus archivos digitales en solo segundos. Lo \u00fanico que tiene que hacer es conectarla y luego, \u00a1arrastrar y soltar!<\/span><\/p>\n<\/div>\n<\/div>\n<\/div>\n<\/section>\n<section class=\"s_text_image pt24\">\n<div class=\"container\">\n<div class=\"row align-items-center\">\n<div class=\"col-lg-6 pt16 pb16\">\n<p class=\"mb16 o_default_snippet_text\"><span>Rescue Data Recovery Services para la recuperaci\u00f3n de datos<\/span><\/p>\n<p class=\"mb16 o_default_snippet_text\"><span>\u00a1Puede contar con nosotros!<\/span><\/p>\n<p class=\"mb16\"><span>Si algo inesperado llegara a ocurrir, como da\u00f1os causados por el agua o desastres naturales, los servicios Rescue le ayudar\u00e1n a protegerse contra la p\u00e9rdida de datos, as\u00ed que puede estar tranquilo.<\/span><\/p>\n<\/div>\n<div class=\"col-lg-6 pt16 pb16\">\n<div class=\"t_img_hover_1\"><img decoding=\"async\" class=\"img img-fluid mx-auto\" src=\"https:\/\/www.mytec.com.gt\/web\/image\/1126666\/9.JPG?access_token=47256db3-dbce-465d-85b3-6386ea685de6\" alt=\"Clarico-Text-Image\" \/><\/div>\n<\/div>\n<\/div>\n<\/div>\n<\/section>\n","protected":false},"excerpt":{"rendered":"<p>&#8211; Capacidad 5TB (5000GB)<br \/>\n&#8211; Interfaz USB 3.0 Type-A<br \/>\n&#8211; Incluye cable USB 3.0<br \/>\n&#8211; Color del producto Negro<br \/>\n&#8211; Sistema operativo Windows\u00ae y macOS<br \/>\n&#8211; Servicios de recuperaci\u00f3n de datos<\/p>\n","protected":false},"featured_media":6076,"comment_status":"open","ping_status":"closed","template":"","meta":{"om_disable_all_campaigns":false,"_mi_skip_tracking":false,"site-sidebar-layout":"default","site-content-layout":"default","ast-global-header-display":"","ast-main-header-display":"","ast-hfb-above-header-display":"","ast-hfb-below-header-display":"","ast-hfb-mobile-header-display":"","site-post-title":"","ast-breadcrumbs-content":"","ast-featured-img":"","footer-sml-layout":"","theme-transparent-header-meta":"default","adv-header-id-meta":"","stick-header-meta":"","header-above-stick-meta":"","header-main-stick-meta":"","header-below-stick-meta":""},"product_cat":[88],"product_tag":[],"class_list":["post-6075","product","type-product","status-publish","has-post-thumbnail","hentry","product_cat-disco-duro","desktop-align-left","tablet-align-left","mobile-align-left"],"aioseo_notices":[],"_links":{"self":[{"href":"https:\/\/tecnomerch.com\/index.php\/wp-json\/wp\/v2\/product\/6075","targetHints":{"allow":["GET"]}}],"collection":[{"href":"https:\/\/tecnomerch.com\/index.php\/wp-json\/wp\/v2\/product"}],"about":[{"href":"https:\/\/tecnomerch.com\/index.php\/wp-json\/wp\/v2\/types\/product"}],"replies":[{"embeddable":true,"href":"https:\/\/tecnomerch.com\/index.php\/wp-json\/wp\/v2\/comments?post=6075"}],"version-history":[{"count":1,"href":"https:\/\/tecnomerch.com\/index.php\/wp-json\/wp\/v2\/product\/6075\/revisions"}],"predecessor-version":[{"id":6077,"href":"https:\/\/tecnomerch.com\/index.php\/wp-json\/wp\/v2\/product\/6075\/revisions\/6077"}],"wp:featuredmedia":[{"embeddable":true,"href":"https:\/\/tecnomerch.com\/index.php\/wp-json\/wp\/v2\/media\/6076"}],"wp:attachment":[{"href":"https:\/\/tecnomerch.com\/index.php\/wp-json\/wp\/v2\/media?parent=6075"}],"wp:term":[{"taxonomy":"product_cat","embeddable":true,"href":"https:\/\/tecnomerch.com\/index.php\/wp-json\/wp\/v2\/product_cat?post=6075"},{"taxonomy":"product_tag","embeddable":true,"href":"https:\/\/tecnomerch.com\/index.php\/wp-json\/wp\/v2\/product_tag?post=6075"}],"curies":[{"name":"wp","href":"https:\/\/api.w.org\/{rel}","templated":true}]}}