{"id":6055,"date":"2023-12-22T19:33:16","date_gmt":"2023-12-22T19:33:16","guid":{"rendered":"https:\/\/tecnomerch.com\/?post_type=product&#038;p=6055"},"modified":"2023-12-22T19:36:41","modified_gmt":"2023-12-22T19:36:41","slug":"enclosure-2-5-argom-sata-a-usb-3-0-negro","status":"publish","type":"product","link":"https:\/\/tecnomerch.com\/index.php\/product\/enclosure-2-5-argom-sata-a-usb-3-0-negro\/","title":{"rendered":"Enclosure 2.5&#8243; Argom SATA a USB 3.0 Negro"},"content":{"rendered":"<div class=\"col-md-6 mb0 mt0\">\n<p><strong>Descripci\u00f3n<\/strong><\/p>\n<p>Coloque la unidad de disco duro SATA interna 2.5&#8243; en esta carcasa de aluminio liviana con una interfaz USB 3.0 y transf\u00f3rmela en una soluci\u00f3n externa port\u00e1til HD con velocidades de transferencia de datos de hasta 5 Gbps.<br \/>\nEsta copia de seguridad port\u00e1til para llevar a donde quiera que vaya ofrece una alta eficiencia y almacenamiento econ\u00f3mico.<br \/>\nEste gabinete Plug &amp; Play con su dise\u00f1o compacto ultradelgado proporciona una forma r\u00e1pida y f\u00e1cil de agregar m\u00e1s espacio de almacenamiento a su PC de escritorio o port\u00e1til.<\/p>\n<p>&nbsp;<\/p>\n<p>&nbsp;<\/p>\n<\/div>\n<div class=\"col-md-6 mt32 mb32\"><img decoding=\"async\" class=\"img img-responsive pull-left mb16\" title=\"\" src=\"https:\/\/www.mytec.com.gt\/web\/image\/159780\" alt=\"Texto de Odoo y bloque de imagen\" data-original-title=\"\" \/><\/div>\n","protected":false},"excerpt":{"rendered":"<div class=\"o_not_editable\">\n<p class=\"te_prod_desc\">&#8211; Conexi\u00f3n a USB 3.0<br \/>\n&#8211; Compatible con SSD \/ HDD 2.5&#8243;<br \/>\n&#8211; Velocidad Transferencia hasta 5 Gbps<br \/>\n&#8211; Plug &amp; Play<br \/>\n&#8211; Compatible con Windows y Mac OS.<\/p>\n<\/div>\n<div class=\"timer_data\">\n<div class=\"timer_input\"><\/div>\n<\/div>\n<div class=\"te_display_end_date\"><\/div>\n<form action=\"https:\/\/www.mytec.com.gt\/shop\/cart\/update\" method=\"POST\">&nbsp;<\/p>\n<\/form>\n","protected":false},"featured_media":6056,"comment_status":"open","ping_status":"closed","template":"","meta":{"om_disable_all_campaigns":false,"_mi_skip_tracking":false,"site-sidebar-layout":"default","site-content-layout":"default","ast-global-header-display":"","ast-main-header-display":"","ast-hfb-above-header-display":"","ast-hfb-below-header-display":"","ast-hfb-mobile-header-display":"","site-post-title":"","ast-breadcrumbs-content":"","ast-featured-img":"","footer-sml-layout":"","theme-transparent-header-meta":"default","adv-header-id-meta":"","stick-header-meta":"","header-above-stick-meta":"","header-main-stick-meta":"","header-below-stick-meta":""},"product_cat":[88],"product_tag":[],"class_list":["post-6055","product","type-product","status-publish","has-post-thumbnail","hentry","product_cat-disco-duro","desktop-align-left","tablet-align-left","mobile-align-left"],"aioseo_notices":[],"_links":{"self":[{"href":"https:\/\/tecnomerch.com\/index.php\/wp-json\/wp\/v2\/product\/6055","targetHints":{"allow":["GET"]}}],"collection":[{"href":"https:\/\/tecnomerch.com\/index.php\/wp-json\/wp\/v2\/product"}],"about":[{"href":"https:\/\/tecnomerch.com\/index.php\/wp-json\/wp\/v2\/types\/product"}],"replies":[{"embeddable":true,"href":"https:\/\/tecnomerch.com\/index.php\/wp-json\/wp\/v2\/comments?post=6055"}],"version-history":[{"count":2,"href":"https:\/\/tecnomerch.com\/index.php\/wp-json\/wp\/v2\/product\/6055\/revisions"}],"predecessor-version":[{"id":6058,"href":"https:\/\/tecnomerch.com\/index.php\/wp-json\/wp\/v2\/product\/6055\/revisions\/6058"}],"wp:featuredmedia":[{"embeddable":true,"href":"https:\/\/tecnomerch.com\/index.php\/wp-json\/wp\/v2\/media\/6056"}],"wp:attachment":[{"href":"https:\/\/tecnomerch.com\/index.php\/wp-json\/wp\/v2\/media?parent=6055"}],"wp:term":[{"taxonomy":"product_cat","embeddable":true,"href":"https:\/\/tecnomerch.com\/index.php\/wp-json\/wp\/v2\/product_cat?post=6055"},{"taxonomy":"product_tag","embeddable":true,"href":"https:\/\/tecnomerch.com\/index.php\/wp-json\/wp\/v2\/product_tag?post=6055"}],"curies":[{"name":"wp","href":"https:\/\/api.w.org\/{rel}","templated":true}]}}