{"id":6016,"date":"2023-12-15T15:54:45","date_gmt":"2023-12-15T15:54:45","guid":{"rendered":"https:\/\/tecnomerch.com\/?post_type=product&#038;p=6016"},"modified":"2023-12-15T15:55:06","modified_gmt":"2023-12-15T15:55:06","slug":"splitter-argom-arg-av-5120-2-puertos-hdmi","status":"publish","type":"product","link":"https:\/\/tecnomerch.com\/index.php\/product\/splitter-argom-arg-av-5120-2-puertos-hdmi\/","title":{"rendered":"Splitter Argom ARG-AV-5120 2 Puertos HDMI"},"content":{"rendered":"<section class=\"s_text_image\">\n<div class=\"container\">\n<div class=\"row align-items-center\">\n<div class=\"col-lg-6 pt16 pb16\">\n<h2 class=\"text-uppercase te_s_it_heading\"><b>DESCRIPCI\u00d3N<\/b><\/h2>\n<div class=\"s_hr text-left pb32 pt8\">\n<hr class=\"border-600 s_hr_solid w-25 mr-auto s_hr_4px border-alpha\" \/>\n<\/div>\n<p class=\"mb16\">La soluci\u00f3n perfecta para tu experiencia audiovisual. Haga que sus dispositivos A\/V sean m\u00e1s convenientes, c\u00f3modos, productivos y rentables. Nuestro conmutador bidireccional HDMI viene con indicadores de estado LED f\u00e1ciles de leer y un bot\u00f3n de acceso \u00fanico para cambiar f\u00e1cilmente entre los diferentes nodos. Puede utilizar nuestro interruptor bidireccional para conectar dos dispositivos a una pantalla o un dispositivo a dos pantallas.<\/p>\n<\/div>\n<div class=\"col-lg-6 pt16 pb16\">\n<div class=\"t_img_hover_1\"><img decoding=\"async\" class=\"img img-fluid mx-auto\" src=\"https:\/\/www.mytec.com.gt\/web\/image\/1952862\/2.jpg?access_token=401192f3-2495-4899-9bb2-0b0e4e02091f\" alt=\"Clarico-Text-Image\" \/><\/div>\n<\/div>\n<\/div>\n<\/div>\n<\/section>\n<section class=\"s_text_image\">\n<div class=\"container\">\n<div class=\"row align-items-center\">\n<div class=\"col-lg-6\">\n<div class=\"t_img_hover_1\"><img decoding=\"async\" class=\"img img-fluid mx-auto\" src=\"https:\/\/www.mytec.com.gt\/web\/image\/1952856\/1.jpg?access_token=17e1e964-208e-4386-9550-34d8d2a1b6e5\" alt=\"Clarico-Image-Text\" \/><\/div>\n<\/div>\n<div class=\"col-lg-6 pt16 pb16\">\n<h2 class=\"text-uppercase te_s_it_heading\"><b>CONECTIVIDAD SIN L\u00cdMITES<\/b><\/h2>\n<div class=\"s_hr text-left pb32 pt8\">\n<hr class=\"border-600 aos-init s_hr_solid w-25 mr-auto s_hr_4px border-alpha aos-animate\" data-aos=\"s_hr_4px\" \/>\n<\/div>\n<p class=\"mb16\">Equipado con 2 puertos HDMI de entrada y 1 de salida, este divisor te brinda la flexibilidad de conectar m\u00faltiples dispositivos a tu pantalla principal, garantizando una experiencia de visualizaci\u00f3n sin complicaciones.<\/p>\n<\/div>\n<\/div>\n<\/div>\n<\/section>\n","protected":false},"excerpt":{"rendered":"<p>&#8211; Resoluci\u00f3n m\u00e1xima: 3840x2160p a 60 Hz<br \/>\n&#8211; Splitter HDMI de 2 puertos<br \/>\n&#8211; 2 x Entradas HDMI a 1 salida HDMI<br \/>\n&#8211; Indicador LED de estado<br \/>\n&#8211; Plug and Play<br \/>\n&#8211; Corriente de funcionamiento: 15 mA m\u00e1x.<br \/>\n&#8211; Dimensiones: 49 x 52 x 20 mm<br \/>\n* No incluye cables<\/p>\n","protected":false},"featured_media":6017,"comment_status":"open","ping_status":"closed","template":"","meta":{"om_disable_all_campaigns":false,"_mi_skip_tracking":false,"site-sidebar-layout":"default","site-content-layout":"default","ast-global-header-display":"","ast-main-header-display":"","ast-hfb-above-header-display":"","ast-hfb-below-header-display":"","ast-hfb-mobile-header-display":"","site-post-title":"","ast-breadcrumbs-content":"","ast-featured-img":"","footer-sml-layout":"","theme-transparent-header-meta":"default","adv-header-id-meta":"","stick-header-meta":"","header-above-stick-meta":"","header-main-stick-meta":"","header-below-stick-meta":""},"product_cat":[114],"product_tag":[],"class_list":["post-6016","product","type-product","status-publish","has-post-thumbnail","hentry","product_cat-adaptadores","desktop-align-left","tablet-align-left","mobile-align-left"],"aioseo_notices":[],"_links":{"self":[{"href":"https:\/\/tecnomerch.com\/index.php\/wp-json\/wp\/v2\/product\/6016","targetHints":{"allow":["GET"]}}],"collection":[{"href":"https:\/\/tecnomerch.com\/index.php\/wp-json\/wp\/v2\/product"}],"about":[{"href":"https:\/\/tecnomerch.com\/index.php\/wp-json\/wp\/v2\/types\/product"}],"replies":[{"embeddable":true,"href":"https:\/\/tecnomerch.com\/index.php\/wp-json\/wp\/v2\/comments?post=6016"}],"version-history":[{"count":3,"href":"https:\/\/tecnomerch.com\/index.php\/wp-json\/wp\/v2\/product\/6016\/revisions"}],"predecessor-version":[{"id":6020,"href":"https:\/\/tecnomerch.com\/index.php\/wp-json\/wp\/v2\/product\/6016\/revisions\/6020"}],"wp:featuredmedia":[{"embeddable":true,"href":"https:\/\/tecnomerch.com\/index.php\/wp-json\/wp\/v2\/media\/6017"}],"wp:attachment":[{"href":"https:\/\/tecnomerch.com\/index.php\/wp-json\/wp\/v2\/media?parent=6016"}],"wp:term":[{"taxonomy":"product_cat","embeddable":true,"href":"https:\/\/tecnomerch.com\/index.php\/wp-json\/wp\/v2\/product_cat?post=6016"},{"taxonomy":"product_tag","embeddable":true,"href":"https:\/\/tecnomerch.com\/index.php\/wp-json\/wp\/v2\/product_tag?post=6016"}],"curies":[{"name":"wp","href":"https:\/\/api.w.org\/{rel}","templated":true}]}}