{"id":5931,"date":"2023-12-15T15:24:53","date_gmt":"2023-12-15T15:24:53","guid":{"rendered":"https:\/\/tecnomerch.com\/?post_type=product&#038;p=5931"},"modified":"2023-12-15T15:26:36","modified_gmt":"2023-12-15T15:26:36","slug":"cable-usb-c-a-usb-c-argom-arg-cb-0047bk-carga-rapida-1-8-metros-trenzado-negro","status":"publish","type":"product","link":"https:\/\/tecnomerch.com\/index.php\/product\/cable-usb-c-a-usb-c-argom-arg-cb-0047bk-carga-rapida-1-8-metros-trenzado-negro\/","title":{"rendered":"Cable USB-C a USB-C Argom ARG-CB-0047BK Carga R\u00e1pida 1.8 Metros Trenzado Negro"},"content":{"rendered":"<section class=\"s_text_image pt40\">\n<div class=\"container\">\n<div class=\"row align-items-center\">\n<div class=\"col-lg-6 pt16 pb16\">\n<p class=\"mb16\">La nueva serie de cables Dura Speed \u200b\u200best\u00e1 dise\u00f1ada para dispositivos tipo C de alta potencia. El cable est\u00e1 construido con materiales de primera calidad y trenzado en nailon. Adem\u00e1s, est\u00e1 dise\u00f1ado para ser flexible y tener una experiencia sin enredos. Est\u00e1 fabricado con juntas reforzadas para evitar roturas y roturas. Es seis veces m\u00e1s fuerte que sus cables tradicionales. El cable de 65 W puede cargar tus dispositivos instant\u00e1neamente y r\u00e1pido. Compatible con dispositivos habilitados para Tipo C, como tabletas, tel\u00e9fonos inteligentes y computadoras port\u00e1tiles de 45 W o 65 W.<\/p>\n<\/div>\n<\/div>\n<\/div>\n<\/section>\n<section class=\"s_text_image pt0\">\n<div class=\"container\">\n<div class=\"row align-items-center\">\n<div class=\"pt16 pb16 offset-lg-1 col-lg-6\">\n<p class=\"mb16\">Especificaciones:<\/p>\n<p>&#8211; Cable de 1.8 metros \/ 6 pies de largo<br \/>\n&#8211; Calibre 22 + 30AWG<br \/>\n&#8211; Corriente m\u00e1xima de 3A\/65W<br \/>\n&#8211; Carcasa de ABS de primera calidad + nailon trenzado<br \/>\n&#8211; Tasa de transferencia de hasta 480Mbps<br \/>\n&#8211; Di\u00e1metro exterior de 3.5 mm<br \/>\n&#8211; Compatible con port\u00e1tiles de tipo C de 45 W o 65 W<\/p>\n<\/div>\n<div class=\"col-lg-4\"><img decoding=\"async\" title=\"\" src=\"https:\/\/www.mytec.com.gt\/web\/image\/1470531\/5.jpg?access_token=581330ab-4174-4d01-bfbe-655513127417\" alt=\"Bracket Argom ARG-BR-1622 Aereo 23&amp;quot; - 42&amp;quot; Vesa Compatible\" data-original-title=\"\" aria-describedby=\"tooltip894284\" \/><\/div>\n<\/div>\n<\/div>\n<\/section>\n","protected":false},"excerpt":{"rendered":"<p>&#8211; Cable de 1.8 metros \/ 6 pies de largo<br \/>\n&#8211; Calibre 22 + 30AWG<br \/>\n&#8211; Corriente m\u00e1xima de 3A\/65W<br \/>\n&#8211; Carcasa de ABS de primera calidad + nailon trenzado<br \/>\n&#8211; Tasa de transferencia de hasta 480Mbps<br \/>\n&#8211; Di\u00e1metro exterior de 3.5 mm<br \/>\n&#8211; Compatible con port\u00e1tiles de tipo C de 45 W o 65 W<\/p>\n","protected":false},"featured_media":5932,"comment_status":"open","ping_status":"closed","template":"","meta":{"om_disable_all_campaigns":false,"_mi_skip_tracking":false,"site-sidebar-layout":"default","site-content-layout":"default","ast-global-header-display":"","ast-main-header-display":"","ast-hfb-above-header-display":"","ast-hfb-below-header-display":"","ast-hfb-mobile-header-display":"","site-post-title":"","ast-breadcrumbs-content":"","ast-featured-img":"","footer-sml-layout":"","theme-transparent-header-meta":"default","adv-header-id-meta":"","stick-header-meta":"","header-above-stick-meta":"","header-main-stick-meta":"","header-below-stick-meta":""},"product_cat":[114,119],"product_tag":[],"class_list":["post-5931","product","type-product","status-publish","has-post-thumbnail","hentry","product_cat-adaptadores","product_cat-cables","desktop-align-left","tablet-align-left","mobile-align-left"],"aioseo_notices":[],"_links":{"self":[{"href":"https:\/\/tecnomerch.com\/index.php\/wp-json\/wp\/v2\/product\/5931","targetHints":{"allow":["GET"]}}],"collection":[{"href":"https:\/\/tecnomerch.com\/index.php\/wp-json\/wp\/v2\/product"}],"about":[{"href":"https:\/\/tecnomerch.com\/index.php\/wp-json\/wp\/v2\/types\/product"}],"replies":[{"embeddable":true,"href":"https:\/\/tecnomerch.com\/index.php\/wp-json\/wp\/v2\/comments?post=5931"}],"version-history":[{"count":3,"href":"https:\/\/tecnomerch.com\/index.php\/wp-json\/wp\/v2\/product\/5931\/revisions"}],"predecessor-version":[{"id":5936,"href":"https:\/\/tecnomerch.com\/index.php\/wp-json\/wp\/v2\/product\/5931\/revisions\/5936"}],"wp:featuredmedia":[{"embeddable":true,"href":"https:\/\/tecnomerch.com\/index.php\/wp-json\/wp\/v2\/media\/5932"}],"wp:attachment":[{"href":"https:\/\/tecnomerch.com\/index.php\/wp-json\/wp\/v2\/media?parent=5931"}],"wp:term":[{"taxonomy":"product_cat","embeddable":true,"href":"https:\/\/tecnomerch.com\/index.php\/wp-json\/wp\/v2\/product_cat?post=5931"},{"taxonomy":"product_tag","embeddable":true,"href":"https:\/\/tecnomerch.com\/index.php\/wp-json\/wp\/v2\/product_tag?post=5931"}],"curies":[{"name":"wp","href":"https:\/\/api.w.org\/{rel}","templated":true}]}}