{"id":5798,"date":"2023-12-04T01:03:06","date_gmt":"2023-12-04T01:03:06","guid":{"rendered":"https:\/\/tecnomerch.com\/?post_type=product&#038;p=5798"},"modified":"2023-12-04T01:03:06","modified_gmt":"2023-12-04T01:03:06","slug":"bracket-klip-xtreme-kpm-310-articulado-13-32-negro","status":"publish","type":"product","link":"https:\/\/tecnomerch.com\/index.php\/product\/bracket-klip-xtreme-kpm-310-articulado-13-32-negro\/","title":{"rendered":"Bracket Klip Xtreme KPM-310 Articulado 13&#8243;-32&#8243; Negro"},"content":{"rendered":"<p>El soporte KPM-310 no s\u00f3lo te permite recuperar el valioso espacio en tu escritorio, sino que tambi\u00e9n promueve una postura m\u00e1s ergon\u00f3mica en tu estaci\u00f3n durante las horas de trabajo o de ocio. Este resistente soporte, con acabado en color negro, ha sido elaborado con acero de alta calidad. La s\u00f3lida base con tornillo en C ofrece m\u00e1xima estabilidad cuando se fija al borde de cualquier mesa o escritorio. Una placa VESA desmontable simplifica la instalaci\u00f3n, ya que permite atornillarla al monitor y luego deslizarla directamente sobre el brazo de montaje. Es posible girar e inclinar su mecanismo totalmente articulado, con el fin de ajustar el \u00e1ngulo de lectura, pudiendo adem\u00e1s cambiar de horizontal a vertical la orientaci\u00f3n de la pantalla sin necesidad de desmontarla.<\/p>\n","protected":false},"excerpt":{"rendered":"<div class=\"o_not_editable\">\n<p class=\"te_prod_desc\">&#8211; 8Kg m\u00e1ximo por brazo<br \/>\n&#8211; Monitor de 13&#8243; hasta 32&#8243; por brazo<br \/>\n&#8211; Rotaci\u00f3n de +180\u00b0 a -180\u00b0<br \/>\n&#8211; Giro de +90\u00b0 a -90\u00b0<br \/>\n&#8211; VESA 100&#215;100 y 75&#215;75<br \/>\n&#8211; Certificaci\u00f3n RoHS<br \/>\n&#8211; Color Negro<br \/>\n&#8211; Material Acero y Pl\u00e1stico<br \/>\n&#8211; Incluye Kit de Herrajes<\/p>\n<\/div>\n<div class=\"timer_data\">\n<div class=\"timer_input\"><\/div>\n<\/div>\n<div class=\"te_display_end_date\"><\/div>\n<form action=\"https:\/\/www.mytec.com.gt\/shop\/cart\/update\" method=\"POST\">&nbsp;<\/p>\n<\/form>\n","protected":false},"featured_media":5799,"comment_status":"open","ping_status":"closed","template":"","meta":{"om_disable_all_campaigns":false,"_mi_skip_tracking":false,"site-sidebar-layout":"default","site-content-layout":"default","ast-global-header-display":"","ast-main-header-display":"","ast-hfb-above-header-display":"","ast-hfb-below-header-display":"","ast-hfb-mobile-header-display":"","site-post-title":"","ast-breadcrumbs-content":"","ast-featured-img":"","footer-sml-layout":"","theme-transparent-header-meta":"default","adv-header-id-meta":"","stick-header-meta":"","header-above-stick-meta":"","header-main-stick-meta":"","header-below-stick-meta":""},"product_cat":[158],"product_tag":[],"class_list":["post-5798","product","type-product","status-publish","has-post-thumbnail","hentry","product_cat-brackets-para-monitor","desktop-align-left","tablet-align-left","mobile-align-left"],"aioseo_notices":[],"_links":{"self":[{"href":"https:\/\/tecnomerch.com\/index.php\/wp-json\/wp\/v2\/product\/5798","targetHints":{"allow":["GET"]}}],"collection":[{"href":"https:\/\/tecnomerch.com\/index.php\/wp-json\/wp\/v2\/product"}],"about":[{"href":"https:\/\/tecnomerch.com\/index.php\/wp-json\/wp\/v2\/types\/product"}],"replies":[{"embeddable":true,"href":"https:\/\/tecnomerch.com\/index.php\/wp-json\/wp\/v2\/comments?post=5798"}],"version-history":[{"count":1,"href":"https:\/\/tecnomerch.com\/index.php\/wp-json\/wp\/v2\/product\/5798\/revisions"}],"predecessor-version":[{"id":5800,"href":"https:\/\/tecnomerch.com\/index.php\/wp-json\/wp\/v2\/product\/5798\/revisions\/5800"}],"wp:featuredmedia":[{"embeddable":true,"href":"https:\/\/tecnomerch.com\/index.php\/wp-json\/wp\/v2\/media\/5799"}],"wp:attachment":[{"href":"https:\/\/tecnomerch.com\/index.php\/wp-json\/wp\/v2\/media?parent=5798"}],"wp:term":[{"taxonomy":"product_cat","embeddable":true,"href":"https:\/\/tecnomerch.com\/index.php\/wp-json\/wp\/v2\/product_cat?post=5798"},{"taxonomy":"product_tag","embeddable":true,"href":"https:\/\/tecnomerch.com\/index.php\/wp-json\/wp\/v2\/product_tag?post=5798"}],"curies":[{"name":"wp","href":"https:\/\/api.w.org\/{rel}","templated":true}]}}