{"id":5765,"date":"2023-12-04T00:50:30","date_gmt":"2023-12-04T00:50:30","guid":{"rendered":"https:\/\/tecnomerch.com\/?post_type=product&#038;p=5765"},"modified":"2023-12-04T00:50:30","modified_gmt":"2023-12-04T00:50:30","slug":"audifonos-tipo-headset-pilas-t-kun-rgb-gaming-usb-y-3-5mm-con-microfono-negro","status":"publish","type":"product","link":"https:\/\/tecnomerch.com\/index.php\/product\/audifonos-tipo-headset-pilas-t-kun-rgb-gaming-usb-y-3-5mm-con-microfono-negro\/","title":{"rendered":"Aud\u00edfonos tipo Headset Pilas T-KUN RGB Gaming USB y 3.5mm con Micr\u00f3fono Negro"},"content":{"rendered":"<section class=\"s_text_image bg-delta oe_custom_bg\">\n<div class=\"container\">\n<div class=\"row align-items-center aos-init aos-animate\" data-aos=\"align-items-center\">\n<div class=\"col-lg-6 pt16 pb16\">\n<h2 class=\"text-uppercase te_s_it_heading\"><img decoding=\"async\" title=\"\" src=\"data:image\/png;base64,iVBORw0KGgoAAAANSUhEUgAAAN0AAADqCAYAAAAmu0APAAAAAXNSR0IArs4c6QAAAARnQU1BAACxjwv8YQUAAAAJcEhZcwAADsMAAA7DAcdvqGQAACwuSURBVHhe7Z0HnBRF2sbfmdlARlABQUDEjyQSTtAzR8R0JwgqIIKYUOBEOTHhGREVT0WCIqLcqSAqCAY8IxhAkaAICiggKiKYQNIuG2b6e56ZXnd2pnvSzvTOMO+f37vd1Ux3VVfX05WrXSJiwBRFcQi3uVUUxSFUdIriMCo6RXEYFZ2iOIyKTlEcRkWnKA6Ttl0Gddxu6VK9hhyRX00Oy8uTxrm5Us\/jkXyXC4FmsNMbA\/+KDEO2e73yU0mJrC8ullVFe2VZYYHs9PnMXynZSFqJ7iBYTwTpHGTAnbGfkwHiipdSRPfn2M4Tn8zB\/pbAYSWLSAvRUWDDILTuCE7ePig0O4oR9W\/BJkKAFKKSHVSp6FrAbofYzkIw3FkktlB8eAT\/g92NvY3mMWXfpUpEx9abofD6n9irkcViC6UAj+IhCG8Stlrr23dxXHQHwp6A2I6D15nQIOI0bIBZBBsM2f1qHlP2LRwVXVvYc+KRpiq2qGzCY+kvXlljupV9B8dE1wk2E4Krr4KLmW14NH0gvBWmW9k3cER0bWBzVXAJQeH1gPDWmm4l80m56A6AvaVFykrBomZ3CO83061kNikdBsaLs9FEBVc5GH9TEI86Zm\/fIKXPkd0Cx6vgkgJbexmfSuaTsuIlO74XoFip\/XDJg\/14p6CYqR3omU3Kcro7cGkVXHJhfDJelcwmJU+QYynPVMGlBMYr41fJXFIiuqG4bDaPpUwljFfGr5K5JL1O1wi2DHW5bJot4DScndAFdbutplvJLJL+yjwfYlPBpRbGL+NZyUySntO9jlzuqHRPEG4U0ho0EE\/Tg8VVt65Ibq5ISYkYO3aId9MmMX75VSTNZ3cvwWM7F7mdknkkVXRcYmGtz5WWM75d9epJ3t\/OkdxTTpbc44+H4Joiy4DYQikuEe+PP0rJwoVSsuB9KX71dTG2bzf\/M33gDPTWbkN26dIPGUdSRXdqzVoyc89e05UeeNq1leojrpP8888Xd739zKOx4\/vjDyl6eY4UPjROvKtXm0fTg4tq5suCPXtMl5IpJLVOx0WE0gVXo4ZSa8rjUu+zpVL9skGRBWfYv3fc++0n1QddiusswfUm47psKkoPOuRXN\/eUTCKpOd34Ro2lz9ZfTFfVkdfjPKk18VHxNGliHjGBuHyFheJds0ZKlyyTUuRcvp9\/FmPXbnHVriXuhg0lp107yenaRTxt24q7BhK1q2JR2bt5s+weNlyK575iHqk6XmjUQP6x9SfTpWQKSRXdrKbN5cRNm01XFeDxSI3bb5Mat94srpwc8yC1Zoj3y6+kcOpTUvTSbDG2bo2Yu1FozNHye58v1a64XHKOaI9D5eIzSkulYMz9UnD3aKiw6hozPmzaRHpv+t50KZlCUouX9ZHoqwyIrOajj0iNf436U3B+sX3\/g+zqP1C2H3mU7B0\/UYwtWyILjuD\/+bu9EybJH12O9p\/v\/f57\/\/UIr1\/jtlHw72G\/v1VFlca3kjBJFR0Xgq0S4G\/NB+6T6tcM\/jNHokCKnn9BtnfuIkUznvd3CSQEzuP52zt3xfVmlgvP7YJ\/V0sN+BtaBHWKKotvpVIkVXRVtdBQtcFXSvXrroUQArfD4t+eW26TXZcMTFpzP6+z65JLcd1RYpgCpn814C\/9rwp0YafMJKmiqwo8HY6QmmPvLxcc6li7R94shQ+MTX4HN65X+MCDsvvGW\/z+EPpL\/xkORYmFzBYd6lO1Jo4Xd+3afieLfoWot+19dLzfnSr2jnvU709ZUZP+s7W0Kut3SuaQ0aLLv+hCyT3uWNMlUrpkqb\/4BzWYR1IH\/aF\/ZeQed5zkXdDbdCmKPZkrutxcqXHTyPJiZVGR7Bp2rQi2jmD6R3+Jv5h5y02BcZyKEoGMFV3u6aeK5\/B2pgsamPmieJctN13OQP+KXnjRdKF+ifDknnaq6VIUazJWdNX69i3P5UpKpODhR\/z7TlPw0CMVWjOr9evj31cUOzJTdDVqSG73M0wH6nKfrxDvqi9Nl7PQX\/pfRm737v7wKYodGSk6T9s24j5gf9OFouXslx1pPLEE\/nIWQhkMl6d1K9OlKOFkpOhyu3YpL1oi0Zcs\/tS\/X1XQ\/\/KRKm7JOaqrf19RrMjMnK4Nv45gwkmn69aZjqrB+w38DxpmlhMcPkUJISNFxyk4ZRh7dovxc9VOJzI4PWh3+WRSd6Py8ClKKBkpOlfQhFSjoNBfr6pS4L9RUGA6GL565p6ihJOZojPrc36qcD5bBYLCUSF8ihJCZqaOdJ\/SolNulAjoK1lRHCYjRcf5cmUYnL6TDnW6oGlEweFTlFBYDkpaiv24xWFy2MbvTFfq4LJ6npYt\/ftcWCh4tH9Vwb65slZV74YN4l2d+k\/0r29xiBy7cb3pUjKFjBSdEkBFl5lkluhcLnE3Pkhc9fcPhJygaOf7cXOVrsLMLgL3wU384fODGDW2\/S6+n2JYBKkSqOgyk4yp07mbN5M6r82V+hu+kXorlkm9z01bsVzqf79Bak541PmBxvCv5oRxfv8ZjvIwLfOHk+F1N2tm\/lhRAmSG6GrXljrzXpX8c84WV36+vx8s2LhcQvWh10ityY+V5zapBv7Uhn\/Vhw7x+x8aJoaT4WW4GX5FKSMjRJd\/YW\/\/ysuR4NJ71fpcKO5Wzozwpz\/58C94EVorcg5vJ\/kX9DJdipKuosvNFU\/nTqYDCffII6MmbuLCeTlH\/sV0pZacIzv7\/YsGw53TpYvpksB96ZIOWU36iQ4Jsvb0Z6TOizPNA0i4caxkHIsQkkE8\/gSHn\/fF+1PhZS9pJ7pqw4ZIfu9e\/nrRvgjvi\/dXDXVBJTtJr5SNtz8bJmIpSmYyvD82\/Ghul52klejcBx8snkOam659G0+LQ8Qd+ikvJStIr5yOnyPeR4uVYTA3t\/r8srLPk1Yp3Lf5J\/Ft22a69m1827cHRqwoWUd6ZSu7d6fFF06doHgO7hP3q2QfaVeW23Pb7VL67UbTtW\/C++N9KtlJ2onO2Pqz7Di9uxROedI8AuIZNGwk+fNYdvjiCVP5b3lfvD8uZqRkJ2nZauHbuNH\/HbgyvD\/8YO5FhmtPejc4k0t6v\/3W718seH8o\/y4474v3p2QvaSm6UPiRDt\/OnabLnlIucb5smelKLaXLlvv9iwbDXfTCS6ZLUTJEdL4N38qugYPEt227ZVGTOU7p11\/Lrj4XO\/upLPhXumaNdY6HY2yh3DUA4Ub4FaUMDv2Io3ISmVRPYnU1aiR5p58m7iaNA\/1cxOsTLwRX\/N58kT3lC746Rs2aknfaqeJp3VrEY77DKLjNP0nxu+\/666ipQiexZiYZJTqlIiq6zCQjipcZQ7Vq+pksJSrZJzq3W3LPOUtqPT1V6rzxun+Zh5yuSfjKTp06Un\/jOtl\/yybJOfEE86CihJNdosvNldpPTZG6r86V6oMGSv5Z3aXGsCGy38L3pfoNI8wfJUZO+8PF3aCBuGrVEtnrUGOOkpEkVXRG8qqHKaH6dddK\/sABYXP1XHl5UvO+eyW32+nmkTjhAkV33+m\/ru\/33\/0tmopiR1IbUuYfcqi0\/y62jmzHQS7H4p8nwnSakpUrpeipaaYrNrj8Xn6vnuJp397v3nPTLVL44EP+\/VSjDSmZSVJFN6tpczlx02bTlV64GjaU\/X\/41p+rpQIuq7536tOye8gwcepLQiq6zCSpxcufgr5GmnYUF4tRGlkMBsTi27EjPvvtNyl+513Z2fsi2X3NUMcEp2QuSc3phtc\/QEZt+8N0pR91578jeaecbLrCKXh0guy5ZZTpihGORtm713Q4i+Z0mUlSc7pVRVWT+GJl98ibxLfLeg5b6foNUjDmfpHCwvisigSnZC5JFd2ywgIpTeMWTO\/yz2THmWdLycpVf37aip+1KkLxcEe3M8X4pWq\/Xa5kB0ktXpLXxSNH+S+bxng84mG\/WuPG4l2\/XnzI5fzFxAxDi5eZSVJzOvKGODSJtDJ4veL9YqWU\/O9N8a1Dos1AwSmZS9JF9zIyzuI0LmIqSlWTdNFthb2polMUW5IuOjIJRUyfCk9RLEmJ6D6HaW6nKNakRHTkLuR1BSo8RQkjZaLjelcP+QuZKjxFCSZloiOTILhFKjpFqUBKRcceu6vwd5MKT1H+JKWiI7\/B+otXtqnwFMVPykVHOI+6jwpPUfw4IjqyAtYTwtOippLtOCY6whzvTAhvobZqKlmMo6Ijv8J6Q3SjYdqPp2QjjouOsFVzAgR3CnK9eXDpkDElm6gS0ZXBDvRBkNxZEN9r2OrsBCUbqFLRlcGxmpdDdF0hvjthSyG+dJ6BriiVIekzx5NFHbdbulavIUfkV5OWeXnSODdX6nk8ku9yIdBpPjPdIX6oX0\/6LF9qupRMIW1Fpyj7KmlRvFSUbEJFpygOo6JTFIdR0SmKw6joFMVhVHSK4jAqOkVxGBWdojiMik5RHEZFpygOo6JTFIdR0SmKw6joFMVhVHSK4jAqOkVxGBWdojiMik5RHEZFpygOo6JTFIdR0SmKw6joFMVhVHSK4jAqOkVxGBWdojiMik5RHEZFpygOo6JTFIdR0SmKw6joFMVhVHSK4jAqOkVxGBWdojiMik5RHEZFpygOo58\/VhQLGsMOhjzqY1sPVh2WByNrIJkPsU1UOCo6JauhmDpDBl1gh8Pawt0MVsMvDWsM\/FsoXrkU+7sCh+JCRadkFYchyXeFHYn9Tti2wTYvgsDsMMQno2BTTXc87HOiOxjWGrfFt9X+2Lpxe9\/C3of7N\/5AyWg8MD7fw7BtAquD\/b14vithC+EugZFmON4a20YwFhM7wjpgn2kifomFQ9HdCPuv6Y6HjBZdAwT\/KGz5xqIdjv362IZHqiFF+PseImki9pcFDippDp9jG\/w9EtYZ+x2wbYVtdYsnzGf8C+wlPOMCSHMEfkOBJhdDduPvCmznwZ9p2Pf5j8dHRomuCYLbF3aE3wJuq+i3x8Cb0JD7EVUTzCPxUhPWHr6ycv07rrUC27K3q1J5jkXcng1jHPMlypws3mdciL\/WwowV5mMiP8G+wf5a2GrYKri\/hiUitGAySHQu+Q8Ki3wglYNvK58cGudtN4e\/N8H\/c7Bf\/kAN2YRrDcH2U\/NIrDCX5tu7LqwWjGLmdfOxZSsZ39Lsz6FPXhgfdLHfDBSnRPbA+NbdAduGY79iu9U8nqnshzteDqttuhOHL1eX5JqueGAjyWTE+CTs\/xI4lHSqXHRMdGwBiv72cMkUPJAe\/iAnBiOUb62J8O0l81gs1IW\/b8LflpZ+G3gj+qQ7tj+bR6JRE9dbjGs1rMS9WMH724ntj9h+j+06bL+CLcX+Zv6gCqkDqwZjLmTX4lcb8bIMxlJEYlBsIgvwPF5G3F4DY5E0PJYN\/4vMwP\/kBA78iQ\/\/LoW9abpTQRWKziVjEMGXY287gjANNzoO+6x72dEb7\/+JOC+2Hv1AEWETtl9iuwzb+bA1\/v+Lj1vh73D4ay8RQ2bgMV5nuqKRhzt4G1drF+GKySMQDywmvYq9p7C\/3X88NbTAPR0DY6MFGzwOwbYBLNe8V74Y6P9ShGUW9l\/DfvkL14V0wNJErPESqKvz3tiQshj2HtxlDWa8yin4y\/Cw9MASwSZs2bD2Lfx5DcYugmBKEZpesE9MdypguKpEdNVxw5\/B9jfdfBiLkHAvwb5dEakjEv8bCHJ4sSHw5voO26+wXYUt7XPsVzaBNUYY34ftZ7qt4cM35Fw8rC\/MI9Fojms+hXth\/dQJ6QUINDaMRjhnmkcqC5\/FybiX7riLk7DPVsPYJWOgOOnDC81ArhyAL7jrLK9gSAH+sqTC3Jv1qy\/8+4Fid7zwxfcpjC2gwZQgPN1hfFGniioTXUtE7ofwPlhAfAhjIJ9HTXcoZ+GcaTinYk5nyFyccxP2UvEGvxN+spgSPSExJ\/HKlf692GAdbhLu5tywqwdypz9gTGgsMvEXLAoxvgL1P9b7oofKCsbzKwjr9dhPtA54NPy+CGE\/C\/tshk8cvgh8eNnyJelCScYtF4Zcz4v\/HwGbhf1kNVrxpf8lLLT+WALfTkBYvjXdqaDKxl4eAAt9VHR3CuxawqE5VgFeC0uF4BrAtz4IVcVwGv5WS+asofBtz76hWGH9hnWwigTqiIfDhzawv8COhh1l7h8BOxTWGNYWhaETYD2xPxR2D86bCvsfrvElbDfMCt7ReZAs+5go3ljZD+ddgzj5EOe+CusPd+UER1z+eH4SW9bvD7K4ng\/38Rm2yWwlZuMVG61CYYylujEqbtH1xSksCz+OyDnaPJYIfMNYeV7D3FpxkLmtiJGyTu+BuMfQSj0TwN34uzQsQbPl0S2DTFcsMHmxOBbKFlw72kuEvv8OYxP2Irhegk1AuG6FDYQAT4W1hB0LG45jr+D\/2epZBoV3AoQzwnRHgi239+G3bOS4C8a+s8pKLZRACy4FGA5z\/WQ\/Y75ArO6B8crSRSqJS3R18PM7YEfDesHm4kHci+OJZJdWbxkS2ppUjstSdHwgTHzJhi1pF4c9GPbXBBoA2PpplY\/8HWeU1VOj4cZvmeOHwhzQ6trxwmusx9\/nEeYrYc+HXJX3xtzKrr7aCP\/3EJ7xR7DLsc8+s9hg8diA3z55AXYbhH8RcuRjYe1g7WGDcJx1MubG87HfB1s+xwMDFwgi0O\/G7pFkwpdp+N0EWj9LA46UEZde\/s8f8WWwx98lV+ASl5lH4oEex\/oICX97oMUZqXgLkt7wK1TkTEgca8cH8xr2t\/mPBsNR6S4U92KDLxir5nG2yCVDdMHURriON\/fLoeACAw2CYSxf4RebG3Utl7+pPzps6DDkHcTSSIjsSH8u65N\/wKbg+AL8Yj2Mz4r9XxzR0Q2\/YVGZguMgA6Yt5nihsNWxvIUzOfBFY5X4WRpItl+hxCW6hrDQE5gXnGruxwNbnKwSlt0NM1ewykHYKJBs0eXCt4HYVpS44e\/\/mmu6\/sD+W7BQGB8XYhvLECTGJRtFQkn2Q2eDzQQYB\/taEdyYxcG\/kxH6e7Gta\/P7cgzkCgbE6ZPrIZ4OsIuxz7piIv2C7Le08pEvN6s6dGWg6Kz8skuXySQu0fFNZBVQ9oFEezyhMLewujm7yGUiDhddoEGDozGSyWm4G\/YxBcOwvoi\/5eV9A0Unq6IIhzC5\/aNNosF4C+\/+SO5Db4KwvAA7C+EKf0aBRqHlpotcid9yAELk52nIVohrHOwYPAH2a03H0fBGofhg0dIqQbJ+m4qczuoeOXg6rURnJ65EBpYGV+qDiSS68qJtORwGFalDPV6Y3DhPquI9GbIHj32G6SqDHe4sMoWSg2v0NvcjwXpt5MRdOf6Ou+BImr\/67yocFpc5AJxxSPirM\/xba5gcv8VZLD52xXYM3Bz5kizYemmVIJP9UiV2o16Y06VV8dKukYMJNN7EY5eN21ViWdan6ENheT+ZFd\/DESXHW9zNe\/DnR3O\/DHakvorjVvfBnMWq6BiMXXzaNybFBqeyPIWnMgVbu6FmDDVHqEwx3YQvC9ZJw6EwfXIXxHYitiw+JvNFV4Zd7pP8MZDhrdJlpOK+QolLdPb1rfhhTmeVWO36YtgQYPVA2OKVvDdTIJcLFbcXIX3e3A+FdbzwERGBxB6trmsXborOWiqRYd3teoiNI2j+hn2750LBvYG7Go794DDwPsNbCQ35Gr86G\/YYXOH3mjysBzoHBnMnm0iiS6vipV2Okkjx0u7h2YnOrv+OlexkRRJbR5lYKxIoUn1kughzsBPxu2GIvqHYt7oXNvz0MPftsKvXxlvs5EPsg78fwm7BmZGa9lmknAZ5XYV9NsUHQwFy\/Y9QWuC6E2D34bpsJGoROJx0rEoGDE0qRvvbxZFdCSyZxCU6uwDFKzoKKHTMWxl2YuQ5VtEU68j+WODwo9A+K97vyzB2Yg9HdHEkxlrYLNjtcLMvz24qCoVp1Q9Xhl29lteLVXTnIAzvIiyPYstObHsM2QVZjYDgbobL+uUWyNErFrE4WNglf8H1L4c\/E5EPL8Z2Few5HLse\/3csfmVV9I8Xq9ExfBEkO6djomf90Yq0y+lC34xl8FGHPm4Kkf16HDF+Lbx5BMbO9C9gG\/DgXsBxq5Y7uyKXXSNO8FuQI9xZl2Lf0iBYdxyzK0aEwgGw\/XCOlR8XIsyLYKPwGzZK5Fv+KpRAjtPNdFnBe7V6ybCpPtqLrDvC8iZ+9TS2nPAZKUQsTnJUP4uIoY1BoSyFKG\/E7yMNhaJvLD6fAb9vQRj4XL+BvQL3TTjOkUpxJSw\/gZkAoTBnLhMdSwBcIeB82GUwvvDoV7wvffYv24nO7qWfTPisYhb2qQjudJxS8SYNiMgnD2GvFf6PQvs\/7DeHxZY4gzFQSffKSNMVzEnwdaaF3+\/6gx+YEBq+VIPhj8SyZRo4r8yOM3FlDqaO9wFGxpC3cT+cOWEVyRT6J7CmpjsAR2D45AhsQ5vgeW9\/w+\/\/gT3reWKhMHcz8MLzyeNwxdPX1Rr+3AwfOJ40\/oYd9p0G+jGfgHFsbHRc8iD85NC7YDjVhrkvp0FxJnm1kP8v8+tF\/I51zliKooz3JTCO5a1IYCA4B62nkrheSBz1Hp54OLnTgxv2yHW4HHM2ii9+wQWwqzdaB9Qlp+N\/TsfWesGZQNHoLPzmFYTvdv+RcHhmf2yTK7gAnMtlNyyMIggfY8lE7qogROYA\/XAPHyCET2LLRXYix25gGNYb+HsqbCKOxCM4wsaTQTjrBBj74zghNvZiF4vVLHq7ZR6MMxFiweqecnD+JTCukxIuOBLwawji5gNsYxmowavYDfS2K\/Ink7hEl8xGCzvsEkflugUCb+sr\/A8oHDYUsP6VOIH5dFYvJA7iPdl0hcLWwl8tzmJY28E4RGs4EtOnsHEIYywDjRmKVRBJP1z9UuxXth9tA64xBtc7DtdjR\/gN2J8B4ywGrjcTGdZ3A6NhuORdNOJ9MVQk8OJlA1G0OOLL1W5om11DXjKJS3RMIKkOlF3E2zXixEagL49FTKshY31gdgOwwwkMfWKLJscPcv5fD1hnHCvrZA6GrZinm\/vhlE\/eDIbSotg4qn8U9rkAU3QosMBwrG7Yn28eTSaccf0M\/LgOxlkM\/wfjtKJ74X4d\/8dZ+lYvHg6U\/zf2Ik8jClQFEidQzORczGjphI1ydqUaJ3I6Ps2Y07LdbNvIBAarctEcTqtnMYVl\/INwnX\/C+4rJiSMkvHK36QqmA6Lpf\/i1VeNLKHz0rA9txJZFYm45wp6DakPhdBwO7OWyAsHwGhQRExJzC15jA7a8By75ENrQwDuZgetwCFlFDNmCGDgKW6uOV44aYSd2\/A0PZXD+nSGT4MczcDnRuWsH7+FS3M8duJ9QgXHtkatgr5puK27GuVw6LzqBNLUFxufD5\/S5ef+xjMNtCn8+gT\/hDTeMR6\/cZbpSRVyi41t7HgJsV1RgQmVnNYXFxMm5Xly6bDW2TPzBDMR1HgyLYAPFKC9yj3Ca4\/cf4\/fWogu0tnGNjA9gH8IojFhuzG42+iqEg0Oi4inyXI1r3YVrhd4VGwO4lAMnYobCFbAWwcKntESGcc0E9wSu+xzcdi3LqYbxxhZddl2cjf3GFvcfwP7ZlsF62Z22Z3O8Z+D50thvmmj\/XQv4sxD+hKclNjp55T7TlSriesHy7fIDAlYRroLF0eWl\/lnN7WDn4ZcjcXwq7GP8IlRwxGoKB7HrMrAe7sXFaNg6GPC3L86ejGMUeWxvEpf0wt\/QSOADZkKOt47BIp1V3ZNFmS6B3TA4W2FJjKElDNta3Cf72zh15kkcc1pw7MTugVh7HHf2JYxdBlciLiOtQ8qGnWjrjli1GfC8J3GvZ8A6wnUt3LNxvDId5pEazJwoKcQlOkYJE3QoTJwfwOKJCLtiol2DCSPDajb19wjTW9gmkvA4AuXksGQSaNxgh3i8sNHBqnmcSbG9uW9FLC29FNsniGm2KJ6ExMdR\/U70KQVzHJLLFCRZdoxzOcReCPcBUcMeGLd5MyxS0ZJwoEP4S5e5mhHzgk+xEEl0TsRpnKITf84VKgy2BEVPNhWx89iuoYaNFz+Y+8FYTe+PlTMRaqvRJHP9CSV+vEgy83CuVb7FbyzYwTqZNYFWUfYdnQM7D\/tv+I86C6sVFNvL2OO0n1oxPW1Og\/LJ0wj3Cdj+xzwaCS4GFCo6ppPKPOP4sK53J5u4Rccl0z4NeewUXbwXsks4dq1HfBhsPQuF3w8re3Nx9AnHTv4LoZlq2ki4rea2MfdhHaRi8mELWqCOlChP4RpcPyU0pKEzFMox\/KtcVXzYgflqjyLBspn+Srir8vsL7PZgA1FsL1bW69k36EVdjzlcoBEtFlhns5qNHyw6TsQdgOc6FsYVvzn8jSsX8EMhsRIpN3Mip2M82qV\/Wzgxkqs3scPShdO\/9b\/N4uvjOA5SeRFnBxcz2SbF5mi7Ef2X4RwOui1\/+Gyd5EKvgU5oDoeyKrZSAmzceRrXfhZuhvNA3ANbYivWLdnUzrphApESBFvFzse1j8GWcwDZvcARIZFa1o7B78\/Fljn6x\/5wONNnFCtsZeV6OJGmCnGw9LO4V66pmciKWnyyLyEeKvaZcsl6thwHlpto6v9VKIGurA\/h93jsR1solmuZckRKeOsl1+C0T3\/JIiHREZ5I0TXD6RxexZVz4+UC80GyE5iwle982GK\/K5xW+P0C\/NauPhgNJgyOsOfbtweuNRnXCs6h2azNBXy46rASDnO8vrCesI5w8zmwBZUrZ8+Gxfs9Byuuw3O5FddPjECHPRvU+KVUO\/bHU18BC+2b5Uv\/Glgi9fl4SFh0yYJvzsGwv2J\/GW6YfSR2rYYcqPoGIotfzowfjmk05Fr48QrODx\/nZ8hG\/N+J2FZlX1emwCI9qxXJXiOyDa78Dp5L7IMVggkMWuiFbaQ1WuwWmqXoroCl+qUbd50u2fyMW+U6khwBz7GRkZrpOWyK9a343hKsp3HN\/IAfr+AIb5pF0WB4zRfwVwUXG3xOyRYc4ZjPhXE+YT49rhLNfkB+yCXaokgMu1VLOH114vlXeU4XLxzAPBey4Tei7QmIhw0ab+NhsLgQ3J3BkTVLYeVL7LGvkUObUjNLWYmP9sjtXsPzjbTcBasKXFSJAyHYYsxuo1gbQVhi4rQoFpGDYevzRbBIRdNkkHGiIy0hmGcQdE4jChBYFexrbD+B8U3JiLP7JJMH57+Lc\/lhd567A8YKNJvjlfTgIjwlNpqVN3QFRh19ji0bmjgqhauY2Q2miIxLHkAa4JzLYNim0AO2xHSniowUHeHYvm4IPsdM8ms97D+MZ\/3LQ3Euuwz4mS5+iywVq0QrlYMjXDgJmAOU+clhdpskq0mfLZizcf3gbw7y4yGnw59EPqcWDxkrOkWpLPWQ\/IdAfBxjy7Gv\/FTbEGxT3VWjolMUh6ny1ktFyTZUdIriMCo6RXEYFZ2iOIyKTlEcRkWnKA6jolMUh1HRKYrDqOgUxWFUdIriMCo6RXEYFZ2iOEzMA55zDr9B5r0+XNpV9oPYMeOV75\/uK8ffEW2ZmThwN5erZ82XUV3Dl6QhJaselnP+9oisiTR93YKclv3lyRdHy2kNOD3SAt9OWfrvvtJvwsrAamfuhnLpjI\/lnuOsw+Hb\/rIM7jpc3ox7GrNbml89S+aP6mqx6A4oXiT\/Oraf\/Odnq1lo9ucaxevlmcvPl9vet5pvHQOeQ2XI7HflliOtV7cpXnqvtDx\/sunKDii6qJbT6W5jRbHhIKXGhvEnW4YlYfO0NEYutL+J4uV3Gh1yLM6LYJ5mvYypawoNn3mNMHwFxuonehiN3UHnuRsbw94rMn8Qjvf354ye1YJ+H7N5jJYjFxq2d1j0njGssdvivGjn+ozSH2cblx7qsTgvBvO0Nm7+JEK8Lxxpfd4+alq8rATuRmfLw6\/+Ry5rY\/3lNDFK5PuXrpG\/D50rPyU2xTlNcImnSU8ZP\/NOOd7uE6ZKzKjoEsRd\/2S5Z+50GdbRZr1jwytb3xop5w36r6y3Wys+o3BJ7S43yfTJF0vzSOuSK1FR0SVC3b\/KzbNnyc1H85s7Vvjkj4\/vkd59HpUvCsxD+wKuXGl24SSZMepo2w\/AKNFR0cVLjU4yfOYcufskLllqhSF7vpgo\/XrdI4sS+SBCuuOuK8fcNkMmXcB1vpVEiLn10l3vCDnjjPZSL2pM50inwZNk5En88G04RvESmXDlOFkcdSEKQ3Z\/M19eW16ZjyKF4GkpIz9YI2OPs25FK\/nsLuly9J2y0q44mN9Wrnj+LXmsR1PJtS5TStG6Z2Vgt8vkhe8jNIG6G8uwdzbKhFNtWi+3TZfeTfrLnLg\/C+qRliM\/kDVjj7NeBbt4vvyjRTeZaFnBjHJuCL7tH8iobmfL\/ctjyMo9reXmhavkvr\/axPuiGyXv+AdNV3YQ1rpSOatm9Hzud8NrtkyF4iucY\/SvYXWeA1aZ1sucQ41+z64ziuybKY2SH+cYV7XNtz4\/2DKu9dIKn1H09VSjx0F21wsybb2sYFpCiAVPE+kx6TWZevFhkmeZw+HN\/9v7clvPS2TKmmxZI9olea0GydRnr5MOdl\/NVyxR0UXD3UC6j31VnrmynVS3E9zOpTL2wt7y4NLd5pFswS37nzpGZj58jjTQlBQzGlWRcNeTE+6YIzOv+4vUthGcUbhapg7oIaMWbEtwteEMx5UvbQc\/Lf8d0s56FIwShorOllpy1MhZMnvUMbKfTSwZJd\/JS1efJ0Nf+Sk7BVeGvzQwU8Z2s2vRVYLROLKkmhwxdKbMGX2KHOixzuIM71Z564bzZOAz68M+B52NuKq3l2H\/nSZXtHZscG7GoqILI09aD3pWXnvkbGmcY1eJ2y6L7uklfcabA5izgZKVMnf2ailk+5slLvEcdK48\/Py9cvJ+5iHFEhVdBdzS5MIn5NXHe0lz6444UCrfTO0vve75WPbFvm97dsqi2\/rIjW\/\/GqEo7ZKanUbIc09dKofqUDFbVHRB5HS8QWY9PVBa5dsJjrilUYeu0oKfksk2ilfLYwMGyZS1Rf4OJ0tcOdKk53iZeefxomOjrUl70dVs3FY6dOwoHeOwDi0PTKglzeWpLjUiCo64pc7Ro+S5cT2kURa+sny\/zJPrL7pVFvweoenIVVu63DRdJl\/cXDTDCyfNk02+HHXLPPlsxQpZEYctmzZAmqTyabty5bBBU+Q\/WdpMvnflOOl\/xTRZV2yb3yGKmsmFk2bIqKN1aHQoWrxMFPeBcsYD02V0Qq0Ghhj26RUp1pXwg\/G4I50Zxd+Y8cmWuddK3zs+kj8iZHjuusfIbTMmyQUHRys9ZBcqukrgqtFRrn9msvRrFme26tsre4si5BJ51aVaQjm1S6pVzzf3LTCKZG9hsnoUC2T52P4yePpGKbGv4Enuof3lieeGS1vtOf8TFZ0tPtm+6EEZMX657IqQqHKaXiCTnh0pneNqWCmSnbv22jZGuHL3l4YHJvJoPNKg4QG2D9Uo3CU7k\/X9YOLbJC8O6Sf3Lt4RoUXTLfWOv1oG\/CWWuQvZgYrOEp\/sWDJWep93szwy4iIZPnezeG2F55b9TrhTZvz7bIldJ6Xy0+afxXbyj6eltG2TQCJ17y9tWjW0fajeXzbLT8nuyd+9WEb3Gyov\/VBq36KpVCDNReeVbd98IgsWLIjPPvshQiduNAzZvWKi9DtvlMxnC513g0y7vL88vGKPfaJy5Uubq56Spy5vJbGNxyiWdWs32BfLPA3lmJM6xt9IU\/ckOalzLvJfKwwpXr9GvklmTmfi\/W66DL74AVluXyRQQmBMJdEydz4d54gVfDXF6Nk0fNWrnNZXGa9uKbVf9Qv4di0x7jm2dti5VpbTOfLqaiXrJhin1LQ+19rcRtOr5hnb7SLeKDZW3N3JwEvB4lxalPl0xR8ZN0RcDQznD3rZ+LE0UgxZo\/PpspmSj+XO84bInE3hBb\/Sr6fKoAGT5KsIWairVhe56dkJ0rtx9Ggt\/eptmb\/RvqyX03KQ3D+yq9Q03dFwH9RTRt9yhtS187r0O5n\/9uoUjhP1yoZpl0v\/h1fIHvsoUoCKLoiSVe\/Km9\/ZJUuf\/P7OSOlz49vyq22rAVvrLpHJz1wr7SM0IvopXiIzZ6+1L2K6akrXW2fJ9OFdbWc5lJHT7BwZO2eq9D8kx7ZoWbJ2lsxckoKyZQW2y\/u39pURr2+NUAdWVHRxUSxfPTZABk1ZK\/Yt\/oGJnTPuOy3KejLFsvzJx2XBDvt2P3Ywn\/fIB7Li3cflht7HSIu6wf0I1aTB4afLZXc\/L0uWz5URtiuTAd9OeX\/yVFmeas2R0q9l6qABMvGrQn9ZSrGGcZNE20fXSAm2ah2Nf773m+09El\/pj8asAS0MyMT6Gn6rZhx9z3KjIMZqkK90r\/HHL5uNH3\/cYvy+u9jwxXQe6qmfjTb+GnXNlcrW6Spa3uHDjDd\/iRRD5WidTonO3i\/kkf5XyLR1xf5YtMLlaSI9xz8nt3SNVCvbK5\/ed7WM+SRSP1c5Lk++1D2wsTRp0kjq18zlwJWo+HYulvsGj5HFDs9BKv7qMRkwaIqsjTAIIFtR0SWIb8tcubbvHfJRhHFQHAb1r+cekb83jBDNBUtlzIWDZOrqAlsBJ4pRsEaeGnSB3Lu0Kla89ckv866Xi25dIJHGRmcjKrpKULB8rPQfPF022reGSF6ry+XJaVdLmwidbr7Nc+Sa03rI6AVbIgypigdDSra+L2POP02ufnlzTLloatgrK8f1lyumrZMIY6OzDhVdpfDJpheHSL97F4t9e4hbGpw5VqbfdWLE+WW+re\/I7d2OlO4jn5Xlv5YknOsZpb\/JZ9NvkjOP7Ca3vbWlCgVn4tsic6\/tK3d89EfVhyVNUNFVmt2yeHQ\/GfrSD1Jqm+HVlM7\/fEYe69M0coR7t8iChwbIUa06yd+vGyezP\/5W\/ogl6zNKZcd3i2XO+BHSo1Mr6dr\/QZmf9PFelaBguYztP1imb0z8ZbIvwaq4xkMak1OvhXTq0lU6tDlEmh10oNSpWV3yPV4pLiyQnb9vkU0bv5GVy5bIig3bxIkeAaXyqOgUxWG0eKkoDqOiUxSHUdEpisOo6BTFYVR0iuIwKjpFcRgVnaI4jIpOURxGRacoDqOiUxRHEfl\/\/om8UrbU0H0AAAAASUVORK5CYII=\" data-filename=\"image.png\" data-original-title=\"\" aria-describedby=\"tooltip299815\" \/><\/h2>\n<div class=\"s_hr text-left pb32 pt8\">\n<hr class=\"aos-init s_hr_4px s_hr_solid mr-auto w-75 border-epsilon aos-animate\" data-aos=\"w-75\" \/>\n<\/div>\n<p class=\"mb16\"><span>Los aud\u00edfonos tipo headset T-KUN RGB Gaming USB,, en elegante negro, ofrecen una experiencia de juego excepcional gracias a sus almohadillas c\u00f3modas dise\u00f1adas ergon\u00f3micamente. Estas almohadillas de alta calidad se ajustan perfectamente a la forma de los o\u00eddos y la cabeza, garantizando comodidad duradera durante sesiones de juego prolongadas o largas horas de trabajo. Experimenta la comodidad definitiva y el rendimiento superior con los aud\u00edfonos T-KUN, ideales tanto para gamers como para profesionales. Eleva tu experiencia de audio y comunicaci\u00f3n a un nuevo nivel con estos aud\u00edfonos de vanguardia.<\/span><\/p>\n<\/div>\n<\/div>\n<\/div>\n<\/section>\n<section class=\"s_text_image bg-delta oe_custom_bg\">\n<div class=\"container\">\n<div class=\"row align-items-center aos-init aos-animate\" data-aos=\"align-items-center\">\n<div class=\"col-lg-6 pt16 pb16\">\n<h2 class=\"text-uppercase te_s_it_heading\"><b><span>MATERIALES DE ALTA CALIDAD<\/span><\/b><\/h2>\n<div class=\"s_hr text-left pb32 pt8\">\n<hr class=\"border-epsilon s_hr_4px s_hr_solid mr-auto w-75\" \/>\n<\/div>\n<p class=\"mb16\"><span>Los aud\u00edfonos tipo headset T-KUN RGB Gaming,\u00a0\u00a0Est\u00e1n construidos con materiales de alta calidad que aseguran una vida \u00fatil prolongada, lo que los convierte en una inversi\u00f3n s\u00f3lida para a\u00f1os de uso intensivo. Ya sea que seas un apasionado gamer o un profesional que busca rendimiento y fiabilidad. Experimenta la combinaci\u00f3n perfecta entre comodidad, estilo y resistencia con los aud\u00edfonos T-KUN, que se mantendr\u00e1n a tu lado a lo largo de incontables aventuras y desaf\u00edos.<\/span><\/p>\n<\/div>\n<\/div>\n<\/div>\n<\/section>\n","protected":false},"excerpt":{"rendered":"<p>&#8211; Respuesta frecuente 50Hz a 16KHz<br \/>\n&#8211; Sensibilidad 98dB +\/- 3dB<br \/>\n&#8211; Impedancia del micr\u00f3fono 2,3 K\u03a9<br \/>\n&#8211; Unidad de controlador 50mm<br \/>\n&#8211; Impedancia del controlador 32 ohmios<br \/>\n&#8211; Micr\u00f3fono de alta calidad<br \/>\n&#8211; RGB para Gamers<br \/>\n&#8211; 1 x Puerto USB<br \/>\n&#8211; 1 X Jack 3.5 mm<br \/>\n&#8211; 1 x Fivisor de audio<br \/>\n&#8211; Est\u00e1ndar impermeable IPX -5<br \/>\n&#8211; Compatible con PC, PS4, Xbox, Laptop, TV<\/p>\n","protected":false},"featured_media":5766,"comment_status":"open","ping_status":"closed","template":"","meta":{"om_disable_all_campaigns":false,"_mi_skip_tracking":false,"site-sidebar-layout":"default","site-content-layout":"default","ast-global-header-display":"","ast-main-header-display":"","ast-hfb-above-header-display":"","ast-hfb-below-header-display":"","ast-hfb-mobile-header-display":"","site-post-title":"","ast-breadcrumbs-content":"","ast-featured-img":"","footer-sml-layout":"","theme-transparent-header-meta":"default","adv-header-id-meta":"","stick-header-meta":"","header-above-stick-meta":"","header-main-stick-meta":"","header-below-stick-meta":""},"product_cat":[15],"product_tag":[],"class_list":["post-5765","product","type-product","status-publish","has-post-thumbnail","hentry","product_cat-uncategorized","desktop-align-left","tablet-align-left","mobile-align-left"],"aioseo_notices":[],"_links":{"self":[{"href":"https:\/\/tecnomerch.com\/index.php\/wp-json\/wp\/v2\/product\/5765","targetHints":{"allow":["GET"]}}],"collection":[{"href":"https:\/\/tecnomerch.com\/index.php\/wp-json\/wp\/v2\/product"}],"about":[{"href":"https:\/\/tecnomerch.com\/index.php\/wp-json\/wp\/v2\/types\/product"}],"replies":[{"embeddable":true,"href":"https:\/\/tecnomerch.com\/index.php\/wp-json\/wp\/v2\/comments?post=5765"}],"version-history":[{"count":1,"href":"https:\/\/tecnomerch.com\/index.php\/wp-json\/wp\/v2\/product\/5765\/revisions"}],"predecessor-version":[{"id":5767,"href":"https:\/\/tecnomerch.com\/index.php\/wp-json\/wp\/v2\/product\/5765\/revisions\/5767"}],"wp:featuredmedia":[{"embeddable":true,"href":"https:\/\/tecnomerch.com\/index.php\/wp-json\/wp\/v2\/media\/5766"}],"wp:attachment":[{"href":"https:\/\/tecnomerch.com\/index.php\/wp-json\/wp\/v2\/media?parent=5765"}],"wp:term":[{"taxonomy":"product_cat","embeddable":true,"href":"https:\/\/tecnomerch.com\/index.php\/wp-json\/wp\/v2\/product_cat?post=5765"},{"taxonomy":"product_tag","embeddable":true,"href":"https:\/\/tecnomerch.com\/index.php\/wp-json\/wp\/v2\/product_tag?post=5765"}],"curies":[{"name":"wp","href":"https:\/\/api.w.org\/{rel}","templated":true}]}}