{"id":5708,"date":"2023-12-02T06:19:46","date_gmt":"2023-12-02T06:19:46","guid":{"rendered":"https:\/\/tecnomerch.com\/?post_type=product&#038;p=5708"},"modified":"2023-12-02T06:19:46","modified_gmt":"2023-12-02T06:19:46","slug":"audifonos-bluetooth-jbl-tune-flex-ghost-edition-in-ear-con-microfono-blanco","status":"publish","type":"product","link":"https:\/\/tecnomerch.com\/index.php\/product\/audifonos-bluetooth-jbl-tune-flex-ghost-edition-in-ear-con-microfono-blanco\/","title":{"rendered":"Aud\u00edfonos Bluetooth JBL Tune Flex Ghost Edition in-ear con Micr\u00f3fono Blanco"},"content":{"rendered":"<div id=\"product_full_description\" class=\"oe_structure container te_product_tab tab1C\">\n<section class=\"pt64\">\n<div class=\"container te_max_width_3_blocks\">\n<div class=\"row\">\n<section class=\"col-md-4 px-lg-4 te_menu_flip_box\">\n<section class=\"te_service_icon te_menu_flip_box_inner pb48\"><span class=\"te_three_blocks_icon bg-white rounded-circle text-center te_span_icon_block\"><img decoding=\"async\" class=\"img-fluid o_we_custom_image\" src=\"https:\/\/www.imeqmo.com\/web\/image\/1771140\/icon_JBL_Battery_Generic.png?access_token=b9fb394e-31d0-415c-8b60-28c0d8c3fe86\" \/><\/span><\/section>\n<section class=\"text-center pt-4\">\n<section>\n<h4 class=\"te_three_blocks_heading mt-4 mb-4\"><span class=\"text-delta\">Hasta 32 horas de bater\u00eda<\/span><\/h4>\n<\/section>\n<section class=\"pb72\">\n<p class=\"p-4 pt0 te_three_blocks_content\"><span class=\"text-delta\">No te pierdas ni un beat con 32 (8+24) horas de duraci\u00f3n de la bater\u00eda u 6 horas, m\u00e1s 18 horas en el caso de que la cancelaci\u00f3n de ruido est\u00e9 activada. \u00bfNecesitas un poco m\u00e1s? Carga r\u00e1pida durante solo diez minutos para obtener dos horas de tiempo de reproducci\u00f3n.<\/span><\/p>\n<\/section>\n<\/section>\n<\/section>\n<section class=\"col-md-4 px-lg-4 te_menu_flip_box mb0\">\n<section class=\"te_service_icon te_menu_flip_box_inner pb48\"><span class=\"te_three_blocks_icon bg-white rounded-circle text-center te_span_icon_block\"><img decoding=\"async\" class=\"img-fluid o_we_custom_image\" src=\"https:\/\/www.mytec.com.gt\/web\/image\/1779879\/icon_JBL_IPX4.png?access_token=5aaf9e02-95e8-4dd7-b4e4-cfaca49daf5a\" \/><\/span><\/section>\n<section class=\"text-center pt-4\">\n<section>\n<h4 class=\"te_three_blocks_heading mt-4 mb-4\"><span class=\"text-delta\">Resistente al agua y al sudor<\/span><\/h4>\n<\/section>\n<section class=\"pt0 pb80\">\n<p class=\"p-4 pt0 te_three_blocks_content\"><span class=\"text-delta\">Que no te disuada el mal tiempo. Gracias a la resistencia al agua IPX4 y a la resistencia al sudor, no hay entrenamiento o aguacero que los Tune Flex no puedan soportar.<\/span><\/p>\n<\/section>\n<\/section>\n<\/section>\n<section class=\"col-md-4 px-lg-4 te_menu_flip_box mb0\">\n<section class=\"te_service_icon te_menu_flip_box_inner pb48\"><span class=\"te_three_blocks_icon bg-white rounded-circle text-center te_span_icon_block\"><img decoding=\"async\" class=\"img-fluid o_we_custom_image\" src=\"https:\/\/www.mytec.com.gt\/web\/image\/1779893\/My%20JBL%20Headphones.png?access_token=fc43e493-2bec-4963-b641-c01fdd268ca6\" \/><\/span><\/section>\n<section class=\"text-center pt-4\">\n<section>\n<h4 class=\"te_three_blocks_heading mt-4 mb-4\"><span class=\"text-delta\">Aplicaci\u00f3n JBL Headphones<\/span><\/h4>\n<\/section>\n<section class=\"pb24 pt0\">\n<p class=\"p-4 pt0 te_three_blocks_content\"><span class=\"text-delta\">La aplicaci\u00f3n de auriculares JBL te permite disfrutar de tu m\u00fasica a tu manera. Personaliza tu experiencia de escucha y los gestos de control t\u00e1ctil, encuentra tus auriculares, controla el ruido ambiental y los modos de audio y v\u00eddeo inteligentes. Descarga la aplicaci\u00f3n de forma gratuita y descubre todo lo que puede hacer.<\/span><\/p>\n<\/section>\n<\/section>\n<\/section>\n<\/div>\n<\/div>\n<\/section>\n<section class=\"oe_custom_bg pt32\">\n<div class=\"container te_max_width_3_blocks\">\n<div class=\"row\">\n<section class=\"col-md-4 px-lg-4 te_menu_flip_box\">\n<section class=\"text-center pt-4 oe_custom_bg\">\n<section>\n<h4 class=\"te_three_blocks_heading mt-4 mb-4\"><\/h4>\n<\/section>\n<section class=\"pb8\">\n<p class=\"p-4 pt0 te_three_blocks_content\">\n<\/section>\n<\/section>\n<\/section>\n<section class=\"col-md-4 px-lg-4 te_menu_flip_box\">\n<section class=\"te_service_icon te_menu_flip_box_inner pb48\"><span class=\"te_three_blocks_icon bg-white rounded-circle text-center te_span_icon_block\"><img decoding=\"async\" class=\"img-fluid o_we_custom_image\" title=\"\" src=\"https:\/\/www.imeqmo.com\/web\/image\/1771153\/icon_JBL_Comfort_Fit.png?access_token=1e18314c-f48e-4e9e-8e14-cdd41f51745e\" data-original-title=\"\" aria-describedby=\"tooltip39760\" \/><\/span><\/section>\n<section class=\"text-center pt-4\">\n<section>\n<h4 class=\"te_three_blocks_heading mt-4 mb-4\">Ajuste y comodidad durante todo el<b>\u00a0\u00a0<\/b>d\u00eda<\/h4>\n<\/section>\n<section class=\"pb8\">\n<p class=\"p-4 pt0 te_three_blocks_content\">Nunca te quedes sin tu m\u00fasica. El dise\u00f1o de barra abierta garantiza una gran comodidad sin presi\u00f3n y un sonido natural. Las puntas de sellado adicionales en 3 tama\u00f1os junto con el modo de punta de sellado de la aplicaci\u00f3n te permiten aislarte de ruidos ambientales sin comprometer el dise\u00f1o ligero y elegante de estos auriculares.<\/p>\n<\/section>\n<\/section>\n<\/section>\n<\/div>\n<\/div>\n<\/section>\n<\/div>\n<div class=\"recommended_product_slider_main container mb32\">\n<div class=\"alternative_product_main\">\n<div id=\"myCarousel_alt_prod\" class=\"carousel slide theme_carousel_common\" data-interval=\"5000\"><\/div>\n<\/div>\n<\/div>\n","protected":false},"excerpt":{"rendered":"<p>Sonido JBL Pure Bass<br \/>\n&#8211; Tecnolog\u00eda Smart Ambient<br \/>\n&#8211; Manos libres con VoiceAware<br \/>\n&#8211; Versi\u00f3n BT 5.2<br \/>\n&#8211; Auriculares con protecci\u00f3n IPX4<br \/>\n&#8211; Resistente al agua<br \/>\n&#8211; Frecuencia din\u00e1mica 20 Hz &#8211; 20 kHz<br \/>\n&#8211; 8 hrs y hasta 32 hrs con estuche de carga<br \/>\n&#8211; Tiempo de carga 2 horas<br \/>\n&#8211; Cuenta con 4 Micr\u00f3fono integrado<\/p>\n","protected":false},"featured_media":5709,"comment_status":"open","ping_status":"closed","template":"","meta":{"om_disable_all_campaigns":false,"_mi_skip_tracking":false,"site-sidebar-layout":"default","site-content-layout":"default","ast-global-header-display":"","ast-main-header-display":"","ast-hfb-above-header-display":"","ast-hfb-below-header-display":"","ast-hfb-mobile-header-display":"","site-post-title":"","ast-breadcrumbs-content":"","ast-featured-img":"","footer-sml-layout":"","theme-transparent-header-meta":"default","adv-header-id-meta":"","stick-header-meta":"","header-above-stick-meta":"","header-main-stick-meta":"","header-below-stick-meta":""},"product_cat":[69],"product_tag":[],"class_list":["post-5708","product","type-product","status-publish","has-post-thumbnail","hentry","product_cat-audifonos-headsets","desktop-align-left","tablet-align-left","mobile-align-left"],"aioseo_notices":[],"_links":{"self":[{"href":"https:\/\/tecnomerch.com\/index.php\/wp-json\/wp\/v2\/product\/5708","targetHints":{"allow":["GET"]}}],"collection":[{"href":"https:\/\/tecnomerch.com\/index.php\/wp-json\/wp\/v2\/product"}],"about":[{"href":"https:\/\/tecnomerch.com\/index.php\/wp-json\/wp\/v2\/types\/product"}],"replies":[{"embeddable":true,"href":"https:\/\/tecnomerch.com\/index.php\/wp-json\/wp\/v2\/comments?post=5708"}],"version-history":[{"count":1,"href":"https:\/\/tecnomerch.com\/index.php\/wp-json\/wp\/v2\/product\/5708\/revisions"}],"predecessor-version":[{"id":5710,"href":"https:\/\/tecnomerch.com\/index.php\/wp-json\/wp\/v2\/product\/5708\/revisions\/5710"}],"wp:featuredmedia":[{"embeddable":true,"href":"https:\/\/tecnomerch.com\/index.php\/wp-json\/wp\/v2\/media\/5709"}],"wp:attachment":[{"href":"https:\/\/tecnomerch.com\/index.php\/wp-json\/wp\/v2\/media?parent=5708"}],"wp:term":[{"taxonomy":"product_cat","embeddable":true,"href":"https:\/\/tecnomerch.com\/index.php\/wp-json\/wp\/v2\/product_cat?post=5708"},{"taxonomy":"product_tag","embeddable":true,"href":"https:\/\/tecnomerch.com\/index.php\/wp-json\/wp\/v2\/product_tag?post=5708"}],"curies":[{"name":"wp","href":"https:\/\/api.w.org\/{rel}","templated":true}]}}