{"id":5626,"date":"2023-12-02T05:52:44","date_gmt":"2023-12-02T05:52:44","guid":{"rendered":"https:\/\/tecnomerch.com\/?post_type=product&#038;p=5626"},"modified":"2023-12-02T05:52:45","modified_gmt":"2023-12-02T05:52:45","slug":"audifonos-argom-bluetooth-con-microfono-in-ear-ultimate-sound-fit-negro-arg-hs-2038bk","status":"publish","type":"product","link":"https:\/\/tecnomerch.com\/index.php\/product\/audifonos-argom-bluetooth-con-microfono-in-ear-ultimate-sound-fit-negro-arg-hs-2038bk\/","title":{"rendered":"Audifonos Argom Bluetooth con Micr\u00f3fono In-ear Ultimate Sound Fit Negro ARG-HS-2038BK"},"content":{"rendered":"<h2 class=\"text-uppercase te_s_it_heading\"><b>ARG-HS-2038BK<\/b><\/h2>\n<div class=\"s_hr text-left pb32 pt8\">\n<hr class=\"border-600 aos-init s_hr_solid w-25 mr-auto s_hr_4px border-alpha aos-animate\" data-aos=\"s_hr_4px\" \/>\n<\/div>\n<p class=\"mb16\">Nada puede detenerte con estos auriculares resistentes al sudor que son el compa\u00f1ero perfecto para tu vida activa. Con orejeras de silicona suave y ganchos en la oreja que le proporcionar\u00e1n un ajuste ergon\u00f3mico y seguro. Salta, corre o simplemente rel\u00e1jate mientras escuchas inal\u00e1mbricamente tu m\u00fasica favorita.<\/p>\n","protected":false},"excerpt":{"rendered":"<p>&#8211; Bluetooth 4.1<br \/>\n&#8211; Control de volumen digital<br \/>\n&#8211; Micr\u00f3fono incorporado<br \/>\n&#8211; Alcance inal\u00e1mbrico 33 pies.<br \/>\n&#8211; Hasta 6 horas de reproducci\u00f3n<\/p>\n","protected":false},"featured_media":5627,"comment_status":"open","ping_status":"closed","template":"","meta":{"om_disable_all_campaigns":false,"_mi_skip_tracking":false,"site-sidebar-layout":"default","site-content-layout":"default","ast-global-header-display":"","ast-main-header-display":"","ast-hfb-above-header-display":"","ast-hfb-below-header-display":"","ast-hfb-mobile-header-display":"","site-post-title":"","ast-breadcrumbs-content":"","ast-featured-img":"","footer-sml-layout":"","theme-transparent-header-meta":"default","adv-header-id-meta":"","stick-header-meta":"","header-above-stick-meta":"","header-main-stick-meta":"","header-below-stick-meta":""},"product_cat":[69],"product_tag":[],"class_list":["post-5626","product","type-product","status-publish","has-post-thumbnail","hentry","product_cat-audifonos-headsets","desktop-align-left","tablet-align-left","mobile-align-left"],"aioseo_notices":[],"_links":{"self":[{"href":"https:\/\/tecnomerch.com\/index.php\/wp-json\/wp\/v2\/product\/5626","targetHints":{"allow":["GET"]}}],"collection":[{"href":"https:\/\/tecnomerch.com\/index.php\/wp-json\/wp\/v2\/product"}],"about":[{"href":"https:\/\/tecnomerch.com\/index.php\/wp-json\/wp\/v2\/types\/product"}],"replies":[{"embeddable":true,"href":"https:\/\/tecnomerch.com\/index.php\/wp-json\/wp\/v2\/comments?post=5626"}],"version-history":[{"count":1,"href":"https:\/\/tecnomerch.com\/index.php\/wp-json\/wp\/v2\/product\/5626\/revisions"}],"predecessor-version":[{"id":5628,"href":"https:\/\/tecnomerch.com\/index.php\/wp-json\/wp\/v2\/product\/5626\/revisions\/5628"}],"wp:featuredmedia":[{"embeddable":true,"href":"https:\/\/tecnomerch.com\/index.php\/wp-json\/wp\/v2\/media\/5627"}],"wp:attachment":[{"href":"https:\/\/tecnomerch.com\/index.php\/wp-json\/wp\/v2\/media?parent=5626"}],"wp:term":[{"taxonomy":"product_cat","embeddable":true,"href":"https:\/\/tecnomerch.com\/index.php\/wp-json\/wp\/v2\/product_cat?post=5626"},{"taxonomy":"product_tag","embeddable":true,"href":"https:\/\/tecnomerch.com\/index.php\/wp-json\/wp\/v2\/product_tag?post=5626"}],"curies":[{"name":"wp","href":"https:\/\/api.w.org\/{rel}","templated":true}]}}