{"id":5607,"date":"2023-12-02T05:44:03","date_gmt":"2023-12-02T05:44:03","guid":{"rendered":"https:\/\/tecnomerch.com\/?post_type=product&#038;p=5607"},"modified":"2023-12-02T05:44:03","modified_gmt":"2023-12-02T05:44:03","slug":"audifonos-argom-3-5mm-in-ear-ultimate-sound-effects-con-microfono-negro","status":"publish","type":"product","link":"https:\/\/tecnomerch.com\/index.php\/product\/audifonos-argom-3-5mm-in-ear-ultimate-sound-effects-con-microfono-negro\/","title":{"rendered":"Audifonos Argom 3.5mm In-ear Ultimate Sound Effects con Micr\u00f3fono Negro"},"content":{"rendered":"<h2 class=\"text-uppercase te_s_it_heading\">DEJATE LLEVAR POR LA M\u00daSICA<\/h2>\n<div class=\"s_hr text-left pb32 pt8\">\n<hr class=\"border-600 s_hr_solid w-25 mr-auto s_hr_4px border-alpha\" \/>\n<\/div>\n<p class=\"mb16\"><span>Los nuevos Aud\u00edfonos Ultimate Sound Effects de ArgomTech le brindan la mejor experiencia de audio de sonido con una precisi\u00f3n asombrosa.<\/span><\/p>\n<p class=\"mb16\"><span>Effects ofrece graves profundos, voces naturales y agudos precisos, que tambi\u00e9n incluyen tres tama\u00f1os de geles de silicona para los o\u00eddos para un ajuste seguro y c\u00f3modo. Viene con micr\u00f3fono y bot\u00f3n de llamada.<\/span><\/p>\n<p class=\"mb16\"><span>Prep\u00e1rate para una experiencia auditiva excepcional con los Aud\u00edfonos Argom 3.5mm In-Ear Ultimate Sound Effects. Dise\u00f1ados para brindarte un sonido impactante y envolvente.<\/span><\/p>\n","protected":false},"excerpt":{"rendered":"<p>&#8211; Conector chapado en oro 3.5mm<br \/>\n&#8211; Micr\u00f3fono con bot\u00f3n de llamada<br \/>\n&#8211; Longitud del cable 1.2 m<br \/>\n&#8211; Membrana 10mm de di\u00e1metro<br \/>\n&#8211; Respuesta de frecuencia: 20Hz- 20KHz<br \/>\n&#8211; Incluye 3 tama\u00f1os de geles de silicona<\/p>\n","protected":false},"featured_media":5608,"comment_status":"open","ping_status":"closed","template":"","meta":{"om_disable_all_campaigns":false,"_mi_skip_tracking":false,"site-sidebar-layout":"default","site-content-layout":"default","ast-global-header-display":"","ast-main-header-display":"","ast-hfb-above-header-display":"","ast-hfb-below-header-display":"","ast-hfb-mobile-header-display":"","site-post-title":"","ast-breadcrumbs-content":"","ast-featured-img":"","footer-sml-layout":"","theme-transparent-header-meta":"default","adv-header-id-meta":"","stick-header-meta":"","header-above-stick-meta":"","header-main-stick-meta":"","header-below-stick-meta":""},"product_cat":[69],"product_tag":[],"class_list":["post-5607","product","type-product","status-publish","has-post-thumbnail","hentry","product_cat-audifonos-headsets","desktop-align-left","tablet-align-left","mobile-align-left"],"aioseo_notices":[],"_links":{"self":[{"href":"https:\/\/tecnomerch.com\/index.php\/wp-json\/wp\/v2\/product\/5607","targetHints":{"allow":["GET"]}}],"collection":[{"href":"https:\/\/tecnomerch.com\/index.php\/wp-json\/wp\/v2\/product"}],"about":[{"href":"https:\/\/tecnomerch.com\/index.php\/wp-json\/wp\/v2\/types\/product"}],"replies":[{"embeddable":true,"href":"https:\/\/tecnomerch.com\/index.php\/wp-json\/wp\/v2\/comments?post=5607"}],"version-history":[{"count":2,"href":"https:\/\/tecnomerch.com\/index.php\/wp-json\/wp\/v2\/product\/5607\/revisions"}],"predecessor-version":[{"id":5610,"href":"https:\/\/tecnomerch.com\/index.php\/wp-json\/wp\/v2\/product\/5607\/revisions\/5610"}],"wp:featuredmedia":[{"embeddable":true,"href":"https:\/\/tecnomerch.com\/index.php\/wp-json\/wp\/v2\/media\/5608"}],"wp:attachment":[{"href":"https:\/\/tecnomerch.com\/index.php\/wp-json\/wp\/v2\/media?parent=5607"}],"wp:term":[{"taxonomy":"product_cat","embeddable":true,"href":"https:\/\/tecnomerch.com\/index.php\/wp-json\/wp\/v2\/product_cat?post=5607"},{"taxonomy":"product_tag","embeddable":true,"href":"https:\/\/tecnomerch.com\/index.php\/wp-json\/wp\/v2\/product_tag?post=5607"}],"curies":[{"name":"wp","href":"https:\/\/api.w.org\/{rel}","templated":true}]}}