{"id":5579,"date":"2023-12-02T05:33:55","date_gmt":"2023-12-02T05:33:55","guid":{"rendered":"https:\/\/tecnomerch.com\/?post_type=product&#038;p=5579"},"modified":"2023-12-02T05:33:55","modified_gmt":"2023-12-02T05:33:55","slug":"sistema-de-video-seguridad-vta-dvr-inalambrico-1tb-8-camaras-1080p-smart-home-wi-fi","status":"publish","type":"product","link":"https:\/\/tecnomerch.com\/index.php\/product\/sistema-de-video-seguridad-vta-dvr-inalambrico-1tb-8-camaras-1080p-smart-home-wi-fi\/","title":{"rendered":"Sistema de Video Seguridad VTA DVR Inal\u00e1mbrico 1TB + 8 c\u00e1maras 1080P Smart Home Wi-Fi"},"content":{"rendered":"<p class=\"card-text\">\u2022 Visualice desde cualquier lugar desde su dispositivo m\u00f3vil.<\/p>\n<p class=\"card-text o_default_snippet_text\">\u2022 Salida de video de alta definici\u00f3n por HDMI 1080p Full HD.<\/p>\n<p class=\"card-text o_default_snippet_text\">\u2022 Permite conexi\u00f3n de varios usuarios a la vez.<\/p>\n<p class=\"card-text o_default_snippet_text\">\u2022 Puerto SATA compatible con discos de hasta 6 TB.<\/p>\n<p class=\"card-text o_default_snippet_text\">\u2022 M\u00faltiples modos de grabaci\u00f3n.<\/p>\n<p class=\"card-text o_default_snippet_text\">\u2022 Alcance de video sin obst\u00e1culos hasta 120 metros*<\/p>\n<p class=\"card-text o_default_snippet_text\">\u2022 Ideal para usar en casas, apartamentos, oficinas o negocios.<\/p>\n<p class=\"card-text o_default_snippet_text\">\u2022 Sistema de compresi\u00f3n: H.265 \/ H.264 \/ M-JPEG<\/p>\n<p class=\"card-text\">\u2022 Compatible con sistemas operativos IOS y Android.<\/p>\n<p class=\"card-text\">APLICACIONES \/ USO: Hogar, domestico, oficina<\/p>\n<p class=\"card-text\">* El alcance m\u00e1ximo varia de acuerdo a los obst\u00e1culos e interferencias.<\/p>\n","protected":false},"excerpt":{"rendered":"<div class=\"o_not_editable\">\n<p class=\"te_prod_desc\">&#8211; Visualice desde cualquier lugar desde su dispositivo m\u00f3vil<br \/>\n&#8211; Salida de video de alta definici\u00f3n por HDMI 1080p Full HD<br \/>\n&#8211; Permite conexi\u00f3n de varios usuarios a la vez<br \/>\n&#8211; Puerto SATA compatible con discos de hasta 6 TB<br \/>\n&#8211; M\u00faltiples modos de grabaci\u00f3n<br \/>\n&#8211; Alcance de video sin obst\u00e1culos hasta 120 metros*<br \/>\n+ NVR<br \/>\n&#8211; 2 antenas de 5dB sobre el NVR<br \/>\n&#8211; Sistema operativo: LINUX<br \/>\n&#8211; 8 canales de video 1080p inal\u00e1mbricos<br \/>\n&#8211; Reproducci\u00f3n 8-CH a 960p o 1080P Sincr\u00f3nico<br \/>\n&#8211; Salida de video HDMI y VGA 1080P a 60fps<br \/>\n&#8211; 2 puertos USB 2.0<br \/>\n&#8211; Puerto de red RJ45 Interfaz 10 M \/100 Mbs<br \/>\n&#8211; Incluye disco duro preinstalado de 1 TB SATA<br \/>\n&#8211; Espacio aproximado de uso por d\u00eda: 20GB<br \/>\n&#8211; Voltaje de operaci\u00f3n 12VDC \/ 3A<br \/>\n+ C\u00e1maras<br \/>\n&#8211; Resoluci\u00f3n de imagen: 1080p (1920&#215;1080@20fps)<br \/>\n&#8211; Sensor de imagen: 1\/2.9&#8243; 2Mp CMOS<br \/>\n&#8211; Frecuencia de Banda Inal\u00e1mbrica: 2,4GHz<br \/>\n&#8211; Sistema de compresi\u00f3n: H.265 \/ H.264 \/ M-JPEG<br \/>\n&#8211; Balance de blancos y modo nocturno autom\u00e1tico<br \/>\n&#8211; LED Infrarrojo de alta potencia<br \/>\n&#8211; Alcance de visi\u00f3n nocturna: 10 metros<br \/>\n&#8211; Voltaje de operaci\u00f3n: 12V DC \u2013 200mA<br \/>\n&#8211; Uso interior\/exterior<br \/>\n* Todas las c\u00e1maras de visi\u00f3n nocturna muestran una imagen monocrom\u00e1tica<\/p>\n<\/div>\n<div class=\"timer_data\">\n<div class=\"timer_input\"><\/div>\n<\/div>\n<div class=\"te_display_end_date\"><\/div>\n<form action=\"https:\/\/www.mytec.com.gt\/shop\/cart\/update\" method=\"POST\">&nbsp;<\/p>\n<\/form>\n","protected":false},"featured_media":5580,"comment_status":"open","ping_status":"closed","template":"","meta":{"om_disable_all_campaigns":false,"_mi_skip_tracking":false,"site-sidebar-layout":"default","site-content-layout":"default","ast-global-header-display":"","ast-main-header-display":"","ast-hfb-above-header-display":"","ast-hfb-below-header-display":"","ast-hfb-mobile-header-display":"","site-post-title":"","ast-breadcrumbs-content":"","ast-featured-img":"","footer-sml-layout":"","theme-transparent-header-meta":"default","adv-header-id-meta":"","stick-header-meta":"","header-above-stick-meta":"","header-main-stick-meta":"","header-below-stick-meta":""},"product_cat":[149,157],"product_tag":[],"class_list":["post-5579","product","type-product","status-publish","has-post-thumbnail","hentry","product_cat-smarthome","product_cat-video-seguridad","desktop-align-left","tablet-align-left","mobile-align-left"],"aioseo_notices":[],"_links":{"self":[{"href":"https:\/\/tecnomerch.com\/index.php\/wp-json\/wp\/v2\/product\/5579","targetHints":{"allow":["GET"]}}],"collection":[{"href":"https:\/\/tecnomerch.com\/index.php\/wp-json\/wp\/v2\/product"}],"about":[{"href":"https:\/\/tecnomerch.com\/index.php\/wp-json\/wp\/v2\/types\/product"}],"replies":[{"embeddable":true,"href":"https:\/\/tecnomerch.com\/index.php\/wp-json\/wp\/v2\/comments?post=5579"}],"version-history":[{"count":1,"href":"https:\/\/tecnomerch.com\/index.php\/wp-json\/wp\/v2\/product\/5579\/revisions"}],"predecessor-version":[{"id":5581,"href":"https:\/\/tecnomerch.com\/index.php\/wp-json\/wp\/v2\/product\/5579\/revisions\/5581"}],"wp:featuredmedia":[{"embeddable":true,"href":"https:\/\/tecnomerch.com\/index.php\/wp-json\/wp\/v2\/media\/5580"}],"wp:attachment":[{"href":"https:\/\/tecnomerch.com\/index.php\/wp-json\/wp\/v2\/media?parent=5579"}],"wp:term":[{"taxonomy":"product_cat","embeddable":true,"href":"https:\/\/tecnomerch.com\/index.php\/wp-json\/wp\/v2\/product_cat?post=5579"},{"taxonomy":"product_tag","embeddable":true,"href":"https:\/\/tecnomerch.com\/index.php\/wp-json\/wp\/v2\/product_tag?post=5579"}],"curies":[{"name":"wp","href":"https:\/\/api.w.org\/{rel}","templated":true}]}}