{"id":5570,"date":"2023-12-02T05:30:52","date_gmt":"2023-12-02T05:30:52","guid":{"rendered":"https:\/\/tecnomerch.com\/?post_type=product&#038;p=5570"},"modified":"2023-12-02T05:30:52","modified_gmt":"2023-12-02T05:30:52","slug":"camara-de-seguridad-vta-ratio-smart-wi-fi-ratio-para-exteriores-4mp","status":"publish","type":"product","link":"https:\/\/tecnomerch.com\/index.php\/product\/camara-de-seguridad-vta-ratio-smart-wi-fi-ratio-para-exteriores-4mp\/","title":{"rendered":"C\u00e1mara de Seguridad VTA+ Ratio Smart Wi-Fi Ratio para Exteriores 4MP"},"content":{"rendered":"<p class=\"card-text\">\u2022 C\u00e1mara Full HD de 4MP con rotaci\u00f3n horizontal de 355\u00b0 y vertical 70\u00b0.<\/p>\n<p class=\"card-text o_default_snippet_text\">\u2022 Detecci\u00f3n de movimiento y sonido con alerta v\u00eda mensaje tipo notificaci\u00f3n<\/p>\n<p class=\"card-text o_default_snippet_text\">por aplicaci\u00f3n y funci\u00f3n de seguimiento m\u00f3vil.<\/p>\n<p class=\"card-text o_default_snippet_text\">\u2022 \u00c1ngulo de apertura del lente 109\u00b0.<\/p>\n<p class=\"card-text o_default_snippet_text\">\u2022 Grabaci\u00f3n en memoria Micro SD hasta 128GB Max. (No incluida), o Cloud<\/p>\n<p class=\"card-text o_default_snippet_text\">storage*<\/p>\n<p class=\"card-text o_default_snippet_text\">\u2022 8 LED de color blanco de alta potencia y 8 LED infrarrojos que mejoran la<\/p>\n<p class=\"card-text o_default_snippet_text\">imagen en visi\u00f3n nocturna.<\/p>\n<p class=\"card-text\">\u2022 Micr\u00f3fono y altavoz incorporado para audio bidireccional, (escuche y hable a trav\u00e9s de la c\u00e1mara).<\/p>\n<p class=\"card-text\">\u2022 F\u00e1cil instalaci\u00f3n y configuraci\u00f3n, Para uso en exterior, IP65<\/p>\n<p class=\"card-text\">APLICACIONES \/ USO: Hogar, oficinas, bodegas.<\/p>\n","protected":false},"excerpt":{"rendered":"<p>&#8211; Resoluci\u00f3n de video Full DH 2K 4 Mpx (2560 x 1400)<br \/>\n&#8211; Sensor de imagen de 1\/2.8&#8243; CMOS<br \/>\n&#8211; Compresi\u00f3n de Video H.265 y Audio PCM<br \/>\n&#8211; Lente de 3.6mm<br \/>\n&#8211; Visi\u00f3n nocturna<br \/>\n&#8211; Alcance efectivo nocturno de hasta 10 metros<br \/>\n&#8211; 12 LEDs para mejorar la visi\u00f3n nocturna<br \/>\n&#8211; \u00c1ngulo de visi\u00f3n de 109\u00ba<br \/>\n&#8211; Micr\u00f3fono y altavoz<br \/>\n&#8211; Audio bidireccional, (escuche y hable atrav\u00e9s de la c\u00e1mara)<br \/>\n&#8211; Notificaciones de alerta<br \/>\n&#8211; Wi-Fi (IEEE802.11b\/g\/n) con Frecuencia de 2.4Ghz<br \/>\n&#8211; Puerto micro SD 128 GB m\u00e1x (No incluida)<br \/>\n&#8211; Grabaci\u00f3n en la nube<br \/>\n&#8211; Detecci\u00f3n de movimiento y sonido con alerta v\u00eda mensaje<br \/>\n&#8211; Rotaci\u00f3n horizontal de 366\u00ba y vertical de 70\u00ba<br \/>\n&#8211; Visi\u00f3n a color<br \/>\n&#8211; Resistente a intemperie<br \/>\n&#8211; Seguimiento inteligente<br \/>\n&#8211; Para uso en exterior, IP65<br \/>\n&#8211; F\u00e1cil instalaci\u00f3n y configuraci\u00f3n<br \/>\n&#8211; Voltaje de alimentaci\u00f3n DC 12V \/ 1A<\/p>\n","protected":false},"featured_media":5571,"comment_status":"open","ping_status":"closed","template":"","meta":{"om_disable_all_campaigns":false,"_mi_skip_tracking":false,"site-sidebar-layout":"default","site-content-layout":"default","ast-global-header-display":"","ast-main-header-display":"","ast-hfb-above-header-display":"","ast-hfb-below-header-display":"","ast-hfb-mobile-header-display":"","site-post-title":"","ast-breadcrumbs-content":"","ast-featured-img":"","footer-sml-layout":"","theme-transparent-header-meta":"default","adv-header-id-meta":"","stick-header-meta":"","header-above-stick-meta":"","header-main-stick-meta":"","header-below-stick-meta":""},"product_cat":[149,157],"product_tag":[],"class_list":["post-5570","product","type-product","status-publish","has-post-thumbnail","hentry","product_cat-smarthome","product_cat-video-seguridad","desktop-align-left","tablet-align-left","mobile-align-left"],"aioseo_notices":[],"_links":{"self":[{"href":"https:\/\/tecnomerch.com\/index.php\/wp-json\/wp\/v2\/product\/5570","targetHints":{"allow":["GET"]}}],"collection":[{"href":"https:\/\/tecnomerch.com\/index.php\/wp-json\/wp\/v2\/product"}],"about":[{"href":"https:\/\/tecnomerch.com\/index.php\/wp-json\/wp\/v2\/types\/product"}],"replies":[{"embeddable":true,"href":"https:\/\/tecnomerch.com\/index.php\/wp-json\/wp\/v2\/comments?post=5570"}],"version-history":[{"count":1,"href":"https:\/\/tecnomerch.com\/index.php\/wp-json\/wp\/v2\/product\/5570\/revisions"}],"predecessor-version":[{"id":5572,"href":"https:\/\/tecnomerch.com\/index.php\/wp-json\/wp\/v2\/product\/5570\/revisions\/5572"}],"wp:featuredmedia":[{"embeddable":true,"href":"https:\/\/tecnomerch.com\/index.php\/wp-json\/wp\/v2\/media\/5571"}],"wp:attachment":[{"href":"https:\/\/tecnomerch.com\/index.php\/wp-json\/wp\/v2\/media?parent=5570"}],"wp:term":[{"taxonomy":"product_cat","embeddable":true,"href":"https:\/\/tecnomerch.com\/index.php\/wp-json\/wp\/v2\/product_cat?post=5570"},{"taxonomy":"product_tag","embeddable":true,"href":"https:\/\/tecnomerch.com\/index.php\/wp-json\/wp\/v2\/product_tag?post=5570"}],"curies":[{"name":"wp","href":"https:\/\/api.w.org\/{rel}","templated":true}]}}