{"id":5562,"date":"2023-12-02T05:28:45","date_gmt":"2023-12-02T05:28:45","guid":{"rendered":"https:\/\/tecnomerch.com\/?post_type=product&#038;p=5562"},"modified":"2023-12-02T05:28:45","modified_gmt":"2023-12-02T05:28:45","slug":"camara-inteligente-vta-diurna-nocturma-smart-home-wi-fi-fija-fhd-1080p","status":"publish","type":"product","link":"https:\/\/tecnomerch.com\/index.php\/product\/camara-inteligente-vta-diurna-nocturma-smart-home-wi-fi-fija-fhd-1080p\/","title":{"rendered":"C\u00e1mara Inteligente VTA+ Diurna\/Nocturma Smart Home Wi-Fi Fija FHD 1080p"},"content":{"rendered":"<p class=\"card-text o_default_snippet_text\">\u2022 C\u00e1mara fija WIFI HD 1080p\/2MP de tama\u00f1o compacto.<\/p>\n<p class=\"card-text\">\u2022 Funci\u00f3n de detecci\u00f3n de movimiento, con alerta v\u00eda mensaje de notificaci\u00f3n por aplicaci\u00f3n.<\/p>\n<p class=\"card-text\">\u2022 Visi\u00f3n nocturna de LED IR con alcance efectivo de hasta 8 metros y activaci\u00f3n autom\u00e1tica.<\/p>\n<p class=\"card-text\">\u2022 Micr\u00f3fono y altavoz incorporado para audio bidireccional.<\/p>\n<p class=\"card-text o_default_snippet_text\">\u2022 Aplicaci\u00f3n m\u00f3vil compatible con iPhone y Android.<\/p>\n<p class=\"card-text o_default_snippet_text\">\u2022 Conectividad inal\u00e1mbrica WIFI (IEEE802.11b \/ g \/ n).<\/p>\n<p class=\"card-text o_default_snippet_text\">\u2022 \u00c1ngulo de visi\u00f3n de 85\u00b0.<\/p>\n<p class=\"card-text o_default_snippet_text\">\u2022 Dise\u00f1o de f\u00e1cil instalaci\u00f3n y conexi\u00f3n con la aplicaci\u00f3n.<\/p>\n<p class=\"card-text o_default_snippet_text\">\u2022 Puerto para Micro SD hasta 64GB Max. (No incluida).<\/p>\n<p class=\"card-text\">\u2022 Uso interior<\/p>\n","protected":false},"excerpt":{"rendered":"<p>&#8211; Resoluci\u00f3n HD 1080p\/2MP<br \/>\n&#8211; \u00c1ngulo de visi\u00f3n de 85\u00b0<br \/>\n&#8211; Detecci\u00f3n de movimiento<br \/>\n&#8211; Alerta v\u00eda mensaje de notificaci\u00f3n por aplicaci\u00f3n<br \/>\n&#8211; Visi\u00f3n nocturna de LED IR<br \/>\n&#8211; Lente de 4mm<br \/>\n&#8211; Sensor de 1\/2.7 pulgada CMOS<br \/>\n&#8211; Iluminaci\u00f3n m\u00ednima 0.01 Lux<br \/>\n&#8211; Alcance efectivo de hasta 8 metros y activaci\u00f3n autom\u00e1tica<br \/>\n&#8211; Micr\u00f3fono y altavoz incorporado<br \/>\n&#8211; Audio bidireccional<br \/>\n&#8211; Wi-Fi IEEE802.11b \/ g \/ n<br \/>\n&#8211; Antena interna omnidireccional<br \/>\n&#8211; Puerto para Micro SD hasta 64GB Max (No incluida)<br \/>\n&#8211; F\u00e1cil instalaci\u00f3n y conexi\u00f3n con la aplicaci\u00f3n<br \/>\n&#8211; Aplicaci\u00f3n m\u00f3vil compatible con iPhone y Android<\/p>\n","protected":false},"featured_media":5563,"comment_status":"open","ping_status":"closed","template":"","meta":{"om_disable_all_campaigns":false,"_mi_skip_tracking":false,"site-sidebar-layout":"default","site-content-layout":"default","ast-global-header-display":"","ast-main-header-display":"","ast-hfb-above-header-display":"","ast-hfb-below-header-display":"","ast-hfb-mobile-header-display":"","site-post-title":"","ast-breadcrumbs-content":"","ast-featured-img":"","footer-sml-layout":"","theme-transparent-header-meta":"default","adv-header-id-meta":"","stick-header-meta":"","header-above-stick-meta":"","header-main-stick-meta":"","header-below-stick-meta":""},"product_cat":[149,157],"product_tag":[],"class_list":["post-5562","product","type-product","status-publish","has-post-thumbnail","hentry","product_cat-smarthome","product_cat-video-seguridad","desktop-align-left","tablet-align-left","mobile-align-left"],"aioseo_notices":[],"_links":{"self":[{"href":"https:\/\/tecnomerch.com\/index.php\/wp-json\/wp\/v2\/product\/5562","targetHints":{"allow":["GET"]}}],"collection":[{"href":"https:\/\/tecnomerch.com\/index.php\/wp-json\/wp\/v2\/product"}],"about":[{"href":"https:\/\/tecnomerch.com\/index.php\/wp-json\/wp\/v2\/types\/product"}],"replies":[{"embeddable":true,"href":"https:\/\/tecnomerch.com\/index.php\/wp-json\/wp\/v2\/comments?post=5562"}],"version-history":[{"count":2,"href":"https:\/\/tecnomerch.com\/index.php\/wp-json\/wp\/v2\/product\/5562\/revisions"}],"predecessor-version":[{"id":5565,"href":"https:\/\/tecnomerch.com\/index.php\/wp-json\/wp\/v2\/product\/5562\/revisions\/5565"}],"wp:featuredmedia":[{"embeddable":true,"href":"https:\/\/tecnomerch.com\/index.php\/wp-json\/wp\/v2\/media\/5563"}],"wp:attachment":[{"href":"https:\/\/tecnomerch.com\/index.php\/wp-json\/wp\/v2\/media?parent=5562"}],"wp:term":[{"taxonomy":"product_cat","embeddable":true,"href":"https:\/\/tecnomerch.com\/index.php\/wp-json\/wp\/v2\/product_cat?post=5562"},{"taxonomy":"product_tag","embeddable":true,"href":"https:\/\/tecnomerch.com\/index.php\/wp-json\/wp\/v2\/product_tag?post=5562"}],"curies":[{"name":"wp","href":"https:\/\/api.w.org\/{rel}","templated":true}]}}