{"id":5559,"date":"2023-12-02T05:26:59","date_gmt":"2023-12-02T05:26:59","guid":{"rendered":"https:\/\/tecnomerch.com\/?post_type=product&#038;p=5559"},"modified":"2023-12-02T05:26:59","modified_gmt":"2023-12-02T05:26:59","slug":"bebedero-de-agua-para-mascotas-vta-smart-home-wi-fi-2lt","status":"publish","type":"product","link":"https:\/\/tecnomerch.com\/index.php\/product\/bebedero-de-agua-para-mascotas-vta-smart-home-wi-fi-2lt\/","title":{"rendered":"Bebedero de Agua para Mascotas VTA+ Smart Home Wi-Fi 2Lt"},"content":{"rendered":"<p class=\"card-text\">\u2022 Dispensador de agua bebedero inteligente.<\/p>\n<p class=\"card-text o_default_snippet_text\">\u2022 Monitoree y controle por la aplicaci\u00f3n.<\/p>\n<p class=\"card-text o_default_snippet_text\">\u2022 Filtro en microfibra y luz UV para purificar, limpiar y mantener fresca el agua.<\/p>\n<p class=\"card-text o_default_snippet_text\">\u2022 Notificaci\u00f3n de escases de agua.<\/p>\n<p class=\"card-text o_default_snippet_text\">\u2022 Automatizaci\u00f3n con otros dispositivos.<\/p>\n<p class=\"card-text o_default_snippet_text\">\u2022 Cable de voltaje a prueba de mordeduras.<\/p>\n<p class=\"card-text o_default_snippet_text\">\u2022 Compatible con asistentes de voz como Google Home y Alexa.<\/p>\n<p class=\"card-text o_default_snippet_text\">\u2022 Compatible con dispositivos Android y IOS.<\/p>\n<p class=\"card-text o_default_snippet_text\">\u2022 Fabricado en pl\u00e1stico ABS de f\u00e1cil limpieza y desinfecci\u00f3n.<\/p>\n<p class=\"card-text o_default_snippet_text\">\u2022 LED indicador de estado.<\/p>\n<p class=\"card-text\">\u2022 Uso interior.<\/p>\n","protected":false},"excerpt":{"rendered":"<p>&#8211; Monitoree y controle por la aplicaci\u00f3n<br \/>\n&#8211; Filtro en microfibra y luz UV para purificar, limpiar y mantener fresca el agua<br \/>\n&#8211; Notificaci\u00f3n de escases de agua<br \/>\n&#8211; Automatizaci\u00f3n con otros dispositivos<br \/>\n&#8211; Cable de voltaje a prueba de mordeduras<br \/>\n&#8211; F\u00e1cil limpieza y desinfecci\u00f3n<br \/>\n&#8211; LED indicador de estado<br \/>\n&#8211; Capacidad m\u00e1xima: 2 litros<br \/>\n&#8211; Frecuencia Wi-Fi de 2.4GHz<br \/>\n&#8211; No es compatible con 5GHz<br \/>\n&#8211; Voltaje de alimentaci\u00f3n: 5V\/DC-A<br \/>\n&#8211; Compatible con asistentes de voz como Google Home y Alexa<br \/>\n&#8211; Compatible con dispositivos Android y IOS<\/p>\n","protected":false},"featured_media":5560,"comment_status":"open","ping_status":"closed","template":"","meta":{"om_disable_all_campaigns":false,"_mi_skip_tracking":false,"site-sidebar-layout":"default","site-content-layout":"default","ast-global-header-display":"","ast-main-header-display":"","ast-hfb-above-header-display":"","ast-hfb-below-header-display":"","ast-hfb-mobile-header-display":"","site-post-title":"","ast-breadcrumbs-content":"","ast-featured-img":"","footer-sml-layout":"","theme-transparent-header-meta":"default","adv-header-id-meta":"","stick-header-meta":"","header-above-stick-meta":"","header-main-stick-meta":"","header-below-stick-meta":""},"product_cat":[156,149],"product_tag":[],"class_list":["post-5559","product","type-product","status-publish","has-post-thumbnail","hentry","product_cat-mascotas","product_cat-smarthome","desktop-align-left","tablet-align-left","mobile-align-left"],"aioseo_notices":[],"_links":{"self":[{"href":"https:\/\/tecnomerch.com\/index.php\/wp-json\/wp\/v2\/product\/5559","targetHints":{"allow":["GET"]}}],"collection":[{"href":"https:\/\/tecnomerch.com\/index.php\/wp-json\/wp\/v2\/product"}],"about":[{"href":"https:\/\/tecnomerch.com\/index.php\/wp-json\/wp\/v2\/types\/product"}],"replies":[{"embeddable":true,"href":"https:\/\/tecnomerch.com\/index.php\/wp-json\/wp\/v2\/comments?post=5559"}],"version-history":[{"count":1,"href":"https:\/\/tecnomerch.com\/index.php\/wp-json\/wp\/v2\/product\/5559\/revisions"}],"predecessor-version":[{"id":5561,"href":"https:\/\/tecnomerch.com\/index.php\/wp-json\/wp\/v2\/product\/5559\/revisions\/5561"}],"wp:featuredmedia":[{"embeddable":true,"href":"https:\/\/tecnomerch.com\/index.php\/wp-json\/wp\/v2\/media\/5560"}],"wp:attachment":[{"href":"https:\/\/tecnomerch.com\/index.php\/wp-json\/wp\/v2\/media?parent=5559"}],"wp:term":[{"taxonomy":"product_cat","embeddable":true,"href":"https:\/\/tecnomerch.com\/index.php\/wp-json\/wp\/v2\/product_cat?post=5559"},{"taxonomy":"product_tag","embeddable":true,"href":"https:\/\/tecnomerch.com\/index.php\/wp-json\/wp\/v2\/product_tag?post=5559"}],"curies":[{"name":"wp","href":"https:\/\/api.w.org\/{rel}","templated":true}]}}