{"id":5539,"date":"2023-12-02T05:18:58","date_gmt":"2023-12-02T05:18:58","guid":{"rendered":"https:\/\/tecnomerch.com\/?post_type=product&#038;p=5539"},"modified":"2025-11-02T23:17:50","modified_gmt":"2025-11-02T23:17:50","slug":"interruptor-inteligente-sencillo-vta-touch-iot-dimerizable-smart-home-wi-fi","status":"publish","type":"product","link":"https:\/\/tecnomerch.com\/index.php\/product\/interruptor-inteligente-sencillo-vta-touch-iot-dimerizable-smart-home-wi-fi\/","title":{"rendered":"Interruptor Inteligente Sencillo VTA Touch IoT Dimerizable Smart Home Wi-Fi"},"content":{"rendered":"<p>\u2022 Interruptor t\u00e1ctil sencillo con activaci\u00f3n remota por Aplicaci\u00f3n y ajuste de<br \/>\nintensidad.<br \/>\n\u2022 Controle de forma manual o remota sus bombillos o iluminaci\u00f3n, Programe el tiempo de encendido o apagado.<br \/>\n\u2022 Activaci\u00f3n desde la aplicaci\u00f3n menor a 2 segundos.<br \/>\n\u2022 Dise\u00f1o elegante y compacto de f\u00e1cil instalaci\u00f3n y configuraci\u00f3n.<br \/>\n\u2022 Modo de instalaci\u00f3n: empotrado en la pared<br \/>\n\u2022 Acabados perfectos con materiales de alta resistencia<\/p>\n","protected":false},"excerpt":{"rendered":"<p>&#8211; Interruptor t\u00e1ctil sencillo con activaci\u00f3n remota por Aplicaci\u00f3n y ajuste de intensidad<br \/>\n&#8211; Control de forma manual o remota sus bombillos o iluminaci\u00f3n<br \/>\n&#8211; Programe el tiempo de encendido o apagado<br \/>\n&#8211; Activaci\u00f3n desde la aplicaci\u00f3n menor a 2 segundos<br \/>\n&#8211; Dise\u00f1o elegante y compacto de f\u00e1cil instalaci\u00f3n y configuraci\u00f3n.<br \/>\n&#8211; Modo de instalaci\u00f3n: empotrado en la pared<br \/>\n&#8211; Compatible para control con asistentes de voz<br \/>\n&#8211; Acabados perfectos con materiales de alta resistencia<br \/>\n&#8211; Voltaje de operaci\u00f3n: 125 VAC 60Hz<br \/>\n&#8211; Corriente m\u00e1xima: 10 A<br \/>\n&#8211; Potencia M\u00e1xima: 1000W<br \/>\n&#8211; Eficiencia \u226590%<br \/>\n&#8211; Frecuencia de transmisi\u00f3n y recepci\u00f3n inal\u00e1mbrica: 2. 4 GHz-2484 GHz<\/p>\n","protected":false},"featured_media":5540,"comment_status":"open","ping_status":"closed","template":"","meta":{"om_disable_all_campaigns":false,"_mi_skip_tracking":false,"site-sidebar-layout":"default","site-content-layout":"default","ast-global-header-display":"","ast-main-header-display":"","ast-hfb-above-header-display":"","ast-hfb-below-header-display":"","ast-hfb-mobile-header-display":"","site-post-title":"","ast-breadcrumbs-content":"","ast-featured-img":"","footer-sml-layout":"","theme-transparent-header-meta":"default","adv-header-id-meta":"","stick-header-meta":"","header-above-stick-meta":"","header-main-stick-meta":"","header-below-stick-meta":""},"product_cat":[154,149],"product_tag":[],"class_list":["post-5539","product","type-product","status-publish","has-post-thumbnail","hentry","product_cat-electricos","product_cat-smarthome","desktop-align-left","tablet-align-left","mobile-align-left"],"aioseo_notices":[],"_links":{"self":[{"href":"https:\/\/tecnomerch.com\/index.php\/wp-json\/wp\/v2\/product\/5539","targetHints":{"allow":["GET"]}}],"collection":[{"href":"https:\/\/tecnomerch.com\/index.php\/wp-json\/wp\/v2\/product"}],"about":[{"href":"https:\/\/tecnomerch.com\/index.php\/wp-json\/wp\/v2\/types\/product"}],"replies":[{"embeddable":true,"href":"https:\/\/tecnomerch.com\/index.php\/wp-json\/wp\/v2\/comments?post=5539"}],"version-history":[{"count":1,"href":"https:\/\/tecnomerch.com\/index.php\/wp-json\/wp\/v2\/product\/5539\/revisions"}],"predecessor-version":[{"id":5541,"href":"https:\/\/tecnomerch.com\/index.php\/wp-json\/wp\/v2\/product\/5539\/revisions\/5541"}],"wp:featuredmedia":[{"embeddable":true,"href":"https:\/\/tecnomerch.com\/index.php\/wp-json\/wp\/v2\/media\/5540"}],"wp:attachment":[{"href":"https:\/\/tecnomerch.com\/index.php\/wp-json\/wp\/v2\/media?parent=5539"}],"wp:term":[{"taxonomy":"product_cat","embeddable":true,"href":"https:\/\/tecnomerch.com\/index.php\/wp-json\/wp\/v2\/product_cat?post=5539"},{"taxonomy":"product_tag","embeddable":true,"href":"https:\/\/tecnomerch.com\/index.php\/wp-json\/wp\/v2\/product_tag?post=5539"}],"curies":[{"name":"wp","href":"https:\/\/api.w.org\/{rel}","templated":true}]}}