{"id":5422,"date":"2023-11-12T20:13:45","date_gmt":"2023-11-12T20:13:45","guid":{"rendered":"https:\/\/tecnomerch.com\/?post_type=product&#038;p=5422"},"modified":"2023-11-12T20:13:45","modified_gmt":"2023-11-12T20:13:45","slug":"sandisk-ultra-fit-unidad-flash-usb-32-gb","status":"publish","type":"product","link":"https:\/\/tecnomerch.com\/index.php\/product\/sandisk-ultra-fit-unidad-flash-usb-32-gb\/","title":{"rendered":"SanDisk Ultra Fit &#8211; Unidad flash USB &#8211; 32 GB"},"content":{"rendered":"<div id=\"tabsPanel\">\n<div id=\"tabsDetail\" class=\"notBorderRadius\">\n<div class=\"responsive-tabs-container accordion-xs\">\n<div class=\"tab-content\">\n<div id=\"tabs-1\" class=\"collapse tab-pane fade in active\" role=\"tabpanel\">\n<div class=\"font-bold text-muted dotted-bottom no-margin\">Descripci\u00f3n del producto<\/div>\n<div class=\"font-compact-12\">La forma m\u00e1s sencilla de agregar almacenamiento adicional de alta velocidad a tu dispositivo. La unidad flash SanDisk Ultra Fit USB 3.1 ofrece un rendimiento que te permite mover una pel\u00edcula de larga duraci\u00f3n hasta 15 veces m\u00e1s r\u00e1pido que con las unidades est\u00e1ndar USB 2.0. Adem\u00e1s, gracias a su dise\u00f1o optimizado y compacto, puedes enchufarlo y dejarlo.<\/div>\n<div class=\"clearfix\">\n<div class=\"group-section font-bold\">Caracter\u00edsticas del producto<\/div>\n<div class=\"font-compact-12\">\n<ul>\n<li><strong>Dise\u00f1o compacto Plug-and-Stay<\/strong><br \/>\nEsta unidad flash compacta est\u00e1 dise\u00f1ada como almacenamiento plug-and-stay para equipos port\u00e1tiles, tabletas, televisores, consolas de juegos, sistemas de audio para autos y m\u00e1s. Ench\u00fafalo y tendr\u00e1s un almacenamiento instant\u00e1neo que siempre estar\u00e1 a bordo.<\/li>\n<li><strong>Rendimiento USB 3.1 de alta velocidad<\/strong><br \/>\nTransfiere archivos r\u00e1pidamente con una velocidad de lectura de 130MB\/s. Con velocidades de lectura hasta 15 veces m\u00e1s r\u00e1pida que las unidades USB 2.0 est\u00e1ndar, de modo que puedes transferir una pel\u00edcula completa a la unidad en menos de 30 segundos.<\/li>\n<\/ul>\n<\/div>\n<\/div>\n<\/div>\n<\/div>\n<\/div>\n<\/div>\n<\/div>\n","protected":false},"excerpt":{"rendered":"<div class=\"font-compact-12 font-bold brand\">SanDisk<\/div>\n<div class=\"font-compact-12 items hidden-xs\">\n<ul>\n<li>USB 3.1<\/li>\n<\/ul>\n<\/div>\n","protected":false},"featured_media":5423,"comment_status":"open","ping_status":"closed","template":"","meta":{"om_disable_all_campaigns":false,"_mi_skip_tracking":false,"site-sidebar-layout":"default","site-content-layout":"default","ast-global-header-display":"","ast-main-header-display":"","ast-hfb-above-header-display":"","ast-hfb-below-header-display":"","ast-hfb-mobile-header-display":"","site-post-title":"","ast-breadcrumbs-content":"","ast-featured-img":"","footer-sml-layout":"","theme-transparent-header-meta":"default","adv-header-id-meta":"","stick-header-meta":"","header-above-stick-meta":"","header-main-stick-meta":"","header-below-stick-meta":""},"product_cat":[144],"product_tag":[],"class_list":["post-5422","product","type-product","status-publish","has-post-thumbnail","hentry","product_cat-usb","desktop-align-left","tablet-align-left","mobile-align-left"],"aioseo_notices":[],"_links":{"self":[{"href":"https:\/\/tecnomerch.com\/index.php\/wp-json\/wp\/v2\/product\/5422","targetHints":{"allow":["GET"]}}],"collection":[{"href":"https:\/\/tecnomerch.com\/index.php\/wp-json\/wp\/v2\/product"}],"about":[{"href":"https:\/\/tecnomerch.com\/index.php\/wp-json\/wp\/v2\/types\/product"}],"replies":[{"embeddable":true,"href":"https:\/\/tecnomerch.com\/index.php\/wp-json\/wp\/v2\/comments?post=5422"}],"version-history":[{"count":1,"href":"https:\/\/tecnomerch.com\/index.php\/wp-json\/wp\/v2\/product\/5422\/revisions"}],"predecessor-version":[{"id":5424,"href":"https:\/\/tecnomerch.com\/index.php\/wp-json\/wp\/v2\/product\/5422\/revisions\/5424"}],"wp:featuredmedia":[{"embeddable":true,"href":"https:\/\/tecnomerch.com\/index.php\/wp-json\/wp\/v2\/media\/5423"}],"wp:attachment":[{"href":"https:\/\/tecnomerch.com\/index.php\/wp-json\/wp\/v2\/media?parent=5422"}],"wp:term":[{"taxonomy":"product_cat","embeddable":true,"href":"https:\/\/tecnomerch.com\/index.php\/wp-json\/wp\/v2\/product_cat?post=5422"},{"taxonomy":"product_tag","embeddable":true,"href":"https:\/\/tecnomerch.com\/index.php\/wp-json\/wp\/v2\/product_tag?post=5422"}],"curies":[{"name":"wp","href":"https:\/\/api.w.org\/{rel}","templated":true}]}}