{"id":5279,"date":"2023-11-12T06:44:49","date_gmt":"2023-11-12T06:44:49","guid":{"rendered":"https:\/\/tecnomerch.com\/?post_type=product&#038;p=5279"},"modified":"2023-11-12T06:44:49","modified_gmt":"2023-11-12T06:44:49","slug":"asus-dual-rtx3060-o12g-v2-oc-edition-tarjeta-grafica","status":"publish","type":"product","link":"https:\/\/tecnomerch.com\/index.php\/product\/asus-dual-rtx3060-o12g-v2-oc-edition-tarjeta-grafica\/","title":{"rendered":"ASUS DUAL-RTX3060-O12G-V2 &#8211; OC Edition &#8211; tarjeta gr\u00e1fica"},"content":{"rendered":"<div id=\"tabsPanel\">\n<div id=\"tabsDetail\" class=\"notBorderRadius\">\n<div class=\"responsive-tabs-container accordion-xs\">\n<div class=\"tab-content\">\n<div id=\"tabs-1\" class=\"collapse tab-pane fade in active\" role=\"tabpanel\">\n<div class=\"font-bold text-muted dotted-bottom no-margin\">Descripci\u00f3n del producto<\/div>\n<div class=\"font-compact-12\">ASUS Dual GeForce RTX 3060 fusiona un rendimiento t\u00e9rmico din\u00e1mico con una amplia compatibilidad. Las avanzadas soluciones de refrigeraci\u00f3n de las tarjetas gr\u00e1ficas insignia -incluidos dos ventiladores Axial-tech para maximizar el flujo de aire hacia el disipador- se integran en la tarjeta de 20 cm de longitud y 2 ranuras, ofreciendo m\u00e1s potencia en menos espacio. Estas mejoras convierten a la ASUS Dual en la elecci\u00f3n perfecta para los jugadores que buscan un rendimiento gr\u00e1fico potente en un dise\u00f1o compacto.<\/div>\n<div class=\"clearfix\">\n<div class=\"group-section font-bold\">Caracter\u00edsticas del producto<\/div>\n<div class=\"font-compact-12\">\n<ul>\n<li><strong>Mejor, m\u00e1s r\u00e1pido, m\u00e1s fuerte<\/strong><br \/>\nLos dos ventiladores Axial-tech de eficacia probada incorporan un buje m\u00e1s peque\u00f1o que facilita palas m\u00e1s largas y un anillo de barrera para aumentar la presi\u00f3n del aire hacia abajo.<\/li>\n<li><strong>Tecnolog\u00eda Auto-Extreme<\/strong><br \/>\nLa tecnolog\u00eda Auto-Extreme es un proceso de fabricaci\u00f3n automatizado que establece nuevos est\u00e1ndares en el sector al permitir que todas las soldaduras se realicen en una sola pasada. Esto reduce la tensi\u00f3n t\u00e9rmica en los componentes y evita el uso de productos qu\u00edmicos de limpieza agresivos, lo que se traduce en un menor impacto ambiental, un menor consumo de energ\u00eda de fabricaci\u00f3n y un producto m\u00e1s fiable en general<br \/>\nControl, ajuste y puesta a punto<\/li>\n<li><strong>Monitorizar, ajustar y afinar<\/strong><br \/>\nLa utilidad ASUS GPU Tweak II lleva el ajuste de la tarjeta gr\u00e1fica al siguiente nivel. Permite ajustar par\u00e1metros cr\u00edticos como el reloj de la GPU, la frecuencia de la memoria y el voltaje, con la opci\u00f3n de monitorizar todo en tiempo real a trav\u00e9s de una pantalla personalizable. Tambi\u00e9n incluye un control avanzado de los ventiladores y muchas otras funciones que te ayudar\u00e1n a sacar el m\u00e1ximo partido a tu tarjeta gr\u00e1fica.<\/li>\n<\/ul>\n<\/div>\n<\/div>\n<\/div>\n<\/div>\n<\/div>\n<\/div>\n<\/div>\n","protected":false},"excerpt":{"rendered":"<ul>\n<li>GF RTX 3060<\/li>\n<li>12 GB GDDR6<\/li>\n<li>PCIe 4.0 x16<\/li>\n<li>HDMI, 3 x DisplayPort<\/li>\n<\/ul>\n","protected":false},"featured_media":5280,"comment_status":"open","ping_status":"closed","template":"","meta":{"om_disable_all_campaigns":false,"_mi_skip_tracking":false,"site-sidebar-layout":"default","site-content-layout":"default","ast-global-header-display":"","ast-main-header-display":"","ast-hfb-above-header-display":"","ast-hfb-below-header-display":"","ast-hfb-mobile-header-display":"","site-post-title":"","ast-breadcrumbs-content":"","ast-featured-img":"","footer-sml-layout":"","theme-transparent-header-meta":"default","adv-header-id-meta":"","stick-header-meta":"","header-above-stick-meta":"","header-main-stick-meta":"","header-below-stick-meta":""},"product_cat":[120,142,143],"product_tag":[],"class_list":["post-5279","product","type-product","status-publish","has-post-thumbnail","hentry","product_cat-accesorios-para-computadoras","product_cat-asus","product_cat-tarjetas-de-video","desktop-align-left","tablet-align-left","mobile-align-left"],"aioseo_notices":[],"_links":{"self":[{"href":"https:\/\/tecnomerch.com\/index.php\/wp-json\/wp\/v2\/product\/5279","targetHints":{"allow":["GET"]}}],"collection":[{"href":"https:\/\/tecnomerch.com\/index.php\/wp-json\/wp\/v2\/product"}],"about":[{"href":"https:\/\/tecnomerch.com\/index.php\/wp-json\/wp\/v2\/types\/product"}],"replies":[{"embeddable":true,"href":"https:\/\/tecnomerch.com\/index.php\/wp-json\/wp\/v2\/comments?post=5279"}],"version-history":[{"count":1,"href":"https:\/\/tecnomerch.com\/index.php\/wp-json\/wp\/v2\/product\/5279\/revisions"}],"predecessor-version":[{"id":5281,"href":"https:\/\/tecnomerch.com\/index.php\/wp-json\/wp\/v2\/product\/5279\/revisions\/5281"}],"wp:featuredmedia":[{"embeddable":true,"href":"https:\/\/tecnomerch.com\/index.php\/wp-json\/wp\/v2\/media\/5280"}],"wp:attachment":[{"href":"https:\/\/tecnomerch.com\/index.php\/wp-json\/wp\/v2\/media?parent=5279"}],"wp:term":[{"taxonomy":"product_cat","embeddable":true,"href":"https:\/\/tecnomerch.com\/index.php\/wp-json\/wp\/v2\/product_cat?post=5279"},{"taxonomy":"product_tag","embeddable":true,"href":"https:\/\/tecnomerch.com\/index.php\/wp-json\/wp\/v2\/product_tag?post=5279"}],"curies":[{"name":"wp","href":"https:\/\/api.w.org\/{rel}","templated":true}]}}