{"id":5266,"date":"2023-11-12T06:38:04","date_gmt":"2023-11-12T06:38:04","guid":{"rendered":"https:\/\/tecnomerch.com\/?post_type=product&#038;p=5266"},"modified":"2023-11-12T06:38:04","modified_gmt":"2023-11-12T06:38:04","slug":"intel-core-i7-13700kf-3-4-ghz-16-nucleos","status":"publish","type":"product","link":"https:\/\/tecnomerch.com\/index.php\/product\/intel-core-i7-13700kf-3-4-ghz-16-nucleos\/","title":{"rendered":"Intel Core i7 13700KF &#8211; 3.4 GHz &#8211; 16 n\u00facleos"},"content":{"rendered":"<div id=\"tabsPanel\">\n<div id=\"tabsDetail\" class=\"notBorderRadius\">\n<div class=\"responsive-tabs-container accordion-xs\">\n<div class=\"tab-content\">\n<div id=\"tabs-1\" class=\"collapse tab-pane fade in active\" role=\"tabpanel\">\n<div class=\"font-bold text-muted dotted-bottom no-margin\">Descripci\u00f3n del producto<\/div>\n<div class=\"font-compact-12\">Estos procesadores potencian los PC de gama alta con un excelente rendimiento de CPU para gr\u00e1ficos de nivel discreto y aceleraci\u00f3n de IA.<\/div>\n<div class=\"clearfix\">\n<div class=\"group-section font-bold\">Caracter\u00edsticas del producto<\/div>\n<div class=\"font-compact-12\">\n<ul>\n<li><strong>Intel Wi-Fi 6 (Gig+)<\/strong><br \/>\nLos PC y las redes inal\u00e1mbricas habilitadas para Intel Wi-Fi 6 (Gig+) ofrecen un avance generacional en el rendimiento Wi-Fi, la gesti\u00f3n del tr\u00e1fico, la latencia mejorada, la prevenci\u00f3n de interferencias y la seguridad mejorada para lograr la mejor conectividad de su clase.<\/li>\n<li><strong>Rendimiento inteligente<\/strong><br \/>\nOptimice el rendimiento del PC para disfrutar de la experiencia que ha estado esperando con las instrucciones de IA integradas en los procesadores Intel Core. Transmita, navegue, edite, chatee por v\u00eddeo o simplemente oc\u00fapese de sus asuntos en casa. Haga lo que haga, conf\u00ede en los procesadores Intel Core para obtener el rendimiento que necesita.<\/li>\n<li><strong>Convierte tu ordenador en un centro de entretenimiento<\/strong><br \/>\nConsiga un centro de entretenimiento incre\u00edble: transmita v\u00eddeos 4K UHD, potencie la realidad virtual y juegue a los juegos m\u00e1s exigentes. Con 4 veces m\u00e1s p\u00edxeles en pantalla que la alta definici\u00f3n tradicional, puedes disfrutar de im\u00e1genes n\u00edtidas y realistas, sombreados complejos y r\u00e1pidas frecuencias de cuadro, todo ello pr\u00e1cticamente sin parpadeos, almacenamiento en b\u00fafer ni retardos. Y prep\u00e1rate para vivir experiencias revolucionarias y envolventes.<\/li>\n<li><strong>Colaboraci\u00f3n<\/strong><br \/>\nMejora tu experiencia de colaboraci\u00f3n con la compatibilidad con funciones de IA, como la cancelaci\u00f3n neural del ruido y el desenfoque de fondo. La conectividad Wi-Fi con Intel Wi-Fi 6 (Gig +) garantiza una conexi\u00f3n sensible y fiable para una conectividad inmersiva.<\/li>\n<\/ul>\n<\/div>\n<\/div>\n<\/div>\n<\/div>\n<\/div>\n<\/div>\n<\/div>\n","protected":false},"excerpt":{"rendered":"<div class=\"font-compact-12 items hidden-xs\">\n<ul>\n<li>24 hilos<\/li>\n<li>30 MB cach\u00e9<\/li>\n<li>LGA1700 Socket<\/li>\n<li>Caja<\/li>\n<\/ul>\n<\/div>\n<div class=\"text-muted font-compact center-xs\">\n<div class=\"text-inline\">Intcomex SKU:\u00a0<span class=\"font-bold\">CP7<\/span><\/div>\n<\/div>\n","protected":false},"featured_media":5267,"comment_status":"open","ping_status":"closed","template":"","meta":{"om_disable_all_campaigns":false,"_mi_skip_tracking":false,"site-sidebar-layout":"default","site-content-layout":"default","ast-global-header-display":"","ast-main-header-display":"","ast-hfb-above-header-display":"","ast-hfb-below-header-display":"","ast-hfb-mobile-header-display":"","site-post-title":"","ast-breadcrumbs-content":"","ast-featured-img":"","footer-sml-layout":"","theme-transparent-header-meta":"default","adv-header-id-meta":"","stick-header-meta":"","header-above-stick-meta":"","header-main-stick-meta":"","header-below-stick-meta":""},"product_cat":[120,86,85],"product_tag":[],"class_list":["post-5266","product","type-product","status-publish","has-post-thumbnail","hentry","product_cat-accesorios-para-computadoras","product_cat-intel","product_cat-procesador","desktop-align-left","tablet-align-left","mobile-align-left"],"aioseo_notices":[],"_links":{"self":[{"href":"https:\/\/tecnomerch.com\/index.php\/wp-json\/wp\/v2\/product\/5266","targetHints":{"allow":["GET"]}}],"collection":[{"href":"https:\/\/tecnomerch.com\/index.php\/wp-json\/wp\/v2\/product"}],"about":[{"href":"https:\/\/tecnomerch.com\/index.php\/wp-json\/wp\/v2\/types\/product"}],"replies":[{"embeddable":true,"href":"https:\/\/tecnomerch.com\/index.php\/wp-json\/wp\/v2\/comments?post=5266"}],"version-history":[{"count":1,"href":"https:\/\/tecnomerch.com\/index.php\/wp-json\/wp\/v2\/product\/5266\/revisions"}],"predecessor-version":[{"id":5268,"href":"https:\/\/tecnomerch.com\/index.php\/wp-json\/wp\/v2\/product\/5266\/revisions\/5268"}],"wp:featuredmedia":[{"embeddable":true,"href":"https:\/\/tecnomerch.com\/index.php\/wp-json\/wp\/v2\/media\/5267"}],"wp:attachment":[{"href":"https:\/\/tecnomerch.com\/index.php\/wp-json\/wp\/v2\/media?parent=5266"}],"wp:term":[{"taxonomy":"product_cat","embeddable":true,"href":"https:\/\/tecnomerch.com\/index.php\/wp-json\/wp\/v2\/product_cat?post=5266"},{"taxonomy":"product_tag","embeddable":true,"href":"https:\/\/tecnomerch.com\/index.php\/wp-json\/wp\/v2\/product_tag?post=5266"}],"curies":[{"name":"wp","href":"https:\/\/api.w.org\/{rel}","templated":true}]}}