{"id":5192,"date":"2023-11-12T05:53:57","date_gmt":"2023-11-12T05:53:57","guid":{"rendered":"https:\/\/tecnomerch.com\/?post_type=product&#038;p=5192"},"modified":"2023-11-12T05:53:57","modified_gmt":"2023-11-12T05:53:57","slug":"hpe-fuente-de-alimentacion-conectable-en-caliente-modulo-de-insercion","status":"publish","type":"product","link":"https:\/\/tecnomerch.com\/index.php\/product\/hpe-fuente-de-alimentacion-conectable-en-caliente-modulo-de-insercion\/","title":{"rendered":"HPE &#8211; Fuente de alimentaci\u00f3n &#8211; conectable en caliente (m\u00f3dulo de inserci\u00f3n)"},"content":{"rendered":"<div class=\"font-bold dotted-bottom no-margin\">General<\/div>\n<div class=\"col-xs-4 font-compact-12 font-bold no-margin no-padding text-muted-41 \">Cantidad empaquetada<\/div>\n<div class=\"col-xs-8 font-compact-12 \">1<\/div>\n<div class=\"separador-down clearfix \"><\/div>\n<div class=\"col-xs-4 font-compact-12 font-bold no-margin no-padding text-muted-41 \">Fabricante<\/div>\n<div class=\"col-xs-8 font-compact-12 \">Hewlett Packard Enterprise<\/div>\n<div class=\"separador-down clearfix \"><\/div>\n<div class=\"col-xs-4 font-compact-12 font-bold no-margin no-padding text-muted-41 \">Gama de productos<\/div>\n<div class=\"col-xs-8 font-compact-12 \">HPE<\/div>\n<div class=\"separador-down clearfix \"><\/div>\n<div class=\"col-xs-4 font-compact-12 font-bold no-margin no-padding text-muted-41 \">Marca<\/div>\n<div class=\"col-xs-8 font-compact-12 \">HPE<\/div>\n<div class=\"separador-down clearfix \"><\/div>\n<div class=\"col-xs-4 font-compact-12 font-bold no-margin no-padding text-muted-41 \">Subcategor\u00eda<\/div>\n<div class=\"col-xs-8 font-compact-12 \">Fuentes de alimentaci\u00f3n<\/div>\n<div class=\"separador-down clearfix \"><\/div>\n<div class=\"col-xs-4 font-compact-12 font-bold no-margin no-padding text-muted-41 \">Tipo de producto<\/div>\n<div class=\"col-xs-8 font-compact-12 \">Fuente de alimentaci\u00f3n &#8211; conectable en caliente<\/div>\n<div class=\"separador-down clearfix \"><\/div>\n<div class=\"font-bold dotted-bottom no-margin\">Dimensiones y peso<\/div>\n<div class=\"col-xs-4 font-compact-12 font-bold no-margin no-padding text-muted-41 \">Altura<\/div>\n<div class=\"col-xs-8 font-compact-12 \">10.16 cm<\/div>\n<div class=\"separador-down clearfix \"><\/div>\n<div class=\"col-xs-4 font-compact-12 font-bold no-margin no-padding text-muted-41 \">Anchura<\/div>\n<div class=\"col-xs-8 font-compact-12 \">20.32 cm<\/div>\n<div class=\"separador-down clearfix \"><\/div>\n<div class=\"col-xs-4 font-compact-12 font-bold no-margin no-padding text-muted-41 \">Peso<\/div>\n<div class=\"col-xs-8 font-compact-12 \">1.81 kg<\/div>\n<div class=\"separador-down clearfix \"><\/div>\n<div class=\"col-xs-4 font-compact-12 font-bold no-margin no-padding text-muted-41 \">Profundidad<\/div>\n<div class=\"col-xs-8 font-compact-12 \">33.02 cm<\/div>\n<div class=\"separador-down clearfix \"><\/div>\n<div class=\"font-bold dotted-bottom no-margin\">Dispositivo de alimentaci\u00f3n<\/div>\n<div class=\"col-xs-4 font-compact-12 font-bold no-margin no-padding text-muted-41 \">Capacidad de alimentaci\u00f3n (VA)<\/div>\n<div class=\"col-xs-8 font-compact-12 \">908 VA<\/div>\n<div class=\"separador-down clearfix \"><\/div>\n<div class=\"col-xs-4 font-compact-12 font-bold no-margin no-padding text-muted-41 \">Certificaci\u00f3n 80 PLUS<\/div>\n<div class=\"col-xs-8 font-compact-12 \">80 PLUS Platinum<\/div>\n<div class=\"separador-down clearfix \"><\/div>\n<div class=\"col-xs-4 font-compact-12 font-bold no-margin no-padding text-muted-41 \">Compatibilidad de fuente de alimentaci\u00f3n<\/div>\n<div class=\"col-xs-8 font-compact-12 \">PC\/Servidor<\/div>\n<div class=\"separador-down clearfix \"><\/div>\n<div class=\"col-xs-4 font-compact-12 font-bold no-margin no-padding text-muted-41 \">Formato<\/div>\n<div class=\"col-xs-8 font-compact-12 \">M\u00f3dulo de inserci\u00f3n<\/div>\n<div class=\"separador-down clearfix \"><\/div>\n<div class=\"col-xs-4 font-compact-12 font-bold no-margin no-padding text-muted-41 \">Potencia suministrada<\/div>\n<div class=\"col-xs-8 font-compact-12 \">800 vatios<\/div>\n<div class=\"separador-down clearfix \"><\/div>\n<div class=\"col-xs-4 font-compact-12 font-bold no-margin no-padding text-muted-41 \">Voltaje necesario<\/div>\n<div class=\"col-xs-8 font-compact-12 \">CA 100-240 V<\/div>\n<div class=\"separador-down clearfix \"><\/div>\n<div class=\"font-bold dotted-bottom no-margin\">Diverso<\/div>\n<div class=\"col-xs-4 font-compact-12 font-bold no-margin no-padding text-muted-41 \">Categor\u00eda de color<\/div>\n<div class=\"col-xs-8 font-compact-12 \">Plata<\/div>\n","protected":false},"excerpt":{"rendered":"<div class=\"font-compact-12 items hidden-xs\">\n<ul>\n<li>Flex Slot<\/li>\n<li>80 PLUS Platinum<\/li>\n<li>CA 100-240 V<\/li>\n<li>800 vatios<\/li>\n<li>908 VA<\/li>\n<\/ul>\n<\/div>\n<div class=\"text-muted font-compact center-xs\">\n<div class=\"text-inline\"><\/div>\n<\/div>\n","protected":false},"featured_media":5193,"comment_status":"open","ping_status":"closed","template":"","meta":{"om_disable_all_campaigns":false,"_mi_skip_tracking":false,"site-sidebar-layout":"default","site-content-layout":"default","ast-global-header-display":"","ast-main-header-display":"","ast-hfb-above-header-display":"","ast-hfb-below-header-display":"","ast-hfb-mobile-header-display":"","site-post-title":"","ast-breadcrumbs-content":"","ast-featured-img":"","footer-sml-layout":"","theme-transparent-header-meta":"default","adv-header-id-meta":"","stick-header-meta":"","header-above-stick-meta":"","header-main-stick-meta":"","header-below-stick-meta":""},"product_cat":[120,141],"product_tag":[],"class_list":["post-5192","product","type-product","status-publish","has-post-thumbnail","hentry","product_cat-accesorios-para-computadoras","product_cat-fuentes-de-poder","desktop-align-left","tablet-align-left","mobile-align-left"],"aioseo_notices":[],"_links":{"self":[{"href":"https:\/\/tecnomerch.com\/index.php\/wp-json\/wp\/v2\/product\/5192","targetHints":{"allow":["GET"]}}],"collection":[{"href":"https:\/\/tecnomerch.com\/index.php\/wp-json\/wp\/v2\/product"}],"about":[{"href":"https:\/\/tecnomerch.com\/index.php\/wp-json\/wp\/v2\/types\/product"}],"replies":[{"embeddable":true,"href":"https:\/\/tecnomerch.com\/index.php\/wp-json\/wp\/v2\/comments?post=5192"}],"version-history":[{"count":1,"href":"https:\/\/tecnomerch.com\/index.php\/wp-json\/wp\/v2\/product\/5192\/revisions"}],"predecessor-version":[{"id":5194,"href":"https:\/\/tecnomerch.com\/index.php\/wp-json\/wp\/v2\/product\/5192\/revisions\/5194"}],"wp:featuredmedia":[{"embeddable":true,"href":"https:\/\/tecnomerch.com\/index.php\/wp-json\/wp\/v2\/media\/5193"}],"wp:attachment":[{"href":"https:\/\/tecnomerch.com\/index.php\/wp-json\/wp\/v2\/media?parent=5192"}],"wp:term":[{"taxonomy":"product_cat","embeddable":true,"href":"https:\/\/tecnomerch.com\/index.php\/wp-json\/wp\/v2\/product_cat?post=5192"},{"taxonomy":"product_tag","embeddable":true,"href":"https:\/\/tecnomerch.com\/index.php\/wp-json\/wp\/v2\/product_tag?post=5192"}],"curies":[{"name":"wp","href":"https:\/\/api.w.org\/{rel}","templated":true}]}}