{"id":5170,"date":"2023-11-12T05:39:31","date_gmt":"2023-11-12T05:39:31","guid":{"rendered":"https:\/\/tecnomerch.com\/?post_type=product&#038;p=5170"},"modified":"2023-11-12T05:39:31","modified_gmt":"2023-11-12T05:39:31","slug":"nzxt-kraken-z63-sistema-de-refrigeracion-liquida-del-procesador-para-lga1156-lga1366-lga1155-lga2011-lga1150-lga2011-3-lga1151-am4-lga2066-trx4-strx4-lga1200","status":"publish","type":"product","link":"https:\/\/tecnomerch.com\/index.php\/product\/nzxt-kraken-z63-sistema-de-refrigeracion-liquida-del-procesador-para-lga1156-lga1366-lga1155-lga2011-lga1150-lga2011-3-lga1151-am4-lga2066-trx4-strx4-lga1200\/","title":{"rendered":"NZXT Kraken Z63 &#8211; Sistema de refrigeraci\u00f3n l\u00edquida del procesador &#8211; (para: LGA1156, LGA1366, LGA1155, LGA2011, LGA1150, LGA2011-3, LGA1151, AM4, LGA2066, TRX4, sTRX4, LGA1200)"},"content":{"rendered":"<div class=\"font-bold text-muted dotted-bottom no-margin\">Descripci\u00f3n del producto<\/div>\n<div class=\"font-compact-12\">La serie Kraken Z le permite personalizar su refrigerador l\u00edquido todo en uno como nunca antes. Puede hacer m\u00e1s que simplemente ajustar la configuraci\u00f3n; ahora puede mostrar sus gifs animados favoritos o la informaci\u00f3n del sistema CAM, lo que permite una personalizaci\u00f3n total. Los ventiladores del radiador est\u00e1n dise\u00f1ados para la perfecci\u00f3n de la refrigeraci\u00f3n l\u00edquida. Con una entrada biselada y cojinetes fluidodin\u00e1micos, ofrecen un funcionamiento silencioso, fiabilidad a largo plazo y un potente rendimiento de refrigeraci\u00f3n.<\/div>\n","protected":false},"excerpt":{"rendered":"<div class=\"font-compact-12 items hidden-xs\">\n<ul>\n<li>aluminio<\/li>\n<li>140 mm<\/li>\n<\/ul>\n<\/div>\n<div class=\"text-muted font-compact center-xs\">\n<div class=\"text-inline\"><\/div>\n<\/div>\n","protected":false},"featured_media":5171,"comment_status":"open","ping_status":"closed","template":"","meta":{"om_disable_all_campaigns":false,"_mi_skip_tracking":false,"site-sidebar-layout":"default","site-content-layout":"default","ast-global-header-display":"","ast-main-header-display":"","ast-hfb-above-header-display":"","ast-hfb-below-header-display":"","ast-hfb-mobile-header-display":"","site-post-title":"","ast-breadcrumbs-content":"","ast-featured-img":"","footer-sml-layout":"","theme-transparent-header-meta":"default","adv-header-id-meta":"","stick-header-meta":"","header-above-stick-meta":"","header-main-stick-meta":"","header-below-stick-meta":""},"product_cat":[120,139],"product_tag":[],"class_list":["post-5170","product","type-product","status-publish","has-post-thumbnail","hentry","product_cat-accesorios-para-computadoras","product_cat-ventiladores-de-computadora","desktop-align-left","tablet-align-left","mobile-align-left"],"aioseo_notices":[],"_links":{"self":[{"href":"https:\/\/tecnomerch.com\/index.php\/wp-json\/wp\/v2\/product\/5170","targetHints":{"allow":["GET"]}}],"collection":[{"href":"https:\/\/tecnomerch.com\/index.php\/wp-json\/wp\/v2\/product"}],"about":[{"href":"https:\/\/tecnomerch.com\/index.php\/wp-json\/wp\/v2\/types\/product"}],"replies":[{"embeddable":true,"href":"https:\/\/tecnomerch.com\/index.php\/wp-json\/wp\/v2\/comments?post=5170"}],"version-history":[{"count":1,"href":"https:\/\/tecnomerch.com\/index.php\/wp-json\/wp\/v2\/product\/5170\/revisions"}],"predecessor-version":[{"id":5172,"href":"https:\/\/tecnomerch.com\/index.php\/wp-json\/wp\/v2\/product\/5170\/revisions\/5172"}],"wp:featuredmedia":[{"embeddable":true,"href":"https:\/\/tecnomerch.com\/index.php\/wp-json\/wp\/v2\/media\/5171"}],"wp:attachment":[{"href":"https:\/\/tecnomerch.com\/index.php\/wp-json\/wp\/v2\/media?parent=5170"}],"wp:term":[{"taxonomy":"product_cat","embeddable":true,"href":"https:\/\/tecnomerch.com\/index.php\/wp-json\/wp\/v2\/product_cat?post=5170"},{"taxonomy":"product_tag","embeddable":true,"href":"https:\/\/tecnomerch.com\/index.php\/wp-json\/wp\/v2\/product_tag?post=5170"}],"curies":[{"name":"wp","href":"https:\/\/api.w.org\/{rel}","templated":true}]}}