{"id":5160,"date":"2023-11-12T05:33:04","date_gmt":"2023-11-12T05:33:04","guid":{"rendered":"https:\/\/tecnomerch.com\/?post_type=product&#038;p=5160"},"modified":"2023-11-12T05:34:31","modified_gmt":"2023-11-12T05:34:31","slug":"dell-disipador-termico-kit-de-cliente","status":"publish","type":"product","link":"https:\/\/tecnomerch.com\/index.php\/product\/dell-disipador-termico-kit-de-cliente\/","title":{"rendered":"Dell &#8211; Disipador t\u00e9rmico &#8211; kit de cliente"},"content":{"rendered":"<div class=\"font-bold dotted-bottom no-margin\">General<\/div>\n<div class=\"col-xs-4 font-compact-12 font-bold no-margin no-padding text-muted-41 \">Cantidad empaquetada<\/div>\n<div class=\"col-xs-8 font-compact-12 \">1<\/div>\n<div class=\"separador-down clearfix \"><\/div>\n<div class=\"col-xs-4 font-compact-12 font-bold no-margin no-padding text-muted-41 \">Fabricante<\/div>\n<div class=\"col-xs-8 font-compact-12 \">Dell<\/div>\n<div class=\"separador-down clearfix \"><\/div>\n<div class=\"col-xs-4 font-compact-12 font-bold no-margin no-padding text-muted-41 \">Gama de productos<\/div>\n<div class=\"col-xs-8 font-compact-12 \">Dell<\/div>\n<div class=\"separador-down clearfix \"><\/div>\n<div class=\"col-xs-4 font-compact-12 font-bold no-margin no-padding text-muted-41 \">Marca<\/div>\n<div class=\"col-xs-8 font-compact-12 \">Dell<\/div>\n<div class=\"separador-down clearfix \"><\/div>\n<div class=\"col-xs-4 font-compact-12 font-bold no-margin no-padding text-muted-41 \">Categor\u00eda de accesorio<\/div>\n<div class=\"col-xs-8 font-compact-12 \">Accesorios para ordenador de sobremesa y servidor , Refrigeraci\u00f3n y ventiladores<\/div>\n<div class=\"separador-down clearfix \"><\/div>\n<div class=\"col-xs-4 font-compact-12 font-bold no-margin no-padding text-muted-41 \">Tipo de producto<\/div>\n<div class=\"col-xs-8 font-compact-12 \">Disipador t\u00e9rmico<\/div>\n<div class=\"separador-down clearfix \"><\/div>\n<div class=\"font-bold dotted-bottom no-margin\">Diverso<\/div>\n<div class=\"col-xs-4 font-compact-12 font-bold no-margin no-padding text-muted-41 \">Caracter\u00edsticas<\/div>\n<div class=\"col-xs-8 font-compact-12 \">High Performance<\/div>\n","protected":false},"excerpt":{"rendered":"<p>General Cantidad empaquetada 1 Fabricante Dell Gama de productos Dell Marca Dell Categor\u00eda de accesorio Accesorios para ordenador de sobremesa y servidor , Refrigeraci\u00f3n y ventiladores Tipo de producto Disipador t\u00e9rmico Diverso Caracter\u00edsticas High Performance<\/p>\n","protected":false},"featured_media":5158,"comment_status":"open","ping_status":"closed","template":"","meta":{"om_disable_all_campaigns":false,"_mi_skip_tracking":false,"site-sidebar-layout":"default","site-content-layout":"default","ast-global-header-display":"","ast-main-header-display":"","ast-hfb-above-header-display":"","ast-hfb-below-header-display":"","ast-hfb-mobile-header-display":"","site-post-title":"","ast-breadcrumbs-content":"","ast-featured-img":"","footer-sml-layout":"","theme-transparent-header-meta":"default","adv-header-id-meta":"","stick-header-meta":"","header-above-stick-meta":"","header-main-stick-meta":"","header-below-stick-meta":""},"product_cat":[120,112],"product_tag":[],"class_list":["post-5160","product","type-product","status-publish","has-post-thumbnail","hentry","product_cat-accesorios-para-computadoras","product_cat-dell","desktop-align-left","tablet-align-left","mobile-align-left"],"aioseo_notices":[],"_links":{"self":[{"href":"https:\/\/tecnomerch.com\/index.php\/wp-json\/wp\/v2\/product\/5160","targetHints":{"allow":["GET"]}}],"collection":[{"href":"https:\/\/tecnomerch.com\/index.php\/wp-json\/wp\/v2\/product"}],"about":[{"href":"https:\/\/tecnomerch.com\/index.php\/wp-json\/wp\/v2\/types\/product"}],"replies":[{"embeddable":true,"href":"https:\/\/tecnomerch.com\/index.php\/wp-json\/wp\/v2\/comments?post=5160"}],"version-history":[{"count":1,"href":"https:\/\/tecnomerch.com\/index.php\/wp-json\/wp\/v2\/product\/5160\/revisions"}],"predecessor-version":[{"id":5161,"href":"https:\/\/tecnomerch.com\/index.php\/wp-json\/wp\/v2\/product\/5160\/revisions\/5161"}],"wp:featuredmedia":[{"embeddable":true,"href":"https:\/\/tecnomerch.com\/index.php\/wp-json\/wp\/v2\/media\/5158"}],"wp:attachment":[{"href":"https:\/\/tecnomerch.com\/index.php\/wp-json\/wp\/v2\/media?parent=5160"}],"wp:term":[{"taxonomy":"product_cat","embeddable":true,"href":"https:\/\/tecnomerch.com\/index.php\/wp-json\/wp\/v2\/product_cat?post=5160"},{"taxonomy":"product_tag","embeddable":true,"href":"https:\/\/tecnomerch.com\/index.php\/wp-json\/wp\/v2\/product_tag?post=5160"}],"curies":[{"name":"wp","href":"https:\/\/api.w.org\/{rel}","templated":true}]}}