{"id":4750,"date":"2023-03-08T16:12:33","date_gmt":"2023-03-08T16:12:33","guid":{"rendered":"https:\/\/tecnomerch.com\/?post_type=product&#038;p=4750"},"modified":"2023-03-08T16:14:53","modified_gmt":"2023-03-08T16:14:53","slug":"mouse-gaming-inalambrico-optico-logitech-g-pro-league-of-legends-lightspeed-25600dpi-8-botones-rgb","status":"publish","type":"product","link":"https:\/\/tecnomerch.com\/index.php\/product\/mouse-gaming-inalambrico-optico-logitech-g-pro-league-of-legends-lightspeed-25600dpi-8-botones-rgb\/","title":{"rendered":"Mouse Gaming Inal\u00e1mbrico \u00d3ptico Logitech G PRO League Of Legends Lightspeed 25600DPI 8 Botones RGB"},"content":{"rendered":"<div class=\"o_not_editable\">\n<p class=\"te_prod_desc\">&#8211; Resoluci\u00f3n de movimiento 100 &#8211; 25600 DPI<br \/>\n&#8211; Velocidad de respuesta 1.000 Hz (1 ms)<br \/>\n&#8211; Sensor HERO\u2122<br \/>\n&#8211; Microprocesador 32 bits ARM<br \/>\n&#8211; Receptor USB LIGHTSPEED<br \/>\n&#8211; Rueda de desplazamiento<br \/>\n&#8211; 8 Botones (4 botones opcionales)<br \/>\n&#8211; Duraci\u00f3n de bater\u00eda hasta 48 horas (60 sin iluminaci\u00f3n)<br \/>\n&#8211; Peso 80g<br \/>\n&#8211; Compatible con Windows\u00ae 7+, macOS 10.11+, Chrome OS\u2122<\/p>\n<\/div>\n<div class=\"timer_data\">\n<div class=\"timer_input\"><\/div>\n<\/div>\n<div class=\"te_display_end_date\"><\/div>\n<form action=\"https:\/\/www.mytec.com.gt\/shop\/cart\/update\" method=\"POST\">\n<p class=\"mt-3\"><strong>910-006450<\/strong><\/p>\n<p class=\"mt-3\">Garant\u00eda:\u00a012\u00a0meses<\/p>\n<\/form>\n","protected":false},"excerpt":{"rendered":"<p>&#8211; Resoluci\u00f3n de movimiento 100 &#8211; 25600 DPI &#8211; Velocidad de respuesta 1.000 Hz (1 ms) &#8211; Sensor HERO\u2122 &#8211; Microprocesador 32 bits ARM &#8211; Receptor USB LIGHTSPEED &#8211; Rueda de desplazamiento &#8211; 8 Botones (4 botones opcionales) &#8211; Duraci\u00f3n de bater\u00eda hasta 48 horas (60 sin iluminaci\u00f3n) &#8211; Peso 80g &#8211; Compatible con Windows\u00ae &hellip;<\/p>\n<p class=\"read-more\"> <a class=\"\" href=\"https:\/\/tecnomerch.com\/index.php\/product\/mouse-gaming-inalambrico-optico-logitech-g-pro-league-of-legends-lightspeed-25600dpi-8-botones-rgb\/\"> <span class=\"screen-reader-text\">Mouse Gaming Inal\u00e1mbrico \u00d3ptico Logitech G PRO League Of Legends Lightspeed 25600DPI 8 Botones RGB<\/span> Leer m\u00e1s &raquo;<\/a><\/p>\n","protected":false},"featured_media":4754,"comment_status":"open","ping_status":"closed","template":"","meta":{"om_disable_all_campaigns":false,"_mi_skip_tracking":false,"site-sidebar-layout":"default","site-content-layout":"default","ast-global-header-display":"","ast-main-header-display":"","ast-hfb-above-header-display":"","ast-hfb-below-header-display":"","ast-hfb-mobile-header-display":"","site-post-title":"","ast-breadcrumbs-content":"","ast-featured-img":"","footer-sml-layout":"","theme-transparent-header-meta":"default","adv-header-id-meta":"","stick-header-meta":"","header-above-stick-meta":"","header-main-stick-meta":"","header-below-stick-meta":""},"product_cat":[115],"product_tag":[],"class_list":["post-4750","product","type-product","status-publish","has-post-thumbnail","hentry","product_cat-mouse","desktop-align-left","tablet-align-left","mobile-align-left"],"aioseo_notices":[],"_links":{"self":[{"href":"https:\/\/tecnomerch.com\/index.php\/wp-json\/wp\/v2\/product\/4750","targetHints":{"allow":["GET"]}}],"collection":[{"href":"https:\/\/tecnomerch.com\/index.php\/wp-json\/wp\/v2\/product"}],"about":[{"href":"https:\/\/tecnomerch.com\/index.php\/wp-json\/wp\/v2\/types\/product"}],"replies":[{"embeddable":true,"href":"https:\/\/tecnomerch.com\/index.php\/wp-json\/wp\/v2\/comments?post=4750"}],"version-history":[{"count":1,"href":"https:\/\/tecnomerch.com\/index.php\/wp-json\/wp\/v2\/product\/4750\/revisions"}],"predecessor-version":[{"id":4755,"href":"https:\/\/tecnomerch.com\/index.php\/wp-json\/wp\/v2\/product\/4750\/revisions\/4755"}],"wp:featuredmedia":[{"embeddable":true,"href":"https:\/\/tecnomerch.com\/index.php\/wp-json\/wp\/v2\/media\/4754"}],"wp:attachment":[{"href":"https:\/\/tecnomerch.com\/index.php\/wp-json\/wp\/v2\/media?parent=4750"}],"wp:term":[{"taxonomy":"product_cat","embeddable":true,"href":"https:\/\/tecnomerch.com\/index.php\/wp-json\/wp\/v2\/product_cat?post=4750"},{"taxonomy":"product_tag","embeddable":true,"href":"https:\/\/tecnomerch.com\/index.php\/wp-json\/wp\/v2\/product_tag?post=4750"}],"curies":[{"name":"wp","href":"https:\/\/api.w.org\/{rel}","templated":true}]}}